04:59:11.807 T:3639599968   DEBUG: AddOnLog: Tvheadend HTSP Client: pvr.hts - demux pkt idx 3:3 type _ pts 30141510244.000000 len 139
3633
04:59:11.807 T:3639599968   DEBUG: AddOnLog: Tvheadend HTSP Client: pvr.hts - receive message [muxpkt]
3634
04:59:11.807 T:3639599968   DEBUG: AddOnLog: Tvheadend HTSP Client: pvr.hts - demux pkt idx 3:3 type _ pts 30141530244.000000 len 139
3635
04:59:11.807 T:3639599968   DEBUG: AddOnLog: Tvheadend HTSP Client: pvr.hts - receive message [muxpkt]
3636
04:59:11.807 T:3639599968   DEBUG: AddOnLog: Tvheadend HTSP Client: pvr.hts - demux pkt idx 3:3 type _ pts 30141550244.000000 len 139
3637
04:59:11.808 T:3639599968   DEBUG: AddOnLog: Tvheadend HTSP Client: pvr.hts - receive message [muxpkt]
3638
04:59:11.808 T:3639599968   DEBUG: AddOnLog: Tvheadend HTSP Client: pvr.hts - demux pkt idx 3:3 type _ pts 30141570244.000000 len 139
3639
04:59:11.808 T:3639599968   DEBUG: AddOnLog: Tvheadend HTSP Client: pvr.hts - receive message [muxpkt]
3640
04:59:11.808 T:3639599968   DEBUG: AddOnLog: Tvheadend HTSP Client: pvr.hts - demux pkt idx 2:2 type _ pts 30141480000.000000 len 576
3641
04:59:11.808 T:3639599968   DEBUG: AddOnLog: Tvheadend HTSP Client: pvr.hts - receive message [muxpkt]
3642
04:59:11.808 T:3639599968   DEBUG: AddOnLog: Tvheadend HTSP Client: pvr.hts - demux pkt idx 2:2 type _ pts 30141504000.000000 len 576
3643
04:59:11.808 T:3639599968   DEBUG: AddOnLog: Tvheadend HTSP Client: pvr.hts - receive message [muxpkt]
3644
04:59:11.809 T:3639599968   DEBUG: AddOnLog: Tvheadend HTSP Client: pvr.hts - demux pkt idx 2:2 type _ pts 30141528000.000000 len 576
3645
04:59:11.809 T:3639599968   DEBUG: AddOnLog: Tvheadend HTSP Client: pvr.hts - receive message [muxpkt]
3646
04:59:11.809 T:3639599968   DEBUG: AddOnLog: Tvheadend HTSP Client: pvr.hts - demux pkt idx 2:2 type _ pts 30141552000.000000 len 576
3647
04:59:11.809 T:3639599968   DEBUG: AddOnLog: Tvheadend HTSP Client: pvr.hts - receive message [muxpkt]
3648
04:59:11.809 T:3639599968   DEBUG: AddOnLog: Tvheadend HTSP Client: pvr.hts - demux pkt idx 2:2 type _ pts 30141576000.000000 len 576
3649
04:59:11.809 T:3639599968   DEBUG: AddOnLog: Tvheadend HTSP Client: pvr.hts - receive message [muxpkt]
3650
04:59:11.809 T:3639599968   DEBUG: AddOnLog: Tvheadend HTSP Client: pvr.hts - demux pkt idx 3:3 type _ pts 30141590244.000000 len 139
3651
04:59:11.809 T:3639599968   DEBUG: AddOnLog: Tvheadend HTSP Client: pvr.hts - receive message [muxpkt]
3652
04:59:11.809 T:3639599968   DEBUG: AddOnLog: Tvheadend HTSP Client: pvr.hts - demux pkt idx 3:3 type _ pts 30141610244.000000 len 139
3653
04:59:11.809 T:3639599968   DEBUG: AddOnLog: Tvheadend HTSP Client: pvr.hts - receive message [muxpkt]
3654
04:59:11.809 T:3639599968   DEBUG: AddOnLog: Tvheadend HTSP Client: pvr.hts - demux pkt idx 3:3 type _ pts 30141630244.000000 len 139
3655
04:59:11.810 T:3639599968   DEBUG: AddOnLog: Tvheadend HTSP Client: pvr.hts - receive message [muxpkt]
3656
04:59:11.810 T:3639599968   DEBUG: AddOnLog: Tvheadend HTSP Client: pvr.hts - demux pkt idx 3:3 type _ pts 30141650244.000000 len 139
3657
04:59:11.810 T:3639599968   DEBUG: AddOnLog: Tvheadend HTSP Client: pvr.hts - receive message [muxpkt]
3658
04:59:11.810 T:3639599968   DEBUG: AddOnLog: Tvheadend HTSP Client: pvr.hts - demux pkt idx 3:3 type _ pts 30141670244.000000 len 139
3659
04:59:11.816 T:3481863008   DEBUG: CAMLCodec::Decode: ret: 0, sz: 0, dts_in: 18442240474082.1797[2A7A], pts_in: 18442240474082.1797[2A7A], adj:2147483648, ptsOut:23859.6914, amlpts:2147372121, idx:6013741, timesize:1.0000, drain: 0
3660
04:59:11.913 T:3639599968   DEBUG: Previous line repeats 9 times.
3661
04:59:11.921 T:3639599968   DEBUG: AddOnLog: Tvheadend HTSP Client: pvr.hts - receive message [muxpkt]
3662
04:59:11.921 T:3481863008   DEBUG: CAMLCodec::Decode: ret: 0, sz: 0, dts_in: 18442240474082.1797[2A7A], pts_in: 18442240474082.1797[2A7A], adj:2147483648, ptsOut:23859.6914, amlpts:2147372121, idx:6013741, timesize:1.0000, drain: 0
3663
04:59:11.945 T:3639599968   DEBUG: Previous line repeats 2 times.
3664
04:59:11.945 T:3639599968   DEBUG: AddOnLog: Tvheadend HTSP Client: pvr.hts - demux pkt idx 3:3 type _ pts 30141690244.000000 len 139
3665
04:59:11.946 T:3639599968   DEBUG: AddOnLog: Tvheadend HTSP Client: pvr.hts - receive message [muxpkt]
3666
04:59:11.946 T:3639599968   DEBUG: AddOnLog: Tvheadend HTSP Client: pvr.hts - demux pkt idx 2:2 type _ pts 30141600000.000000 len 576
3667
04:59:11.946 T:3639599968   DEBUG: AddOnLog: Tvheadend HTSP Client: pvr.hts - receive message [muxpkt]
3668
04:59:11.946 T:3639599968   DEBUG: AddOnLog: Tvheadend HTSP Client: pvr.hts - demux pkt idx 2:2 type _ pts 30141624000.000000 len 576
3669
04:59:11.946 T:3639599968   DEBUG: AddOnLog: Tvheadend HTSP Client: pvr.hts - receive message [muxpkt]
3670
04:59:11.946 T:3639599968   DEBUG: AddOnLog: Tvheadend HTSP Client: pvr.hts - demux pkt idx 2:2 type _ pts 30141648000.000000 len 576
3671
04:59:11.946 T:3639599968   DEBUG: AddOnLog: Tvheadend HTSP Client: pvr.hts - receive message [muxpkt]
3672
04:59:11.946 T:3639599968   DEBUG: AddOnLog: Tvheadend HTSP Client: pvr.hts - demux pkt idx 2:2 type _ pts 30141672000.000000 len 576
3673
04:59:11.946 T:3639599968   DEBUG: AddOnLog: Tvheadend HTSP Client: pvr.hts - receive message [muxpkt]
3674
04:59:11.946 T:3639599968   DEBUG: AddOnLog: Tvheadend HTSP Client: pvr.hts - demux pkt idx 2:2 type _ pts 30141696000.000000 len 576
3675
04:59:11.947 T:3639599968   DEBUG: AddOnLog: Tvheadend HTSP Client: pvr.hts - receive message [muxpkt]
3676
04:59:11.947 T:3639599968   DEBUG: AddOnLog: Tvheadend HTSP Client: pvr.hts - demux pkt idx 3:3 type _ pts 30141710244.000000 len 139
3677
04:59:11.947 T:3639599968   DEBUG: AddOnLog: Tvheadend HTSP Client: pvr.hts - receive message [muxpkt]
3678
04:59:11.947 T:3639599968   DEBUG: AddOnLog: Tvheadend HTSP Client: pvr.hts - demux pkt idx 3:3 type _ pts 30141730244.000000 len 139
3679
04:59:11.947 T:3639599968   DEBUG: AddOnLog: Tvheadend HTSP Client: pvr.hts - receive message [muxpkt]
3680
04:59:11.947 T:3639599968   DEBUG: AddOnLog: Tvheadend HTSP Client: pvr.hts - demux pkt idx 3:3 type _ pts 30141750244.000000 len 139
3681
04:59:11.947 T:3639599968   DEBUG: AddOnLog: Tvheadend HTSP Client: pvr.hts - receive message [muxpkt]
3682
04:59:11.947 T:3639599968   DEBUG: AddOnLog: Tvheadend HTSP Client: pvr.hts - demux pkt idx 3:3 type _ pts 30141770244.000000 len 139
3683
04:59:11.947 T:3639599968   DEBUG: AddOnLog: Tvheadend HTSP Client: pvr.hts - receive message [muxpkt]
3684
04:59:11.947 T:3639599968   DEBUG: AddOnLog: Tvheadend HTSP Client: pvr.hts - demux pkt idx 3:3 type _ pts 30141790244.000000 len 139
3685
04:59:11.947 T:3639599968   DEBUG: AddOnLog: Tvheadend HTSP Client: pvr.hts - receive message [muxpkt]
3686
04:59:11.947 T:3639599968   DEBUG: AddOnLog: Tvheadend HTSP Client: pvr.hts - demux pkt idx 3:3 type _ pts 30141810244.000000 len 139
3687
04:59:11.948 T:3639599968   DEBUG: AddOnLog: Tvheadend HTSP Client: pvr.hts - receive message [muxpkt]
3688
04:59:11.948 T:3639599968   DEBUG: AddOnLog: Tvheadend HTSP Client: pvr.hts - demux pkt idx 2:2 type _ pts 30141720000.000000 len 576
3689
04:59:11.948 T:3639599968   DEBUG: AddOnLog: Tvheadend HTSP Client: pvr.hts - receive message [muxpkt]
3690
04:59:11.948 T:3639599968   DEBUG: AddOnLog: Tvheadend HTSP Client: pvr.hts - demux pkt idx 2:2 type _ pts 30141744000.000000 len 576
3691
04:59:11.948 T:3639599968   DEBUG: AddOnLog: Tvheadend HTSP Client: pvr.hts - receive message [muxpkt]
3692
04:59:11.948 T:3639599968   DEBUG: AddOnLog: Tvheadend HTSP Client: pvr.hts - demux pkt idx 2:2 type _ pts 30141768000.000000 len 576
3693
04:59:11.948 T:3639599968   DEBUG: AddOnLog: Tvheadend HTSP Client: pvr.hts - receive message [muxpkt]
3694
04:59:11.948 T:3639599968   DEBUG: AddOnLog: Tvheadend HTSP Client: pvr.hts - demux pkt idx 2:2 type _ pts 30141792000.000000 len 576
3695
04:59:11.949 T:3639599968   DEBUG: AddOnLog: Tvheadend HTSP Client: pvr.hts - receive message [muxpkt]
3696
04:59:11.949 T:3639599968   DEBUG: AddOnLog: Tvheadend HTSP Client: pvr.hts - demux pkt idx 2:2 type _ pts 30141816000.000000 len 576
3697
04:59:11.949 T:3639599968   DEBUG: AddOnLog: Tvheadend HTSP Client: pvr.hts - receive message [muxpkt]
3698
04:59:11.949 T:3639599968   DEBUG: AddOnLog: Tvheadend HTSP Client: pvr.hts - demux pkt idx 3:3 type _ pts 30141830244.000000 len 139
3699
04:59:11.949 T:3639599968   DEBUG: AddOnLog: Tvheadend HTSP Client: pvr.hts - receive message [muxpkt]
3700
04:59:11.949 T:3639599968   DEBUG: AddOnLog: Tvheadend HTSP Client: pvr.hts - demux pkt idx 3:3 type _ pts 30141850244.000000 len 139
3701
04:59:11.949 T:3639599968   DEBUG: AddOnLog: Tvheadend HTSP Client: pvr.hts - receive message [muxpkt]
3702
04:59:11.949 T:3639599968   DEBUG: AddOnLog: Tvheadend HTSP Client: pvr.hts - demux pkt idx 3:3 type _ pts 30141870244.000000 len 139
3703
04:59:11.949 T:3639599968   DEBUG: AddOnLog: Tvheadend HTSP Client: pvr.hts - receive message [muxpkt]
3704
04:59:11.949 T:3639599968   DEBUG: AddOnLog: Tvheadend HTSP Client: pvr.hts - demux pkt idx 3:3 type _ pts 30141890244.000000 len 139
3705
04:59:11.949 T:3639599968   DEBUG: AddOnLog: Tvheadend HTSP Client: pvr.hts - receive message [muxpkt]
3706
04:59:11.949 T:3639599968   DEBUG: AddOnLog: Tvheadend HTSP Client: pvr.hts - demux pkt idx 3:3 type _ pts 30141910244.000000 len 139
3707
04:59:11.950 T:3639599968   DEBUG: AddOnLog: Tvheadend HTSP Client: pvr.hts - receive message [muxpkt]
3708
04:59:11.950 T:3639599968   DEBUG: AddOnLog: Tvheadend HTSP Client: pvr.hts - demux pkt idx 3:3 type _ pts 30141930244.000000 len 139
3709
04:59:11.950 T:3639599968   DEBUG: AddOnLog: Tvheadend HTSP Client: pvr.hts - receive message [muxpkt]
3710
04:59:11.950 T:3639599968   DEBUG: AddOnLog: Tvheadend HTSP Client: pvr.hts - demux pkt idx 2:2 type _ pts 30141840000.000000 len 576
3711
04:59:11.950 T:3639599968   DEBUG: AddOnLog: Tvheadend HTSP Client: pvr.hts - receive message [muxpkt]
3712
04:59:11.950 T:3639599968   DEBUG: AddOnLog: Tvheadend HTSP Client: pvr.hts - demux pkt idx 2:2 type _ pts 30141864000.000000 len 576
3713
04:59:11.950 T:3639599968   DEBUG: AddOnLog: Tvheadend HTSP Client: pvr.hts - receive message [muxpkt]
3714
04:59:11.950 T:3639599968   DEBUG: AddOnLog: Tvheadend HTSP Client: pvr.hts - demux pkt idx 2:2 type _ pts 30141888000.000000 len 576
3715
04:59:11.950 T:3639599968   DEBUG: AddOnLog: Tvheadend HTSP Client: pvr.hts - receive message [muxpkt]
3716
04:59:11.950 T:3639599968   DEBUG: AddOnLog: Tvheadend HTSP Client: pvr.hts - demux pkt idx 2:2 type _ pts 30141912000.000000 len 576
3717
04:59:11.950 T:3639599968   DEBUG: AddOnLog: Tvheadend HTSP Client: pvr.hts - receive message [muxpkt]
3718
04:59:11.950 T:3639599968   DEBUG: AddOnLog: Tvheadend HTSP Client: pvr.hts - demux pkt idx 2:2 type _ pts 30141936000.000000 len 576
3719
04:59:11.951 T:3639599968   DEBUG: AddOnLog: Tvheadend HTSP Client: pvr.hts - receive message [muxpkt]
3720
04:59:11.951 T:3639599968   DEBUG: AddOnLog: Tvheadend HTSP Client: pvr.hts - demux pkt idx 3:3 type _ pts 30141950244.000000 len 139
3721
04:59:11.951 T:3639599968   DEBUG: AddOnLog: Tvheadend HTSP Client: pvr.hts - receive message [muxpkt]
3722
04:59:11.951 T:3639599968   DEBUG: AddOnLog: Tvheadend HTSP Client: pvr.hts - demux pkt idx 3:3 type _ pts 30141970244.000000 len 139
3723
04:59:11.951 T:3639599968   DEBUG: AddOnLog: Tvheadend HTSP Client: pvr.hts - receive message [timeshiftStatus]
3724
04:59:11.951 T:3639599968   DEBUG: AddOnLog: Tvheadend HTSP Client: pvr.hts - timeshiftStatus:
3725
04:59:11.951 T:3639599968   DEBUG: AddOnLog: Tvheadend HTSP Client: pvr.hts -   full  : 0
3726
04:59:11.951 T:3639599968   DEBUG: AddOnLog: Tvheadend HTSP Client: pvr.hts -   shift : 0
3727
04:59:11.951 T:3639599968   DEBUG: AddOnLog: Tvheadend HTSP Client: pvr.hts -   start : 26460930233
3728
04:59:11.951 T:3639599968   DEBUG: AddOnLog: Tvheadend HTSP Client: pvr.hts -   end   : 30142410233
3729
04:59:11.951 T:3639599968   DEBUG: AddOnLog: Tvheadend HTSP Client: pvr.hts - receive message [muxpkt]
3730
04:59:11.951 T:3639599968   DEBUG: AddOnLog: Tvheadend HTSP Client: pvr.hts - demux pkt idx 3:3 type _ pts 30141990244.000000 len 139
3731
04:59:11.951 T:3639599968   DEBUG: AddOnLog: Tvheadend HTSP Client: pvr.hts - receive message [muxpkt]
3732
04:59:11.951 T:3639599968   DEBUG: AddOnLog: Tvheadend HTSP Client: pvr.hts - demux pkt idx 3:3 type _ pts 30142010244.000000 len 139
3733
04:59:11.951 T:3639599968   DEBUG: AddOnLog: Tvheadend HTSP Client: pvr.hts - receive message [muxpkt]
3734
04:59:11.952 T:3639599968   DEBUG: AddOnLog: Tvheadend HTSP Client: pvr.hts - demux pkt idx 3:3 type _ pts 30142030244.000000 len 139
3735
04:59:11.952 T:3639599968   DEBUG: AddOnLog: Tvheadend HTSP Client: pvr.hts - receive message [muxpkt]
3736
04:59:11.952 T:3639599968   DEBUG: AddOnLog: Tvheadend HTSP Client: pvr.hts - demux pkt idx 3:3 type _ pts 30142050244.000000 len 139
3737
04:59:11.952 T:3639599968   DEBUG: AddOnLog: Tvheadend HTSP Client: pvr.hts - receive message [muxpkt]
3738
04:59:11.952 T:3639599968   DEBUG: AddOnLog: Tvheadend HTSP Client: pvr.hts - demux pkt idx 2:2 type _ pts 30141960000.000000 len 576
3739
04:59:11.952 T:3639599968   DEBUG: AddOnLog: Tvheadend HTSP Client: pvr.hts - receive message [muxpkt]
3740
04:59:11.952 T:3639599968   DEBUG: AddOnLog: Tvheadend HTSP Client: pvr.hts - demux pkt idx 2:2 type _ pts 30141984000.000000 len 576
3741
04:59:11.952 T:3481863008   DEBUG: CAMLCodec::Decode: ret: 0, sz: 0, dts_in: 18442240474082.1797[2A7A], pts_in: 18442240474082.1797[2A7A], adj:2147483648, ptsOut:23859.6914, amlpts:2147372121, idx:6013741, timesize:1.0000, drain: 0
3742
04:59:11.953 T:3639599968   DEBUG: AddOnLog: Tvheadend HTSP Client: pvr.hts - receive message [muxpkt]
3743
04:59:11.953 T:3639599968   DEBUG: AddOnLog: Tvheadend HTSP Client: pvr.hts - demux pkt idx 2:2 type _ pts 30142008000.000000 len 576
3744
04:59:11.953 T:3639599968   DEBUG: AddOnLog: Tvheadend HTSP Client: pvr.hts - receive message [muxpkt]
3745
04:59:11.953 T:3639599968   DEBUG: AddOnLog: Tvheadend HTSP Client: pvr.hts - demux pkt idx 2:2 type _ pts 30142032000.000000 len 576
3746
04:59:11.953 T:3639599968   DEBUG: AddOnLog: Tvheadend HTSP Client: pvr.hts - receive message [muxpkt]
3747
04:59:11.953 T:3639599968   DEBUG: AddOnLog: Tvheadend HTSP Client: pvr.hts - demux pkt idx 2:2 type _ pts 30142056000.000000 len 576
3748
04:59:11.953 T:3639599968   DEBUG: AddOnLog: Tvheadend HTSP Client: pvr.hts - receive message [muxpkt]
3749
04:59:11.953 T:3639599968   DEBUG: AddOnLog: Tvheadend HTSP Client: pvr.hts - demux pkt idx 3:3 type _ pts 30142070244.000000 len 139
3750
04:59:11.953 T:3639599968   DEBUG: AddOnLog: Tvheadend HTSP Client: pvr.hts - receive message [muxpkt]
3751
04:59:11.953 T:3639599968   DEBUG: AddOnLog: Tvheadend HTSP Client: pvr.hts - demux pkt idx 3:3 type _ pts 30142090244.000000 len 139
3752
04:59:11.963 T:3481863008   DEBUG: CAMLCodec::Decode: ret: 0, sz: 0, dts_in: 18442240474082.1797[2A7A], pts_in: 18442240474082.1797[2A7A], adj:2147483648, ptsOut:23859.6914, amlpts:2147372121, idx:6013741, timesize:1.0000, drain: 0
3753
04:59:13.451 T:3639599968   DEBUG: Previous line repeats 143 times.
3754
04:59:13.468 T:3639599968   DEBUG: AddOnLog: Tvheadend HTSP Client: pvr.hts - receive message [muxpkt]
3755
04:59:13.468 T:3481863008   DEBUG: CAMLCodec::Decode: ret: 0, sz: 0, dts_in: 18442240474082.1797[2A7A], pts_in: 18442240474082.1797[2A7A], adj:2147483648, ptsOut:23859.6914, amlpts:2147372121, idx:6013741, timesize:1.0000, drain: 0
3756
04:59:13.540 T:3639599968   DEBUG: Previous line repeats 6 times.
3757
04:59:13.540 T:3639599968   DEBUG: AddOnLog: Tvheadend HTSP Client: pvr.hts - demux pkt idx 1:1 type I pts 30142530244.000000 len 31685
3758
04:59:13.547 T:3481863008   DEBUG: CAMLCodec::Decode: ret: 0, sz: 0, dts_in: 18442240474082.1797[2A7A], pts_in: 18442240474082.1797[2A7A], adj:2147483648, ptsOut:23859.6914, amlpts:2147372121, idx:6013741, timesize:1.0000, drain: 0
3759
04:59:13.547 T:3639599968   DEBUG: AddOnLog: Tvheadend HTSP Client: pvr.hts - receive message [queueStatus]
3760
04:59:13.548 T:3639599968   DEBUG: AddOnLog: Tvheadend HTSP Client: pvr.hts - stream stats:
3761
04:59:13.548 T:3639599968   DEBUG: AddOnLog: Tvheadend HTSP Client: pvr.hts -   idx:1 num:720974
3762
04:59:13.548 T:3639599968   DEBUG: AddOnLog: Tvheadend HTSP Client: pvr.hts -   idx:2 num:1255809
3763
04:59:13.548 T:3639599968   DEBUG: AddOnLog: Tvheadend HTSP Client: pvr.hts -   idx:3 num:1507047
3764
04:59:13.548 T:3639599968   DEBUG: AddOnLog: Tvheadend HTSP Client: pvr.hts -   idx:4 num:7499
3765
04:59:13.549 T:3639599968   DEBUG: AddOnLog: Tvheadend HTSP Client: pvr.hts - queue stats:
3766
04:59:13.549 T:3639599968   DEBUG: AddOnLog: Tvheadend HTSP Client: pvr.hts -   pkts  13425
3767
04:59:13.549 T:3639599968   DEBUG: AddOnLog: Tvheadend HTSP Client: pvr.hts -   bytes 6071203
3768
04:59:13.549 T:3639599968   DEBUG: AddOnLog: Tvheadend HTSP Client: pvr.hts -   delay 144170244
3769
04:59:13.549 T:3639599968   DEBUG: AddOnLog: Tvheadend HTSP Client: pvr.hts -   Idrop 511
3770
04:59:13.549 T:3639599968   DEBUG: AddOnLog: Tvheadend HTSP Client: pvr.hts -   Pdrop 10547
3771
04:59:13.549 T:3639599968   DEBUG: AddOnLog: Tvheadend HTSP Client: pvr.hts -   Bdrop 25005
3772
04:59:13.549 T:3639599968   DEBUG: AddOnLog: Tvheadend HTSP Client: pvr.hts - receive message [signalStatus]
3773
04:59:13.549 T:3639599968   DEBUG: AddOnLog: Tvheadend HTSP Client: pvr.hts - signalStatus:
3774
04:59:13.549 T:3639599968   DEBUG: AddOnLog: Tvheadend HTSP Client: pvr.hts -   status : GOOD
3775
04:59:13.549 T:3639599968   DEBUG: AddOnLog: Tvheadend HTSP Client: pvr.hts -   ber    : 0
3776
04:59:13.549 T:3639599968   DEBUG: AddOnLog: Tvheadend HTSP Client: pvr.hts -   unc    : 0
3777
04:59:13.549 T:3639599968   DEBUG: AddOnLog: Tvheadend HTSP Client: pvr.hts - receive message [signalStatus]
3778
04:59:13.549 T:3639599968   DEBUG: AddOnLog: Tvheadend HTSP Client: pvr.hts - signalStatus:
3779
04:59:13.549 T:3639599968   DEBUG: AddOnLog: Tvheadend HTSP Client: pvr.hts -   status : GOOD
3780
04:59:13.549 T:3639599968   DEBUG: AddOnLog: Tvheadend HTSP Client: pvr.hts -   ber    : 0
3781
04:59:13.550 T:3639599968   DEBUG: AddOnLog: Tvheadend HTSP Client: pvr.hts -   unc    : 0
3782
04:59:13.550 T:3639599968   DEBUG: AddOnLog: Tvheadend HTSP Client: pvr.hts - receive message [queueStatus]
3783
04:59:13.550 T:3639599968   DEBUG: AddOnLog: Tvheadend HTSP Client: pvr.hts - stream stats:
3784
04:59:13.550 T:3639599968   DEBUG: AddOnLog: Tvheadend HTSP Client: pvr.hts -   idx:1 num:720974
3785
04:59:13.550 T:3639599968   DEBUG: AddOnLog: Tvheadend HTSP Client: pvr.hts -   idx:2 num:1255809
3786
04:59:13.550 T:3639599968   DEBUG: AddOnLog: Tvheadend HTSP Client: pvr.hts -   idx:3 num:1507047
3787
04:59:13.550 T:3639599968   DEBUG: AddOnLog: Tvheadend HTSP Client: pvr.hts -   idx:4 num:7499
3788
04:59:13.550 T:3639599968   DEBUG: AddOnLog: Tvheadend HTSP Client: pvr.hts - queue stats:
3789
04:59:13.550 T:3639599968   DEBUG: AddOnLog: Tvheadend HTSP Client: pvr.hts -   pkts  13648
3790
04:59:13.550 T:3639599968   DEBUG: AddOnLog: Tvheadend HTSP Client: pvr.hts -   bytes 6145622
3791
04:59:13.550 T:3639599968   DEBUG: AddOnLog: Tvheadend HTSP Client: pvr.hts -   delay 146590244
3792
04:59:13.550 T:3639599968   DEBUG: AddOnLog: Tvheadend HTSP Client: pvr.hts -   Idrop 513
3793
04:59:13.550 T:3639599968   DEBUG: AddOnLog: Tvheadend HTSP Client: pvr.hts -   Pdrop 10566
3794
04:59:13.550 T:3639599968   DEBUG: AddOnLog: Tvheadend HTSP Client: pvr.hts -   Bdrop 25046
3795
04:59:13.550 T:3639599968   DEBUG: AddOnLog: Tvheadend HTSP Client: pvr.hts - receive message [muxpkt]
3796
04:59:13.551 T:3639599968   DEBUG: AddOnLog: Tvheadend HTSP Client: pvr.hts - demux pkt idx 3:3 type _ pts 30142110244.000000 len 139
3797
04:59:13.551 T:3639599968   DEBUG: AddOnLog: Tvheadend HTSP Client: pvr.hts - receive message [muxpkt]
3798
04:59:13.551 T:3639599968   DEBUG: AddOnLog: Tvheadend HTSP Client: pvr.hts - demux pkt idx 3:3 type _ pts 30142130244.000000 len 139
3799
04:59:13.551 T:3639599968   DEBUG: AddOnLog: Tvheadend HTSP Client: pvr.hts - receive message [muxpkt]
3800
04:59:13.551 T:3639599968   DEBUG: AddOnLog: Tvheadend HTSP Client: pvr.hts - demux pkt idx 3:3 type _ pts 30142150244.000000 len 139
3801
04:59:13.551 T:3639599968   DEBUG: AddOnLog: Tvheadend HTSP Client: pvr.hts - receive message [muxpkt]
3802
04:59:13.551 T:3639599968   DEBUG: AddOnLog: Tvheadend HTSP Client: pvr.hts - demux pkt idx 3:3 type _ pts 30142170244.000000 len 139
3803
04:59:13.551 T:3639599968   DEBUG: AddOnLog: Tvheadend HTSP Client: pvr.hts - receive message [muxpkt]
3804
04:59:13.551 T:3639599968   DEBUG: AddOnLog: Tvheadend HTSP Client: pvr.hts - demux pkt idx 2:2 type _ pts 30142080000.000000 len 576
3805
04:59:13.552 T:3639599968   DEBUG: AddOnLog: Tvheadend HTSP Client: pvr.hts - receive message [muxpkt]
3806
04:59:13.552 T:3639599968   DEBUG: AddOnLog: Tvheadend HTSP Client: pvr.hts - demux pkt idx 2:2 type _ pts 30142104000.000000 len 576
3807
04:59:13.552 T:3639599968   DEBUG: AddOnLog: Tvheadend HTSP Client: pvr.hts - receive message [muxpkt]
3808
04:59:13.552 T:3639599968   DEBUG: AddOnLog: Tvheadend HTSP Client: pvr.hts - demux pkt idx 2:2 type _ pts 30142128000.000000 len 576
3809
04:59:13.552 T:3639599968   DEBUG: AddOnLog: Tvheadend HTSP Client: pvr.hts - receive message [muxpkt]
3810
04:59:13.552 T:3639599968   DEBUG: AddOnLog: Tvheadend HTSP Client: pvr.hts - demux pkt idx 2:2 type _ pts 30142152000.000000 len 576
3811
04:59:13.552 T:3639599968   DEBUG: AddOnLog: Tvheadend HTSP Client: pvr.hts - receive message [muxpkt]
3812
04:59:13.552 T:3639599968   DEBUG: AddOnLog: Tvheadend HTSP Client: pvr.hts - demux pkt idx 2:2 type _ pts 30142176000.000000 len 576
3813
04:59:13.552 T:3639599968   DEBUG: AddOnLog: Tvheadend HTSP Client: pvr.hts - receive message [muxpkt]
3814
04:59:13.552 T:3639599968   DEBUG: AddOnLog: Tvheadend HTSP Client: pvr.hts - demux pkt idx 3:3 type _ pts 30142190244.000000 len 139
3815
04:59:13.553 T:3639599968   DEBUG: AddOnLog: Tvheadend HTSP Client: pvr.hts - receive message [muxpkt]
3816
04:59:13.553 T:3639599968   DEBUG: AddOnLog: Tvheadend HTSP Client: pvr.hts - demux pkt idx 3:3 type _ pts 30142210244.000000 len 139
3817
04:59:13.553 T:3639599968   DEBUG: AddOnLog: Tvheadend HTSP Client: pvr.hts - receive message [muxpkt]
3818
04:59:13.553 T:3639599968   DEBUG: AddOnLog: Tvheadend HTSP Client: pvr.hts - demux pkt idx 3:3 type _ pts 30142230244.000000 len 139
3819
04:59:13.553 T:3639599968   DEBUG: AddOnLog: Tvheadend HTSP Client: pvr.hts - receive message [muxpkt]
3820
04:59:13.553 T:3639599968   DEBUG: AddOnLog: Tvheadend HTSP Client: pvr.hts - demux pkt idx 3:3 type _ pts 30142250244.000000 len 139
3821
04:59:13.553 T:3639599968   DEBUG: AddOnLog: Tvheadend HTSP Client: pvr.hts - receive message [muxpkt]
3822
04:59:13.554 T:3639599968   DEBUG: AddOnLog: Tvheadend HTSP Client: pvr.hts - demux pkt idx 3:3 type _ pts 30142270244.000000 len 139
3823
04:59:13.554 T:3639599968   DEBUG: AddOnLog: Tvheadend HTSP Client: pvr.hts - receive message [muxpkt]
3824
04:59:13.554 T:3639599968   DEBUG: AddOnLog: Tvheadend HTSP Client: pvr.hts - demux pkt idx 3:3 type _ pts 30142290244.000000 len 139
3825
04:59:13.554 T:3639599968   DEBUG: AddOnLog: Tvheadend HTSP Client: pvr.hts - receive message [muxpkt]
3826
04:59:13.554 T:3639599968   DEBUG: AddOnLog: Tvheadend HTSP Client: pvr.hts - demux pkt idx 2:2 type _ pts 30142200000.000000 len 576
3827
04:59:13.554 T:3639599968   DEBUG: AddOnLog: Tvheadend HTSP Client: pvr.hts - receive message [muxpkt]
3828
04:59:13.554 T:3639599968   DEBUG: AddOnLog: Tvheadend HTSP Client: pvr.hts - demux pkt idx 2:2 type _ pts 30142224000.000000 len 576
3829
04:59:13.554 T:3639599968   DEBUG: AddOnLog: Tvheadend HTSP Client: pvr.hts - receive message [muxpkt]
3830
04:59:13.555 T:3639599968   DEBUG: AddOnLog: Tvheadend HTSP Client: pvr.hts - demux pkt idx 2:2 type _ pts 30142248000.000000 len 576
3831
04:59:13.555 T:3639599968   DEBUG: AddOnLog: Tvheadend HTSP Client: pvr.hts - receive message [muxpkt]
3832
04:59:13.555 T:3639599968   DEBUG: AddOnLog: Tvheadend HTSP Client: pvr.hts - demux pkt idx 2:2 type _ pts 30142272000.000000 len 576
3833
04:59:13.555 T:3639599968   DEBUG: AddOnLog: Tvheadend HTSP Client: pvr.hts - receive message [muxpkt]
3834
04:59:13.555 T:3639599968   DEBUG: AddOnLog: Tvheadend HTSP Client: pvr.hts - demux pkt idx 2:2 type _ pts 30142296000.000000 len 576
3835
04:59:13.555 T:3639599968   DEBUG: AddOnLog: Tvheadend HTSP Client: pvr.hts - receive message [muxpkt]
3836
04:59:13.555 T:3639599968   DEBUG: AddOnLog: Tvheadend HTSP Client: pvr.hts - demux pkt idx 3:3 type _ pts 30142310244.000000 len 139
3837
04:59:13.556 T:3639599968   DEBUG: AddOnLog: Tvheadend HTSP Client: pvr.hts - receive message [muxpkt]
3838
04:59:13.556 T:3639599968   DEBUG: AddOnLog: Tvheadend HTSP Client: pvr.hts - demux pkt idx 3:3 type _ pts 30142330244.000000 len 139
3839
04:59:13.556 T:3639599968   DEBUG: AddOnLog: Tvheadend HTSP Client: pvr.hts - receive message [muxpkt]
3840
04:59:13.556 T:3639599968   DEBUG: AddOnLog: Tvheadend HTSP Client: pvr.hts - demux pkt idx 3:3 type _ pts 30142350244.000000 len 139
3841
04:59:13.556 T:3639599968   DEBUG: AddOnLog: Tvheadend HTSP Client: pvr.hts - receive message [muxpkt]
3842
04:59:13.557 T:3639599968   DEBUG: AddOnLog: Tvheadend HTSP Client: pvr.hts - demux pkt idx 3:3 type _ pts 30142370244.000000 len 139
3843
04:59:13.557 T:3639599968   DEBUG: AddOnLog: Tvheadend HTSP Client: pvr.hts - receive message [muxpkt]
3844
04:59:13.557 T:3639599968   DEBUG: AddOnLog: Tvheadend HTSP Client: pvr.hts - demux pkt idx 3:3 type _ pts 30142390244.000000 len 139
3845
04:59:13.557 T:3639599968   DEBUG: AddOnLog: Tvheadend HTSP Client: pvr.hts - receive message [muxpkt]
3846
04:59:13.557 T:3639599968   DEBUG: AddOnLog: Tvheadend HTSP Client: pvr.hts - demux pkt idx 3:3 type _ pts 30142410244.000000 len 139
3847
04:59:13.557 T:3639599968   DEBUG: AddOnLog: Tvheadend HTSP Client: pvr.hts - receive message [muxpkt]
3848
04:59:13.557 T:3639599968   DEBUG: AddOnLog: Tvheadend HTSP Client: pvr.hts - demux pkt idx 2:2 type _ pts 30142320000.000000 len 576
3849
04:59:13.557 T:3639599968   DEBUG: AddOnLog: Tvheadend HTSP Client: pvr.hts - receive message [muxpkt]
3850
04:59:13.557 T:3481863008   DEBUG: CAMLCodec::Decode: ret: 0, sz: 0, dts_in: 18442240474082.1797[2A7A], pts_in: 18442240474082.1797[2A7A], adj:2147483648, ptsOut:23859.6914, amlpts:2147372121, idx:6013741, timesize:1.0000, drain: 0
3851
04:59:13.558 T:3639599968   DEBUG: AddOnLog: Tvheadend HTSP Client: pvr.hts - demux pkt idx 2:2 type _ pts 30142344000.000000 len 576
3852
04:59:13.558 T:3639599968   DEBUG: AddOnLog: Tvheadend HTSP Client: pvr.hts - receive message [muxpkt]
3853
04:59:13.558 T:3639599968   DEBUG: AddOnLog: Tvheadend HTSP Client: pvr.hts - demux pkt idx 2:2 type _ pts 30142368000.000000 len 576
3854
04:59:13.558 T:3639599968   DEBUG: AddOnLog: Tvheadend HTSP Client: pvr.hts - receive message [muxpkt]
3855
04:59:13.558 T:3639599968   DEBUG: AddOnLog: Tvheadend HTSP Client: pvr.hts - demux pkt idx 2:2 type _ pts 30142392000.000000 len 576
3856
04:59:13.559 T:3639599968   DEBUG: AddOnLog: Tvheadend HTSP Client: pvr.hts - receive message [muxpkt]
3857
04:59:13.559 T:3639599968   DEBUG: AddOnLog: Tvheadend HTSP Client: pvr.hts - demux pkt idx 2:2 type _ pts 30142416000.000000 len 576
3858
04:59:13.559 T:3639599968   DEBUG: AddOnLog: Tvheadend HTSP Client: pvr.hts - receive message [muxpkt]
3859
04:59:13.559 T:3639599968   DEBUG: AddOnLog: Tvheadend HTSP Client: pvr.hts - demux pkt idx 3:3 type _ pts 30142430244.000000 len 139
3860
04:59:13.559 T:3639599968   DEBUG: AddOnLog: Tvheadend HTSP Client: pvr.hts - receive message [muxpkt]
3861
04:59:13.559 T:3639599968   DEBUG: AddOnLog: Tvheadend HTSP Client: pvr.hts - demux pkt idx 3:3 type _ pts 30142450244.000000 len 139
3862
04:59:13.559 T:3639599968   DEBUG: AddOnLog: Tvheadend HTSP Client: pvr.hts - receive message [muxpkt]
3863
04:59:13.559 T:3639599968   DEBUG: AddOnLog: Tvheadend HTSP Client: pvr.hts - demux pkt idx 3:3 type _ pts 30142470244.000000 len 139
3864
04:59:13.560 T:3639599968   DEBUG: AddOnLog: Tvheadend HTSP Client: pvr.hts - receive message [muxpkt]
3865
04:59:13.560 T:3639599968   DEBUG: AddOnLog: Tvheadend HTSP Client: pvr.hts - demux pkt idx 3:3 type _ pts 30142490244.000000 len 139
3866
04:59:13.560 T:3639599968   DEBUG: AddOnLog: Tvheadend HTSP Client: pvr.hts - receive message [muxpkt]
3867
04:59:13.560 T:3639599968   DEBUG: AddOnLog: Tvheadend HTSP Client: pvr.hts - demux pkt idx 3:3 type _ pts 30142510244.000000 len 139
3868
04:59:13.568 T:3481863008   DEBUG: CAMLCodec::Decode: ret: 0, sz: 0, dts_in: 18442240474082.1797[2A7A], pts_in: 18442240474082.1797[2A7A], adj:2147483648, ptsOut:23859.6914, amlpts:2147372121, idx:6013741, timesize:1.0000, drain: 0
3869
04:59:13.571 T:3639599968   DEBUG: AddOnLog: Tvheadend HTSP Client: pvr.hts - receive message [muxpkt]
3870
04:59:13.571 T:3639599968   DEBUG: AddOnLog: Tvheadend HTSP Client: pvr.hts - demux pkt idx 3:3 type _ pts 30142530244.000000 len 139
3871
04:59:13.578 T:3481863008   DEBUG: CAMLCodec::Decode: ret: 0, sz: 0, dts_in: 18442240474082.1797[2A7A], pts_in: 18442240474082.1797[2A7A], adj:2147483648, ptsOut:23859.6914, amlpts:2147372121, idx:6013741, timesize:1.0000, drain: 0
3872
04:59:13.619 T:3639599968   DEBUG: Previous line repeats 3 times.
3873
04:59:13.619 T:3639599968   DEBUG: AddOnLog: Tvheadend HTSP Client: pvr.hts - receive message [muxpkt]
3874
04:59:13.659 T:3481863008   DEBUG: CAMLCodec::Decode: ret: 0, sz: 0, dts_in: 18442240474082.1797[2A7A], pts_in: 18442240474082.1797[2A7A], adj:2147483648, ptsOut:23859.6914, amlpts:2147372121, idx:6013741, timesize:1.0000, drain: 0
3875
04:59:13.664 T:3639599968   DEBUG: AddOnLog: Tvheadend HTSP Client: pvr.hts - demux pkt idx 2:2 type _ pts 30142440000.000000 len 576
3876
04:59:13.665 T:3639599968   DEBUG: AddOnLog: Tvheadend HTSP Client: pvr.hts - receive message [muxpkt]
3877
04:59:13.665 T:3639599968   DEBUG: AddOnLog: Tvheadend HTSP Client: pvr.hts - demux pkt idx 2:2 type _ pts 30142464000.000000 len 576
3878
04:59:13.665 T:3639599968   DEBUG: AddOnLog: Tvheadend HTSP Client: pvr.hts - receive message [muxpkt]
3879
04:59:13.666 T:3639599968   DEBUG: AddOnLog: Tvheadend HTSP Client: pvr.hts - demux pkt idx 2:2 type _ pts 30142488000.000000 len 576
3880
04:59:13.666 T:3639599968   DEBUG: AddOnLog: Tvheadend HTSP Client: pvr.hts - receive message [muxpkt]
3881
04:59:13.666 T:3639599968   DEBUG: AddOnLog: Tvheadend HTSP Client: pvr.hts - demux pkt idx 2:2 type _ pts 30142512000.000000 len 576
3882
04:59:13.666 T:3639599968   DEBUG: AddOnLog: Tvheadend HTSP Client: pvr.hts - receive message [muxpkt]
3883
04:59:13.666 T:3639599968   DEBUG: AddOnLog: Tvheadend HTSP Client: pvr.hts - demux pkt idx 2:2 type _ pts 30142536000.000000 len 576
3884
04:59:13.666 T:3639599968   DEBUG: AddOnLog: Tvheadend HTSP Client: pvr.hts - receive message [muxpkt]
3885
04:59:13.666 T:3639599968   DEBUG: AddOnLog: Tvheadend HTSP Client: pvr.hts - demux pkt idx 3:3 type _ pts 30142550244.000000 len 139
3886
04:59:13.667 T:3639599968   DEBUG: AddOnLog: Tvheadend HTSP Client: pvr.hts - receive message [muxpkt]
3887
04:59:13.667 T:3639599968   DEBUG: AddOnLog: Tvheadend HTSP Client: pvr.hts - demux pkt idx 3:3 type _ pts 30142570244.000000 len 139
3888
04:59:13.667 T:3639599968   DEBUG: AddOnLog: Tvheadend HTSP Client: pvr.hts - receive message [muxpkt]
3889
04:59:13.667 T:3639599968   DEBUG: AddOnLog: Tvheadend HTSP Client: pvr.hts - demux pkt idx 3:3 type _ pts 30142590244.000000 len 139
3890
04:59:13.667 T:3639599968   DEBUG: AddOnLog: Tvheadend HTSP Client: pvr.hts - receive message [muxpkt]
3891
04:59:13.667 T:3639599968   DEBUG: AddOnLog: Tvheadend HTSP Client: pvr.hts - demux pkt idx 3:3 type _ pts 30142610244.000000 len 139
3892
04:59:13.667 T:3639599968   DEBUG: AddOnLog: Tvheadend HTSP Client: pvr.hts - receive message [muxpkt]
3893
04:59:13.667 T:3639599968   DEBUG: AddOnLog: Tvheadend HTSP Client: pvr.hts - demux pkt idx 3:3 type _ pts 30142630244.000000 len 139
3894
04:59:13.667 T:3639599968   DEBUG: AddOnLog: Tvheadend HTSP Client: pvr.hts - receive message [muxpkt]
3895
04:59:13.667 T:3639599968   DEBUG: AddOnLog: Tvheadend HTSP Client: pvr.hts - demux pkt idx 3:3 type _ pts 30142650244.000000 len 139
3896
04:59:13.667 T:3639599968   DEBUG: AddOnLog: Tvheadend HTSP Client: pvr.hts - receive message [muxpkt]
3897
04:59:13.668 T:3639599968   DEBUG: AddOnLog: Tvheadend HTSP Client: pvr.hts - demux pkt idx 2:2 type _ pts 30142560000.000000 len 576
3898
04:59:13.668 T:3639599968   DEBUG: AddOnLog: Tvheadend HTSP Client: pvr.hts - receive message [muxpkt]
3899
04:59:13.668 T:3639599968   DEBUG: AddOnLog: Tvheadend HTSP Client: pvr.hts - demux pkt idx 2:2 type _ pts 30142584000.000000 len 576
3900
04:59:13.668 T:3639599968   DEBUG: AddOnLog: Tvheadend HTSP Client: pvr.hts - receive message [muxpkt]
3901
04:59:13.668 T:3639599968   DEBUG: AddOnLog: Tvheadend HTSP Client: pvr.hts - demux pkt idx 2:2 type _ pts 30142608000.000000 len 576
3902
04:59:13.668 T:3639599968   DEBUG: AddOnLog: Tvheadend HTSP Client: pvr.hts - receive message [muxpkt]
3903
04:59:13.669 T:3639599968   DEBUG: AddOnLog: Tvheadend HTSP Client: pvr.hts - demux pkt idx 2:2 type _ pts 30142632000.000000 len 576
3904
04:59:13.669 T:3481863008   DEBUG: CAMLCodec::Decode: ret: 0, sz: 0, dts_in: 18442240474082.1797[2A7A], pts_in: 18442240474082.1797[2A7A], adj:2147483648, ptsOut:23859.6914, amlpts:2147372121, idx:6013741, timesize:1.0000, drain: 0
3905
04:59:13.727 T:3639599968   DEBUG: Previous line repeats 4 times.
3906
04:59:13.768 T:3639599968   DEBUG: AddOnLog: Tvheadend HTSP Client: pvr.hts - receive message [muxpkt]
3907
04:59:13.783 T:3481863008   DEBUG: CAMLCodec::Decode: ret: 0, sz: 0, dts_in: 18442240474082.1797[2A7A], pts_in: 18442240474082.1797[2A7A], adj:2147483648, ptsOut:23859.6914, amlpts:2147372121, idx:6013741, timesize:1.0000, drain: 0
3908
04:59:15.079 T:3639599968   DEBUG: Previous line repeats 53 times.
3909
04:59:15.170 T:3639599968   DEBUG: AddOnLog: Tvheadend HTSP Client: pvr.hts - demux pkt idx 2:2 type _ pts 30142656000.000000 len 576
3910
04:59:15.220 T:3481863008   DEBUG: CAMLCodec::Decode: ret: 0, sz: 0, dts_in: 18442240474082.1797[2A7A], pts_in: 18442240474082.1797[2A7A], adj:2147483648, ptsOut:23859.6914, amlpts:2147372121, idx:6013741, timesize:1.0000, drain: 0
3911
04:59:15.500 T:3639599968   DEBUG: Previous line repeats 2 times.
3912
04:59:15.530 T:3639599968   DEBUG: AddOnLog: Tvheadend HTSP Client: pvr.hts - receive message [muxpkt]
3913
04:59:15.531 T:3481863008   DEBUG: CAMLCodec::Decode: ret: 0, sz: 0, dts_in: 18442240474082.1797[2A7A], pts_in: 18442240474082.1797[2A7A], adj:2147483648, ptsOut:23859.6914, amlpts:2147372121, idx:6013741, timesize:1.0000, drain: 0
3914
04:59:15.693 T:3639599968   DEBUG: Previous line repeats 14 times.
3915
04:59:15.718 T:3639599968   DEBUG: AddOnLog: Tvheadend HTSP Client: pvr.hts - demux pkt idx 3:3 type _ pts 30142670244.000000 len 139
3916
04:59:15.718 T:3481863008   DEBUG: CAMLCodec::Decode: ret: 0, sz: 0, dts_in: 18442240474082.1797[2A7A], pts_in: 18442240474082.1797[2A7A], adj:2147483648, ptsOut:23859.6914, amlpts:2147372121, idx:6013741, timesize:1.0000, drain: 0
3917
04:59:15.802 T:3639599968   DEBUG: Previous line repeats 6 times.
3918
04:59:15.842 T:3639599968   DEBUG: AddOnLog: Tvheadend HTSP Client: pvr.hts - receive message [muxpkt]
3919
04:59:15.856 T:3481863008   DEBUG: CAMLCodec::Decode: ret: 0, sz: 0, dts_in: 18442240474082.1797[2A7A], pts_in: 18442240474082.1797[2A7A], adj:2147483648, ptsOut:23859.6914, amlpts:2147372121, idx:6013741, timesize:1.0000, drain: 0
3920
04:59:16.333 T:3639599968   DEBUG: Previous line repeats 13 times.
3921
04:59:16.349 T:3639599968   DEBUG: AddOnLog: Tvheadend HTSP Client: pvr.hts - demux pkt idx 3:3 type _ pts 30142690244.000000 len 139
3922
04:59:16.386 T:3481863008   DEBUG: CAMLCodec::Decode: ret: 0, sz: 0, dts_in: 18442240474082.1797[2A7A], pts_in: 18442240474082.1797[2A7A], adj:2147483648, ptsOut:23859.6914, amlpts:2147372121, idx:6013741, timesize:1.0000, drain: 0
3923
04:59:17.406 T:3639599968   DEBUG: Previous line repeats 10 times.
3924
04:59:17.418 T:3639599968   DEBUG: AddOnLog: Tvheadend HTSP Client: pvr.hts - receive message [muxpkt]
3925
04:59:17.451 T:3481863008   DEBUG: CAMLCodec::Decode: ret: 0, sz: 0, dts_in: 18442240474082.1797[2A7A], pts_in: 18442240474082.1797[2A7A], adj:2147483648, ptsOut:23859.6914, amlpts:2147372121, idx:6013741, timesize:1.0000, drain: 0
3926
04:59:18.241 T:3639599968   DEBUG: Previous line repeats 14 times.
3927
04:59:18.260 T:3639599968   DEBUG: AddOnLog: Tvheadend HTSP Client: pvr.hts - demux pkt idx 3:3 type _ pts 30142710244.000000 len 139
3928
04:59:18.275 T:3481863008   DEBUG: CAMLCodec::Decode: ret: 0, sz: 0, dts_in: 18442240474082.1797[2A7A], pts_in: 18442240474082.1797[2A7A], adj:2147483648, ptsOut:23859.6914, amlpts:2147372121, idx:6013741, timesize:1.0000, drain: 0
3929
04:59:18.488 T:3639599968   DEBUG: Previous line repeats 6 times.
3930
04:59:18.498 T:3639599968   DEBUG: AddOnLog: Tvheadend HTSP Client: pvr.hts - receive message [muxpkt]
3931
04:59:18.498 T:3481863008   DEBUG: CAMLCodec::Decode: ret: 0, sz: 0, dts_in: 18442240474082.1797[2A7A], pts_in: 18442240474082.1797[2A7A], adj:2147483648, ptsOut:23859.6914, amlpts:2147372121, idx:6013741, timesize:1.0000, drain: 0
3932
04:59:19.221 T:3639599968   DEBUG: Previous line repeats 67 times.
3933
04:59:19.233 T:3639599968   DEBUG: AddOnLog: Tvheadend HTSP Client: pvr.hts - demux pkt idx 3:3 type _ pts 30142730244.000000 len 139
3934
04:59:19.235 T:3481863008   DEBUG: CAMLCodec::Decode: ret: 0, sz: 0, dts_in: 18442240474082.1797[2A7A], pts_in: 18442240474082.1797[2A7A], adj:2147483648, ptsOut:23859.6914, amlpts:2147372121, idx:6013741, timesize:1.0000, drain: 0
3935
04:59:20.193 T:3639599968   DEBUG: Previous line repeats 30 times.
3936
04:59:20.301 T:3639599968   DEBUG: AddOnLog: Tvheadend HTSP Client: pvr.hts - receive message [muxpkt]
3937
04:59:20.561 T:3481863008   DEBUG: CAMLCodec::Decode: ret: 0, sz: 0, dts_in: 18442240474082.1797[2A7A], pts_in: 18442240474082.1797[2A7A], adj:2147483648, ptsOut:23859.6914, amlpts:2147372121, idx:6013741, timesize:1.0000, drain: 0
3938
04:59:21.484 T:3639599968   DEBUG: Previous line repeats 5 times.
3939
04:59:21.616 T:3639599968   DEBUG: AddOnLog: Tvheadend HTSP Client: pvr.hts - demux pkt idx 3:3 type _ pts 30142750244.000000 len 139
3940
04:59:21.829 T:3481863008   DEBUG: CAMLCodec::Decode: ret: 0, sz: 0, dts_in: 18442240474082.1797[2A7A], pts_in: 18442240474082.1797[2A7A], adj:2147483648, ptsOut:23859.6914, amlpts:2147372121, idx:6013741, timesize:1.0000, drain: 0
3941
04:59:22.891 T:3639599968   DEBUG: Previous line repeats 4 times.
3942
04:59:22.913 T:3639599968   DEBUG: AddOnLog: Tvheadend HTSP Client: pvr.hts - receive message [muxpkt]
3943
04:59:23.037 T:3481863008   DEBUG: CAMLCodec::Decode: ret: 0, sz: 0, dts_in: 18442240474082.1797[2A7A], pts_in: 18442240474082.1797[2A7A], adj:2147483648, ptsOut:23859.6914, amlpts:2147372121, idx:6013741, timesize:1.0000, drain: 0
3944
04:59:25.419 T:3639599968   DEBUG: Previous line repeats 7 times.
3945
04:59:25.755 T:3639599968   DEBUG: AddOnLog: Tvheadend HTSP Client: pvr.hts - demux pkt idx 3:3 type _ pts 30142770244.000000 len 139
3946
04:59:25.998 T:3481863008   DEBUG: CAMLCodec::Decode: ret: 0, sz: 0, dts_in: 18442240474082.1797[2A7A], pts_in: 18442240474082.1797[2A7A], adj:2147483648, ptsOut:23859.6914, amlpts:2147372121, idx:6013741, timesize:1.0000, drain: 0
3947
04:59:27.963 T:3639599968   DEBUG: Previous line repeats 2 times.
3948
04:59:28.416 T:3639599968   DEBUG: AddOnLog: Tvheadend HTSP Client: pvr.hts - receive message [muxpkt]
3949
04:59:29.194 T:3481863008   DEBUG: CAMLCodec::Decode: ret: 0, sz: 0, dts_in: 18442240474082.1797[2A7A], pts_in: 18442240474082.1797[2A7A], adj:2147483648, ptsOut:23859.6914, amlpts:2147372121, idx:6013741, timesize:1.0000, drain: 0
3950
04:59:34.785 T:3639599968   DEBUG: Previous line repeats 11 times.
3951
04:59:34.927 T:3639599968   DEBUG: AddOnLog: Tvheadend HTSP Client: pvr.hts - demux pkt idx 2:2 type _ pts 30142680000.000000 len 576
3952
04:59:35.532 T:3481863008   DEBUG: CAMLCodec::Decode: ret: 0, sz: 0, dts_in: 18442240474082.1797[2A7A], pts_in: 18442240474082.1797[2A7A], adj:2147483648, ptsOut:23859.6914, amlpts:2147372121, idx:6013741, timesize:1.0000, drain: 0
3953
04:59:39.345 T:3639599968   DEBUG: Previous line repeats 8 times.
3954
04:59:39.578 T:3639599968   DEBUG: AddOnLog: Tvheadend HTSP Client: pvr.hts - receive message [muxpkt]
3955
04:59:39.855 T:3481863008   DEBUG: CAMLCodec::Decode: ret: 0, sz: 0, dts_in: 18442240474082.1797[2A7A], pts_in: 18442240474082.1797[2A7A], adj:2147483648, ptsOut:23859.6914, amlpts:2147372121, idx:6013741, timesize:1.0000, drain: 0
3956
04:59:44.152 T:3639599968   DEBUG: Previous line repeats 6 times.
3957
04:59:44.406 T:3639599968   DEBUG: AddOnLog: Tvheadend HTSP Client: pvr.hts - demux pkt idx 2:2 type _ pts 30142704000.000000 len 576
3958
04:59:45.469 T:3481863008   DEBUG: CAMLCodec::Decode: ret: 0, sz: 0, dts_in: 18442240474082.1797[2A7A], pts_in: 18442240474082.1797[2A7A], adj:2147483648, ptsOut:23859.6914, amlpts:2147372121, idx:6013741, timesize:1.0000, drain: 0
3959
04:59:47.934 T:3639599968   DEBUG: Previous line repeats 4 times.
3960
04:59:49.355 T:3639599968   DEBUG: AddOnLog: Tvheadend HTSP Client: pvr.hts - receive message [muxpkt]
3961
04:59:49.600 T:3481863008   DEBUG: CAMLCodec::Decode: ret: 0, sz: 0, dts_in: 18442240474082.1797[2A7A], pts_in: 18442240474082.1797[2A7A], adj:2147483648, ptsOut:23859.6914, amlpts:2147372121, idx:6013741, timesize:1.0000, drain: 0
3962
04:59:54.268 T:3639599968   DEBUG: Previous line repeats 12 times.
3963
04:59:54.704 T:3639599968   DEBUG: AddOnLog: Tvheadend HTSP Client: pvr.hts - demux pkt idx 2:2 type _ pts 30142728000.000000 len 576
3964
04:59:54.875 T:3481863008   DEBUG: CAMLCodec::Decode: ret: 0, sz: 0, dts_in: 18442240474082.1797[2A7A], pts_in: 18442240474082.1797[2A7A], adj:2147483648, ptsOut:23859.6914, amlpts:2147372121, idx:6013741, timesize:1.0000, drain: 0
3965
05:00:00.260 T:3639599968   DEBUG: Previous line repeats 9 times.
3966
05:00:00.448 T:3639599968   DEBUG: AddOnLog: Tvheadend HTSP Client: pvr.hts - receive message [muxpkt]
3967
05:00:00.613 T:3481863008   DEBUG: CAMLCodec::Decode: ret: 0, sz: 0, dts_in: 18442240474082.1797[2A7A], pts_in: 18442240474082.1797[2A7A], adj:2147483648, ptsOut:23859.6914, amlpts:2147372121, idx:6013741, timesize:1.0000, drain: 0
3968
05:00:04.408 T:3639599968   DEBUG: Previous line repeats 13 times.
3969
05:00:06.255 T:3639599968   DEBUG: AddOnLog: Tvheadend HTSP Client: pvr.hts - demux pkt idx 2:2 type _ pts 30142752000.000000 len 576
3970
05:00:06.695 T:3481863008   DEBUG: CAMLCodec::Decode: ret: 0, sz: 0, dts_in: 18442240474082.1797[2A7A], pts_in: 18442240474082.1797[2A7A], adj:2147483648, ptsOut:23859.6914, amlpts:2147372121, idx:6013741, timesize:1.0000, drain: 0
3971
05:00:11.989 T:3639599968   DEBUG: Previous line repeats 20 times.
3972
05:00:12.476 T:3639599968   DEBUG: AddOnLog: Tvheadend HTSP Client: pvr.hts - receive message [muxpkt]
3973
05:00:12.877 T:3481863008   DEBUG: CAMLCodec::Decode: ret: 0, sz: 0, dts_in: 18442240474082.1797[2A7A], pts_in: 18442240474082.1797[2A7A], adj:2147483648, ptsOut:23859.6914, amlpts:2147372121, idx:6013741, timesize:1.0000, drain: 0
3974
05:00:20.501 T:3639599968   DEBUG: Previous line repeats 28 times.
3975
05:00:20.738 T:3639599968   DEBUG: AddOnLog: Tvheadend HTSP Client: pvr.hts - demux pkt idx 2:2 type _ pts 30142776000.000000 len 576
3976
05:00:22.376 T:3481863008   DEBUG: CAMLCodec::Decode: ret: 0, sz: 0, dts_in: 18442240474082.1797[2A7A], pts_in: 18442240474082.1797[2A7A], adj:2147483648, ptsOut:23859.6914, amlpts:2147372121, idx:6013741, timesize:1.0000, drain: 0
3977
05:00:24.179 T:3639599968   DEBUG: Previous line repeats 8 times.
3978
05:00:28.132 T:3639599968   DEBUG: AddOnLog: Tvheadend HTSP Client: pvr.hts - receive message [muxpkt]
3979
05:00:28.583 T:3481863008   DEBUG: CAMLCodec::Decode: ret: 0, sz: 0, dts_in: 18442240474082.1797[2A7A], pts_in: 18442240474082.1797[2A7A], adj:2147483648, ptsOut:23859.6914, amlpts:2147372121, idx:6013741, timesize:1.0000, drain: 0
3980
05:00:33.730 T:3639599968   DEBUG: Previous line repeats 17 times.
3981
05:00:33.918 T:3639599968   DEBUG: AddOnLog: Tvheadend HTSP Client: pvr.hts - demux pkt idx 3:3 type _ pts 30142790244.000000 len 139
3982
05:00:34.136 T:3481863008   DEBUG: CAMLCodec::Decode: ret: 0, sz: 0, dts_in: 18442240474082.1797[2A7A], pts_in: 18442240474082.1797[2A7A], adj:2147483648, ptsOut:23859.6914, amlpts:2147372121, idx:6013741, timesize:1.0000, drain: 0
3983
05:00:37.620 T:3639599968   DEBUG: Previous line repeats 22 times.
3984
05:00:38.033 T:3639599968   DEBUG: AddOnLog: Tvheadend HTSP Client: pvr.hts - receive message [muxpkt]
3985
05:00:38.168 T:3481863008   DEBUG: CAMLCodec::Decode: ret: 0, sz: 0, dts_in: 18442240474082.1797[2A7A], pts_in: 18442240474082.1797[2A7A], adj:2147483648, ptsOut:23859.6914, amlpts:2147372121, idx:6013741, timesize:1.0000, drain: 0
3986
05:00:42.111 T:3639599968   DEBUG: Previous line repeats 25 times.
3987
05:00:42.249 T:3639599968   DEBUG: AddOnLog: Tvheadend HTSP Client: pvr.hts - demux pkt idx 3:3 type _ pts 30142810244.000000 len 139
3988
05:00:42.493 T:3481863008   DEBUG: CAMLCodec::Decode: ret: 0, sz: 0, dts_in: 18442240474082.1797[2A7A], pts_in: 18442240474082.1797[2A7A], adj:2147483648, ptsOut:23859.6914, amlpts:2147372121, idx:6013741, timesize:1.0000, drain: 0
3989
05:00:45.823 T:3639599968   DEBUG: Previous line repeats 17 times.
3990
05:00:45.937 T:3639599968   DEBUG: AddOnLog: Tvheadend HTSP Client: pvr.hts - receive message [muxpkt]
3991
05:00:45.982 T:3481863008   DEBUG: CAMLCodec::Decode: ret: 0, sz: 0, dts_in: 18442240474082.1797[2A7A], pts_in: 18442240474082.1797[2A7A], adj:2147483648, ptsOut:23859.6914, amlpts:2147372121, idx:6013741, timesize:1.0000, drain: 0
3992
05:00:49.937 T:3639599968   DEBUG: Previous line repeats 14 times.
3993
05:00:50.108 T:3639599968   DEBUG: AddOnLog: Tvheadend HTSP Client: pvr.hts - demux pkt idx 3:3 type _ pts 30142830244.000000 len 139
3994
05:00:50.207 T:3481863008   DEBUG: CAMLCodec::Decode: ret: 0, sz: 0, dts_in: 18442240474082.1797[2A7A], pts_in: 18442240474082.1797[2A7A], adj:2147483648, ptsOut:23859.6914, amlpts:2147372121, idx:6013741, timesize:1.0000, drain: 0
3995
05:00:57.275 T:3639599968   DEBUG: Previous line repeats 22 times.
3996
05:00:57.511 T:3639599968   DEBUG: AddOnLog: Tvheadend HTSP Client: pvr.hts - receive message [muxpkt]
3997
05:00:57.678 T:3481863008   DEBUG: CAMLCodec::Decode: ret: 0, sz: 0, dts_in: 18442240474082.1797[2A7A], pts_in: 18442240474082.1797[2A7A], adj:2147483648, ptsOut:23859.6914, amlpts:2147372121, idx:6013741, timesize:1.0000, drain: 0
3998
05:01:00.420 T:3639599968   DEBUG: Previous line repeats 7 times.
3999
05:01:00.571 T:3639599968   DEBUG: AddOnLog: Tvheadend HTSP Client: pvr.hts - demux pkt idx 3:3 type _ pts 30142850244.000000 len 139
4000
05:01:01.215 T:3481863008   DEBUG: CAMLCodec::Decode: ret: 0, sz: 0, dts_in: 18442240474082.1797[2A7A], pts_in: 18442240474082.1797[2A7A], adj:2147483648, ptsOut:23859.6914, amlpts:2147372121, idx:6013741, timesize:1.0000, drain: 0
(3-3/4)