Project

General

Profile

Intermittent lockups and reboots » last.log

Last 4000 lines of debug - Greg H, 2018-11-02 00:04

 
1
04:58:42.589 T:3639599968   DEBUG: AddOnLog: Tvheadend HTSP Client: pvr.hts - demux pkt idx 2:2 type _ pts 30126096000.000000 len 576
2
04:58:42.589 T:3639599968   DEBUG: AddOnLog: Tvheadend HTSP Client: pvr.hts - receive message [muxpkt]
3
04:58:42.589 T:3639599968   DEBUG: AddOnLog: Tvheadend HTSP Client: pvr.hts - demux pkt idx 3:3 type _ pts 30126110244.000000 len 139
4
04:58:42.590 T:3639599968   DEBUG: AddOnLog: Tvheadend HTSP Client: pvr.hts - receive message [muxpkt]
5
04:58:42.590 T:3639599968   DEBUG: AddOnLog: Tvheadend HTSP Client: pvr.hts - demux pkt idx 3:3 type _ pts 30126130244.000000 len 139
6
04:58:42.590 T:3639599968   DEBUG: AddOnLog: Tvheadend HTSP Client: pvr.hts - receive message [muxpkt]
7
04:58:42.590 T:3639599968   DEBUG: AddOnLog: Tvheadend HTSP Client: pvr.hts - demux pkt idx 3:3 type _ pts 30126150244.000000 len 139
8
04:58:42.591 T:3481863008   DEBUG: CAMLCodec::Decode: ret: 0, sz: 0, dts_in: 18442240474082.1797[2A7A], pts_in: 18442240474082.1797[2A7A], adj:2147483648, ptsOut:23859.6914, amlpts:2147372121, idx:6013741, timesize:1.0000, drain: 0
9
04:58:43.247 T:3639599968   DEBUG: Previous line repeats 62 times.
10
04:58:43.267 T:3639599968   DEBUG: AddOnLog: Tvheadend HTSP Client: pvr.hts - receive message [muxpkt]
11
04:58:43.267 T:3481863008   DEBUG: CAMLCodec::Decode: ret: 0, sz: 0, dts_in: 18442240474082.1797[2A7A], pts_in: 18442240474082.1797[2A7A], adj:2147483648, ptsOut:23859.6914, amlpts:2147372121, idx:6013741, timesize:1.0000, drain: 0
12
04:58:43.439 T:3639599968   DEBUG: Previous line repeats 11 times.
13
04:58:43.461 T:3639599968   DEBUG: AddOnLog: Tvheadend HTSP Client: pvr.hts - demux pkt idx 1:1 type I pts 30126690244.000000 len 19853
14
04:58:43.462 T:3481863008   DEBUG: CAMLCodec::Decode: ret: 0, sz: 0, dts_in: 18442240474082.1797[2A7A], pts_in: 18442240474082.1797[2A7A], adj:2147483648, ptsOut:23859.6914, amlpts:2147372121, idx:6013741, timesize:1.0000, drain: 0
15
04:58:43.572 T:3639599968   DEBUG: Previous line repeats 3 times.
16
04:58:43.572 T:3639599968   DEBUG: AddOnLog: Tvheadend HTSP Client: pvr.hts - receive message [queueStatus]
17
04:58:43.572 T:3639599968   DEBUG: AddOnLog: Tvheadend HTSP Client: pvr.hts - stream stats:
18
04:58:43.572 T:3639599968   DEBUG: AddOnLog: Tvheadend HTSP Client: pvr.hts -   idx:1 num:720958
19
04:58:43.573 T:3639599968   DEBUG: AddOnLog: Tvheadend HTSP Client: pvr.hts -   idx:2 num:1255144
20
04:58:43.573 T:3639599968   DEBUG: AddOnLog: Tvheadend HTSP Client: pvr.hts -   idx:3 num:1506250
21
04:58:43.583 T:3481863008   DEBUG: CAMLCodec::Decode: ret: 0, sz: 0, dts_in: 18442240474082.1797[2A7A], pts_in: 18442240474082.1797[2A7A], adj:2147483648, ptsOut:23859.6914, amlpts:2147372121, idx:6013741, timesize:1.0000, drain: 0
22
04:58:43.588 T:3639599968   DEBUG: AddOnLog: Tvheadend HTSP Client: pvr.hts -   idx:4 num:7499
23
04:58:43.588 T:3639599968   DEBUG: AddOnLog: Tvheadend HTSP Client: pvr.hts - queue stats:
24
04:58:43.588 T:3639599968   DEBUG: AddOnLog: Tvheadend HTSP Client: pvr.hts -   pkts  12344
25
04:58:43.595 T:3481863008   DEBUG: CAMLCodec::Decode: ret: 0, sz: 0, dts_in: 18442240474082.1797[2A7A], pts_in: 18442240474082.1797[2A7A], adj:2147483648, ptsOut:23859.6914, amlpts:2147372121, idx:6013741, timesize:1.0000, drain: 0
26
04:58:43.595 T:3639599968   DEBUG: AddOnLog: Tvheadend HTSP Client: pvr.hts -   bytes 6170377
27
04:58:43.595 T:3639599968   DEBUG: AddOnLog: Tvheadend HTSP Client: pvr.hts -   delay 132330244
28
04:58:43.595 T:3639599968   DEBUG: AddOnLog: Tvheadend HTSP Client: pvr.hts -   Idrop 488
29
04:58:43.595 T:3639599968   DEBUG: AddOnLog: Tvheadend HTSP Client: pvr.hts -   Pdrop 10339
30
04:58:43.596 T:3639599968   DEBUG: AddOnLog: Tvheadend HTSP Client: pvr.hts -   Bdrop 24543
31
04:58:43.596 T:3639599968   DEBUG: AddOnLog: Tvheadend HTSP Client: pvr.hts - receive message [muxpkt]
32
04:58:43.606 T:3481863008   DEBUG: CAMLCodec::Decode: ret: 0, sz: 0, dts_in: 18442240474082.1797[2A7A], pts_in: 18442240474082.1797[2A7A], adj:2147483648, ptsOut:23859.6914, amlpts:2147372121, idx:6013741, timesize:1.0000, drain: 0
33
04:58:43.614 T:3639599968   DEBUG: AddOnLog: Tvheadend HTSP Client: pvr.hts - demux pkt idx 3:3 type _ pts 30126170244.000000 len 139
34
04:58:43.614 T:3639599968   DEBUG: AddOnLog: Tvheadend HTSP Client: pvr.hts - receive message [muxpkt]
35
04:58:43.615 T:3639599968   DEBUG: AddOnLog: Tvheadend HTSP Client: pvr.hts - demux pkt idx 3:3 type _ pts 30126190244.000000 len 139
36
04:58:43.627 T:3481863008   DEBUG: CAMLCodec::Decode: ret: 0, sz: 0, dts_in: 18442240474082.1797[2A7A], pts_in: 18442240474082.1797[2A7A], adj:2147483648, ptsOut:23859.6914, amlpts:2147372121, idx:6013741, timesize:1.0000, drain: 0
37
04:58:43.627 T:3639599968   DEBUG: AddOnLog: Tvheadend HTSP Client: pvr.hts - receive message [muxpkt]
38
04:58:43.627 T:3639599968   DEBUG: AddOnLog: Tvheadend HTSP Client: pvr.hts - demux pkt idx 3:3 type _ pts 30126210244.000000 len 139
39
04:58:43.636 T:3639599968   DEBUG: AddOnLog: Tvheadend HTSP Client: pvr.hts - receive message [muxpkt]
40
04:58:43.636 T:3639599968   DEBUG: AddOnLog: Tvheadend HTSP Client: pvr.hts - demux pkt idx 2:2 type _ pts 30126120000.000000 len 576
41
04:58:43.636 T:3639599968   DEBUG: AddOnLog: Tvheadend HTSP Client: pvr.hts - receive message [muxpkt]
42
04:58:43.637 T:3639599968   DEBUG: AddOnLog: Tvheadend HTSP Client: pvr.hts - demux pkt idx 2:2 type _ pts 30126144000.000000 len 576
43
04:58:43.637 T:3639599968   DEBUG: AddOnLog: Tvheadend HTSP Client: pvr.hts - receive message [muxpkt]
44
04:58:43.641 T:3481863008   DEBUG: CAMLCodec::Decode: ret: 0, sz: 0, dts_in: 18442240474082.1797[2A7A], pts_in: 18442240474082.1797[2A7A], adj:2147483648, ptsOut:23859.6914, amlpts:2147372121, idx:6013741, timesize:1.0000, drain: 0
45
04:58:43.641 T:3639599968   DEBUG: AddOnLog: Tvheadend HTSP Client: pvr.hts - demux pkt idx 2:2 type _ pts 30126168000.000000 len 576
46
04:58:43.641 T:3639599968   DEBUG: AddOnLog: Tvheadend HTSP Client: pvr.hts - receive message [muxpkt]
47
04:58:43.641 T:3639599968   DEBUG: AddOnLog: Tvheadend HTSP Client: pvr.hts - demux pkt idx 2:2 type _ pts 30126192000.000000 len 576
48
04:58:43.647 T:3639599968   DEBUG: AddOnLog: Tvheadend HTSP Client: pvr.hts - receive message [muxpkt]
49
04:58:43.647 T:3639599968   DEBUG: AddOnLog: Tvheadend HTSP Client: pvr.hts - demux pkt idx 2:2 type _ pts 30126216000.000000 len 576
50
04:58:43.647 T:3639599968   DEBUG: AddOnLog: Tvheadend HTSP Client: pvr.hts - receive message [muxpkt]
51
04:58:43.647 T:3639599968   DEBUG: AddOnLog: Tvheadend HTSP Client: pvr.hts - demux pkt idx 3:3 type _ pts 30126230244.000000 len 139
52
04:58:43.647 T:3639599968   DEBUG: AddOnLog: Tvheadend HTSP Client: pvr.hts - receive message [muxpkt]
53
04:58:43.651 T:3481863008   DEBUG: CAMLCodec::Decode: ret: 0, sz: 0, dts_in: 18442240474082.1797[2A7A], pts_in: 18442240474082.1797[2A7A], adj:2147483648, ptsOut:23859.6914, amlpts:2147372121, idx:6013741, timesize:1.0000, drain: 0
54
04:58:43.651 T:3639599968   DEBUG: AddOnLog: Tvheadend HTSP Client: pvr.hts - demux pkt idx 3:3 type _ pts 30126250244.000000 len 139
55
04:58:43.652 T:3639599968   DEBUG: AddOnLog: Tvheadend HTSP Client: pvr.hts - receive message [muxpkt]
56
04:58:43.652 T:3639599968   DEBUG: AddOnLog: Tvheadend HTSP Client: pvr.hts - demux pkt idx 3:3 type _ pts 30126270244.000000 len 139
57
04:58:43.659 T:3639599968   DEBUG: AddOnLog: Tvheadend HTSP Client: pvr.hts - receive message [muxpkt]
58
04:58:43.659 T:3639599968   DEBUG: AddOnLog: Tvheadend HTSP Client: pvr.hts - demux pkt idx 3:3 type _ pts 30126290244.000000 len 139
59
04:58:43.659 T:3639599968   DEBUG: AddOnLog: Tvheadend HTSP Client: pvr.hts - receive message [muxpkt]
60
04:58:43.659 T:3639599968   DEBUG: AddOnLog: Tvheadend HTSP Client: pvr.hts - demux pkt idx 3:3 type _ pts 30126310244.000000 len 139
61
04:58:43.659 T:3639599968   DEBUG: AddOnLog: Tvheadend HTSP Client: pvr.hts - receive message [muxpkt]
62
04:58:43.661 T:3639599968   DEBUG: AddOnLog: Tvheadend HTSP Client: pvr.hts - demux pkt idx 3:3 type _ pts 30126330244.000000 len 139
63
04:58:43.661 T:3639599968   DEBUG: AddOnLog: Tvheadend HTSP Client: pvr.hts - receive message [muxpkt]
64
04:58:43.661 T:3639599968   DEBUG: AddOnLog: Tvheadend HTSP Client: pvr.hts - demux pkt idx 2:2 type _ pts 30126240000.000000 len 576
65
04:58:43.662 T:3481863008   DEBUG: CAMLCodec::Decode: ret: 0, sz: 0, dts_in: 18442240474082.1797[2A7A], pts_in: 18442240474082.1797[2A7A], adj:2147483648, ptsOut:23859.6914, amlpts:2147372121, idx:6013741, timesize:1.0000, drain: 0
66
04:58:43.662 T:3639599968   DEBUG: AddOnLog: Tvheadend HTSP Client: pvr.hts - receive message [muxpkt]
67
04:58:43.662 T:3639599968   DEBUG: AddOnLog: Tvheadend HTSP Client: pvr.hts - demux pkt idx 2:2 type _ pts 30126264000.000000 len 576
68
04:58:43.662 T:3639599968   DEBUG: AddOnLog: Tvheadend HTSP Client: pvr.hts - receive message [muxpkt]
69
04:58:43.662 T:3639599968   DEBUG: AddOnLog: Tvheadend HTSP Client: pvr.hts - demux pkt idx 2:2 type _ pts 30126288000.000000 len 576
70
04:58:43.670 T:3639599968   DEBUG: AddOnLog: Tvheadend HTSP Client: pvr.hts - receive message [muxpkt]
71
04:58:43.670 T:3639599968   DEBUG: AddOnLog: Tvheadend HTSP Client: pvr.hts - demux pkt idx 2:2 type _ pts 30126312000.000000 len 576
72
04:58:43.671 T:3639599968   DEBUG: AddOnLog: Tvheadend HTSP Client: pvr.hts - receive message [muxpkt]
73
04:58:43.671 T:3639599968   DEBUG: AddOnLog: Tvheadend HTSP Client: pvr.hts - demux pkt idx 2:2 type _ pts 30126336000.000000 len 576
74
04:58:43.671 T:3639599968   DEBUG: AddOnLog: Tvheadend HTSP Client: pvr.hts - receive message [muxpkt]
75
04:58:43.672 T:3481863008   DEBUG: CAMLCodec::Decode: ret: 0, sz: 0, dts_in: 18442240474082.1797[2A7A], pts_in: 18442240474082.1797[2A7A], adj:2147483648, ptsOut:23859.6914, amlpts:2147372121, idx:6013741, timesize:1.0000, drain: 0
76
04:58:43.673 T:3639599968   DEBUG: AddOnLog: Tvheadend HTSP Client: pvr.hts - demux pkt idx 3:3 type _ pts 30126350244.000000 len 139
77
04:58:43.673 T:3639599968   DEBUG: AddOnLog: Tvheadend HTSP Client: pvr.hts - receive message [muxpkt]
78
04:58:43.673 T:3639599968   DEBUG: AddOnLog: Tvheadend HTSP Client: pvr.hts - demux pkt idx 3:3 type _ pts 30126370244.000000 len 139
79
04:58:43.673 T:3639599968   DEBUG: AddOnLog: Tvheadend HTSP Client: pvr.hts - receive message [muxpkt]
80
04:58:43.673 T:3639599968   DEBUG: AddOnLog: Tvheadend HTSP Client: pvr.hts - demux pkt idx 3:3 type _ pts 30126390244.000000 len 139
81
04:58:43.678 T:3639599968   DEBUG: AddOnLog: Tvheadend HTSP Client: pvr.hts - receive message [muxpkt]
82
04:58:43.678 T:3639599968   DEBUG: AddOnLog: Tvheadend HTSP Client: pvr.hts - demux pkt idx 3:3 type _ pts 30126410244.000000 len 139
83
04:58:43.678 T:3639599968   DEBUG: AddOnLog: Tvheadend HTSP Client: pvr.hts - receive message [muxpkt]
84
04:58:43.678 T:3639599968   DEBUG: AddOnLog: Tvheadend HTSP Client: pvr.hts - demux pkt idx 3:3 type _ pts 30126430244.000000 len 139
85
04:58:43.678 T:3639599968   DEBUG: AddOnLog: Tvheadend HTSP Client: pvr.hts - receive message [muxpkt]
86
04:58:43.678 T:3639599968   DEBUG: AddOnLog: Tvheadend HTSP Client: pvr.hts - demux pkt idx 3:3 type _ pts 30126450244.000000 len 139
87
04:58:43.682 T:3639599968   DEBUG: AddOnLog: Tvheadend HTSP Client: pvr.hts - receive message [muxpkt]
88
04:58:43.682 T:3639599968   DEBUG: AddOnLog: Tvheadend HTSP Client: pvr.hts - demux pkt idx 2:2 type _ pts 30126360000.000000 len 576
89
04:58:43.683 T:3481863008   DEBUG: CAMLCodec::Decode: ret: 0, sz: 0, dts_in: 18442240474082.1797[2A7A], pts_in: 18442240474082.1797[2A7A], adj:2147483648, ptsOut:23859.6914, amlpts:2147372121, idx:6013741, timesize:1.0000, drain: 0
90
04:58:43.695 T:3639599968   DEBUG: AddOnLog: Tvheadend HTSP Client: pvr.hts - receive message [muxpkt]
91
04:58:43.695 T:3481863008   DEBUG: CAMLCodec::Decode: ret: 0, sz: 0, dts_in: 18442240474082.1797[2A7A], pts_in: 18442240474082.1797[2A7A], adj:2147483648, ptsOut:23859.6914, amlpts:2147372121, idx:6013741, timesize:1.0000, drain: 0
92
04:58:43.695 T:3639599968   DEBUG: AddOnLog: Tvheadend HTSP Client: pvr.hts - demux pkt idx 2:2 type _ pts 30126384000.000000 len 576
93
04:58:43.696 T:3639599968   DEBUG: AddOnLog: Tvheadend HTSP Client: pvr.hts - receive message [muxpkt]
94
04:58:43.696 T:3639599968   DEBUG: AddOnLog: Tvheadend HTSP Client: pvr.hts - demux pkt idx 2:2 type _ pts 30126408000.000000 len 576
95
04:58:43.696 T:3639599968   DEBUG: AddOnLog: Tvheadend HTSP Client: pvr.hts - receive message [muxpkt]
96
04:58:43.700 T:3639599968   DEBUG: AddOnLog: Tvheadend HTSP Client: pvr.hts - demux pkt idx 2:2 type _ pts 30126432000.000000 len 576
97
04:58:43.700 T:3639599968   DEBUG: AddOnLog: Tvheadend HTSP Client: pvr.hts - receive message [muxpkt]
98
04:58:43.700 T:3639599968   DEBUG: AddOnLog: Tvheadend HTSP Client: pvr.hts - demux pkt idx 2:2 type _ pts 30126456000.000000 len 576
99
04:58:43.710 T:3481863008   DEBUG: CAMLCodec::Decode: ret: 0, sz: 0, dts_in: 18442240474082.1797[2A7A], pts_in: 18442240474082.1797[2A7A], adj:2147483648, ptsOut:23859.6914, amlpts:2147372121, idx:6013741, timesize:1.0000, drain: 0
100
04:58:43.711 T:3639599968   DEBUG: AddOnLog: Tvheadend HTSP Client: pvr.hts - receive message [muxpkt]
101
04:58:43.711 T:3639599968   DEBUG: AddOnLog: Tvheadend HTSP Client: pvr.hts - demux pkt idx 3:3 type _ pts 30126470244.000000 len 139
102
04:58:43.711 T:3639599968   DEBUG: AddOnLog: Tvheadend HTSP Client: pvr.hts - receive message [muxpkt]
103
04:58:43.716 T:3639599968   DEBUG: AddOnLog: Tvheadend HTSP Client: pvr.hts - demux pkt idx 3:3 type _ pts 30126490244.000000 len 139
104
04:58:43.716 T:3639599968   DEBUG: AddOnLog: Tvheadend HTSP Client: pvr.hts - receive message [muxpkt]
105
04:58:43.716 T:3639599968   DEBUG: AddOnLog: Tvheadend HTSP Client: pvr.hts - demux pkt idx 3:3 type _ pts 30126510244.000000 len 139
106
04:58:43.719 T:3639599968   DEBUG: AddOnLog: Tvheadend HTSP Client: pvr.hts - receive message [muxpkt]
107
04:58:43.719 T:3639599968   DEBUG: AddOnLog: Tvheadend HTSP Client: pvr.hts - demux pkt idx 3:3 type _ pts 30126530244.000000 len 139
108
04:58:43.719 T:3639599968   DEBUG: AddOnLog: Tvheadend HTSP Client: pvr.hts - receive message [muxpkt]
109
04:58:43.719 T:3639599968   DEBUG: AddOnLog: Tvheadend HTSP Client: pvr.hts - demux pkt idx 3:3 type _ pts 30126550244.000000 len 139
110
04:58:43.722 T:3481863008   DEBUG: CAMLCodec::Decode: ret: 0, sz: 0, dts_in: 18442240474082.1797[2A7A], pts_in: 18442240474082.1797[2A7A], adj:2147483648, ptsOut:23859.6914, amlpts:2147372121, idx:6013741, timesize:1.0000, drain: 0
111
04:58:43.729 T:3639599968   DEBUG: AddOnLog: Tvheadend HTSP Client: pvr.hts - receive message [muxpkt]
112
04:58:43.729 T:3639599968   DEBUG: AddOnLog: Tvheadend HTSP Client: pvr.hts - demux pkt idx 3:3 type _ pts 30126570244.000000 len 139
113
04:58:43.729 T:3639599968   DEBUG: AddOnLog: Tvheadend HTSP Client: pvr.hts - receive message [muxpkt]
114
04:58:43.730 T:3639599968   DEBUG: AddOnLog: Tvheadend HTSP Client: pvr.hts - demux pkt idx 2:2 type _ pts 30126480000.000000 len 576
115
04:58:43.730 T:3639599968   DEBUG: AddOnLog: Tvheadend HTSP Client: pvr.hts - receive message [muxpkt]
116
04:58:43.730 T:3639599968   DEBUG: AddOnLog: Tvheadend HTSP Client: pvr.hts - demux pkt idx 2:2 type _ pts 30126504000.000000 len 576
117
04:58:43.731 T:3639599968   DEBUG: AddOnLog: Tvheadend HTSP Client: pvr.hts - receive message [signalStatus]
118
04:58:43.731 T:3639599968   DEBUG: AddOnLog: Tvheadend HTSP Client: pvr.hts - signalStatus:
119
04:58:43.731 T:3639599968   DEBUG: AddOnLog: Tvheadend HTSP Client: pvr.hts -   status : GOOD
120
04:58:43.731 T:3639599968   DEBUG: AddOnLog: Tvheadend HTSP Client: pvr.hts -   ber    : 0
121
04:58:43.731 T:3639599968   DEBUG: AddOnLog: Tvheadend HTSP Client: pvr.hts -   unc    : 0
122
04:58:43.731 T:3639599968   DEBUG: AddOnLog: Tvheadend HTSP Client: pvr.hts - receive message [muxpkt]
123
04:58:43.731 T:3639599968   DEBUG: AddOnLog: Tvheadend HTSP Client: pvr.hts - demux pkt idx 2:2 type _ pts 30126528000.000000 len 576
124
04:58:43.739 T:3481863008   DEBUG: CAMLCodec::Decode: ret: 0, sz: 0, dts_in: 18442240474082.1797[2A7A], pts_in: 18442240474082.1797[2A7A], adj:2147483648, ptsOut:23859.6914, amlpts:2147372121, idx:6013741, timesize:1.0000, drain: 0
125
04:58:43.739 T:3639599968   DEBUG: AddOnLog: Tvheadend HTSP Client: pvr.hts - receive message [muxpkt]
126
04:58:43.739 T:3639599968   DEBUG: AddOnLog: Tvheadend HTSP Client: pvr.hts - demux pkt idx 2:2 type _ pts 30126552000.000000 len 576
127
04:58:43.739 T:3639599968   DEBUG: AddOnLog: Tvheadend HTSP Client: pvr.hts - receive message [muxpkt]
128
04:58:43.739 T:3639599968   DEBUG: AddOnLog: Tvheadend HTSP Client: pvr.hts - demux pkt idx 2:2 type _ pts 30126576000.000000 len 576
129
04:58:43.740 T:3639599968   DEBUG: AddOnLog: Tvheadend HTSP Client: pvr.hts - receive message [muxpkt]
130
04:58:43.740 T:3639599968   DEBUG: AddOnLog: Tvheadend HTSP Client: pvr.hts - demux pkt idx 3:3 type _ pts 30126590244.000000 len 139
131
04:58:43.740 T:3639599968   DEBUG: AddOnLog: Tvheadend HTSP Client: pvr.hts - receive message [muxpkt]
132
04:58:43.740 T:3639599968   DEBUG: AddOnLog: Tvheadend HTSP Client: pvr.hts - demux pkt idx 3:3 type _ pts 30126610244.000000 len 139
133
04:58:43.740 T:3639599968   DEBUG: AddOnLog: Tvheadend HTSP Client: pvr.hts - receive message [timeshiftStatus]
134
04:58:43.740 T:3639599968   DEBUG: AddOnLog: Tvheadend HTSP Client: pvr.hts - timeshiftStatus:
135
04:58:43.740 T:3639599968   DEBUG: AddOnLog: Tvheadend HTSP Client: pvr.hts -   full  : 0
136
04:58:43.740 T:3639599968   DEBUG: AddOnLog: Tvheadend HTSP Client: pvr.hts -   shift : 0
137
04:58:43.740 T:3639599968   DEBUG: AddOnLog: Tvheadend HTSP Client: pvr.hts -   start : 26460930233
138
04:58:43.740 T:3639599968   DEBUG: AddOnLog: Tvheadend HTSP Client: pvr.hts -   end   : 30127170233
139
04:58:43.741 T:3639599968   DEBUG: AddOnLog: Tvheadend HTSP Client: pvr.hts - receive message [muxpkt]
140
04:58:43.741 T:3639599968   DEBUG: AddOnLog: Tvheadend HTSP Client: pvr.hts - demux pkt idx 3:3 type _ pts 30126630244.000000 len 139
141
04:58:43.741 T:3639599968   DEBUG: AddOnLog: Tvheadend HTSP Client: pvr.hts - receive message [muxpkt]
142
04:58:43.741 T:3639599968   DEBUG: AddOnLog: Tvheadend HTSP Client: pvr.hts - demux pkt idx 3:3 type _ pts 30126650244.000000 len 139
143
04:58:43.741 T:3639599968   DEBUG: AddOnLog: Tvheadend HTSP Client: pvr.hts - receive message [muxpkt]
144
04:58:43.741 T:3639599968   DEBUG: AddOnLog: Tvheadend HTSP Client: pvr.hts - demux pkt idx 3:3 type _ pts 30126670244.000000 len 139
145
04:58:43.741 T:3639599968   DEBUG: AddOnLog: Tvheadend HTSP Client: pvr.hts - receive message [muxpkt]
146
04:58:43.742 T:3639599968   DEBUG: AddOnLog: Tvheadend HTSP Client: pvr.hts - demux pkt idx 3:3 type _ pts 30126690244.000000 len 139
147
04:58:43.742 T:3639599968   DEBUG: AddOnLog: Tvheadend HTSP Client: pvr.hts - receive message [muxpkt]
148
04:58:43.745 T:3639599968   DEBUG: AddOnLog: Tvheadend HTSP Client: pvr.hts - demux pkt idx 2:2 type _ pts 30126600000.000000 len 576
149
04:58:43.748 T:3639599968   DEBUG: AddOnLog: Tvheadend HTSP Client: pvr.hts - receive message [muxpkt]
150
04:58:43.748 T:3639599968   DEBUG: AddOnLog: Tvheadend HTSP Client: pvr.hts - demux pkt idx 2:2 type _ pts 30126624000.000000 len 576
151
04:58:43.753 T:3481863008   DEBUG: CAMLCodec::Decode: ret: 0, sz: 0, dts_in: 18442240474082.1797[2A7A], pts_in: 18442240474082.1797[2A7A], adj:2147483648, ptsOut:23859.6914, amlpts:2147372121, idx:6013741, timesize:1.0000, drain: 0
152
04:58:43.753 T:3639599968   DEBUG: AddOnLog: Tvheadend HTSP Client: pvr.hts - receive message [muxpkt]
153
04:58:43.753 T:3639599968   DEBUG: AddOnLog: Tvheadend HTSP Client: pvr.hts - demux pkt idx 2:2 type _ pts 30126648000.000000 len 576
154
04:58:43.753 T:3639599968   DEBUG: AddOnLog: Tvheadend HTSP Client: pvr.hts - receive message [muxpkt]
155
04:58:43.754 T:3639599968   DEBUG: AddOnLog: Tvheadend HTSP Client: pvr.hts - demux pkt idx 2:2 type _ pts 30126672000.000000 len 576
156
04:58:43.757 T:3639599968   DEBUG: AddOnLog: Tvheadend HTSP Client: pvr.hts - receive message [muxpkt]
157
04:58:43.757 T:3639599968   DEBUG: AddOnLog: Tvheadend HTSP Client: pvr.hts - demux pkt idx 2:2 type _ pts 30126696000.000000 len 576
158
04:58:43.758 T:3639599968   DEBUG: AddOnLog: Tvheadend HTSP Client: pvr.hts - receive message [muxpkt]
159
04:58:43.758 T:3639599968   DEBUG: AddOnLog: Tvheadend HTSP Client: pvr.hts - demux pkt idx 3:3 type _ pts 30126710244.000000 len 139
160
04:58:43.766 T:3481863008   DEBUG: CAMLCodec::Decode: ret: 0, sz: 0, dts_in: 18442240474082.1797[2A7A], pts_in: 18442240474082.1797[2A7A], adj:2147483648, ptsOut:23859.6914, amlpts:2147372121, idx:6013741, timesize:1.0000, drain: 0
161
04:58:43.766 T:3639599968   DEBUG: AddOnLog: Tvheadend HTSP Client: pvr.hts - receive message [muxpkt]
162
04:58:43.767 T:3639599968   DEBUG: AddOnLog: Tvheadend HTSP Client: pvr.hts - demux pkt idx 3:3 type _ pts 30126730244.000000 len 139
163
04:58:43.767 T:3639599968   DEBUG: AddOnLog: Tvheadend HTSP Client: pvr.hts - receive message [muxpkt]
164
04:58:43.767 T:3639599968   DEBUG: AddOnLog: Tvheadend HTSP Client: pvr.hts - demux pkt idx 3:3 type _ pts 30126750244.000000 len 139
165
04:58:43.773 T:3639599968   DEBUG: AddOnLog: Tvheadend HTSP Client: pvr.hts - receive message [muxpkt]
166
04:58:43.773 T:3639599968   DEBUG: AddOnLog: Tvheadend HTSP Client: pvr.hts - demux pkt idx 3:3 type _ pts 30126770244.000000 len 139
167
04:58:43.779 T:3481863008   DEBUG: CAMLCodec::Decode: ret: 0, sz: 0, dts_in: 18442240474082.1797[2A7A], pts_in: 18442240474082.1797[2A7A], adj:2147483648, ptsOut:23859.6914, amlpts:2147372121, idx:6013741, timesize:1.0000, drain: 0
168
04:58:43.779 T:3639599968   DEBUG: AddOnLog: Tvheadend HTSP Client: pvr.hts - receive message [muxpkt]
169
04:58:43.779 T:3639599968   DEBUG: AddOnLog: Tvheadend HTSP Client: pvr.hts - demux pkt idx 3:3 type _ pts 30126790244.000000 len 139
170
04:58:43.783 T:3639599968   DEBUG: AddOnLog: Tvheadend HTSP Client: pvr.hts - receive message [muxpkt]
171
04:58:43.793 T:3639599968   DEBUG: AddOnLog: Tvheadend HTSP Client: pvr.hts - demux pkt idx 3:3 type _ pts 30126810244.000000 len 139
172
04:58:43.793 T:3481863008   DEBUG: CAMLCodec::Decode: ret: 0, sz: 0, dts_in: 18442240474082.1797[2A7A], pts_in: 18442240474082.1797[2A7A], adj:2147483648, ptsOut:23859.6914, amlpts:2147372121, idx:6013741, timesize:1.0000, drain: 0
173
04:58:43.793 T:3639599968   DEBUG: AddOnLog: Tvheadend HTSP Client: pvr.hts - receive message [muxpkt]
174
04:58:43.794 T:3639599968   DEBUG: AddOnLog: Tvheadend HTSP Client: pvr.hts - demux pkt idx 2:2 type _ pts 30126720000.000000 len 576
175
04:58:43.794 T:3639599968   DEBUG: AddOnLog: Tvheadend HTSP Client: pvr.hts - receive message [muxpkt]
176
04:58:43.794 T:3639599968   DEBUG: AddOnLog: Tvheadend HTSP Client: pvr.hts - demux pkt idx 2:2 type _ pts 30126744000.000000 len 576
177
04:58:43.795 T:3639599968   DEBUG: AddOnLog: Tvheadend HTSP Client: pvr.hts - receive message [muxpkt]
178
04:58:43.795 T:3639599968   DEBUG: AddOnLog: Tvheadend HTSP Client: pvr.hts - demux pkt idx 2:2 type _ pts 30126768000.000000 len 576
179
04:58:43.795 T:3639599968   DEBUG: AddOnLog: Tvheadend HTSP Client: pvr.hts - receive message [muxpkt]
180
04:58:43.796 T:3639599968   DEBUG: AddOnLog: Tvheadend HTSP Client: pvr.hts - demux pkt idx 2:2 type _ pts 30126792000.000000 len 576
181
04:58:43.797 T:3639599968   DEBUG: AddOnLog: Tvheadend HTSP Client: pvr.hts - receive message [muxpkt]
182
04:58:43.797 T:3639599968   DEBUG: AddOnLog: Tvheadend HTSP Client: pvr.hts - demux pkt idx 2:2 type _ pts 30126816000.000000 len 576
183
04:58:43.798 T:3639599968   DEBUG: AddOnLog: Tvheadend HTSP Client: pvr.hts - receive message [muxpkt]
184
04:58:43.798 T:3639599968   DEBUG: AddOnLog: Tvheadend HTSP Client: pvr.hts - demux pkt idx 3:3 type _ pts 30126830244.000000 len 139
185
04:58:43.798 T:3639599968   DEBUG: AddOnLog: Tvheadend HTSP Client: pvr.hts - receive message [muxpkt]
186
04:58:43.799 T:3639599968   DEBUG: AddOnLog: Tvheadend HTSP Client: pvr.hts - demux pkt idx 3:3 type _ pts 30126850244.000000 len 139
187
04:58:43.799 T:3639599968   DEBUG: AddOnLog: Tvheadend HTSP Client: pvr.hts - receive message [muxpkt]
188
04:58:43.799 T:3639599968   DEBUG: AddOnLog: Tvheadend HTSP Client: pvr.hts - demux pkt idx 3:3 type _ pts 30126870244.000000 len 139
189
04:58:43.799 T:3639599968   DEBUG: AddOnLog: Tvheadend HTSP Client: pvr.hts - receive message [muxpkt]
190
04:58:43.799 T:3639599968   DEBUG: AddOnLog: Tvheadend HTSP Client: pvr.hts - demux pkt idx 3:3 type _ pts 30126890244.000000 len 139
191
04:58:43.799 T:3639599968   DEBUG: AddOnLog: Tvheadend HTSP Client: pvr.hts - receive message [muxpkt]
192
04:58:43.799 T:3639599968   DEBUG: AddOnLog: Tvheadend HTSP Client: pvr.hts - demux pkt idx 3:3 type _ pts 30126910244.000000 len 139
193
04:58:43.799 T:3639599968   DEBUG: AddOnLog: Tvheadend HTSP Client: pvr.hts - receive message [muxpkt]
194
04:58:43.800 T:3639599968   DEBUG: AddOnLog: Tvheadend HTSP Client: pvr.hts - demux pkt idx 3:3 type _ pts 30126930244.000000 len 139
195
04:58:43.800 T:3639599968   DEBUG: AddOnLog: Tvheadend HTSP Client: pvr.hts - receive message [muxpkt]
196
04:58:43.800 T:3639599968   DEBUG: AddOnLog: Tvheadend HTSP Client: pvr.hts - demux pkt idx 2:2 type _ pts 30126840000.000000 len 576
197
04:58:43.800 T:3639599968   DEBUG: AddOnLog: Tvheadend HTSP Client: pvr.hts - receive message [muxpkt]
198
04:58:43.801 T:3639599968   DEBUG: AddOnLog: Tvheadend HTSP Client: pvr.hts - demux pkt idx 2:2 type _ pts 30126864000.000000 len 576
199
04:58:43.801 T:3639599968   DEBUG: AddOnLog: Tvheadend HTSP Client: pvr.hts - receive message [muxpkt]
200
04:58:43.801 T:3639599968   DEBUG: AddOnLog: Tvheadend HTSP Client: pvr.hts - demux pkt idx 2:2 type _ pts 30126888000.000000 len 576
201
04:58:43.801 T:3639599968   DEBUG: AddOnLog: Tvheadend HTSP Client: pvr.hts - receive message [muxpkt]
202
04:58:43.802 T:3639599968   DEBUG: AddOnLog: Tvheadend HTSP Client: pvr.hts - demux pkt idx 2:2 type _ pts 30126912000.000000 len 576
203
04:58:43.802 T:3639599968   DEBUG: AddOnLog: Tvheadend HTSP Client: pvr.hts - receive message [muxpkt]
204
04:58:43.802 T:3639599968   DEBUG: AddOnLog: Tvheadend HTSP Client: pvr.hts - demux pkt idx 2:2 type _ pts 30126936000.000000 len 576
205
04:58:43.802 T:3639599968   DEBUG: AddOnLog: Tvheadend HTSP Client: pvr.hts - receive message [muxpkt]
206
04:58:43.802 T:3639599968   DEBUG: AddOnLog: Tvheadend HTSP Client: pvr.hts - demux pkt idx 3:3 type _ pts 30126950244.000000 len 139
207
04:58:43.802 T:3639599968   DEBUG: AddOnLog: Tvheadend HTSP Client: pvr.hts - receive message [muxpkt]
208
04:58:43.802 T:3639599968   DEBUG: AddOnLog: Tvheadend HTSP Client: pvr.hts - demux pkt idx 3:3 type _ pts 30126970244.000000 len 139
209
04:58:43.803 T:3639599968   DEBUG: AddOnLog: Tvheadend HTSP Client: pvr.hts - receive message [muxpkt]
210
04:58:43.803 T:3639599968   DEBUG: AddOnLog: Tvheadend HTSP Client: pvr.hts - demux pkt idx 3:3 type _ pts 30126990244.000000 len 139
211
04:58:43.803 T:3639599968   DEBUG: AddOnLog: Tvheadend HTSP Client: pvr.hts - receive message [muxpkt]
212
04:58:43.803 T:3639599968   DEBUG: AddOnLog: Tvheadend HTSP Client: pvr.hts - demux pkt idx 3:3 type _ pts 30127010244.000000 len 139
213
04:58:43.803 T:3481863008   DEBUG: CAMLCodec::Decode: ret: 0, sz: 0, dts_in: 18442240474082.1797[2A7A], pts_in: 18442240474082.1797[2A7A], adj:2147483648, ptsOut:23859.6914, amlpts:2147372121, idx:6013741, timesize:1.0000, drain: 0
214
04:58:43.804 T:3639599968   DEBUG: AddOnLog: Tvheadend HTSP Client: pvr.hts - receive message [muxpkt]
215
04:58:43.804 T:3639599968   DEBUG: AddOnLog: Tvheadend HTSP Client: pvr.hts - demux pkt idx 3:3 type _ pts 30127030244.000000 len 139
216
04:58:43.804 T:3639599968   DEBUG: AddOnLog: Tvheadend HTSP Client: pvr.hts - receive message [muxpkt]
217
04:58:43.804 T:3639599968   DEBUG: AddOnLog: Tvheadend HTSP Client: pvr.hts - demux pkt idx 3:3 type _ pts 30127050244.000000 len 139
218
04:58:43.804 T:3639599968   DEBUG: AddOnLog: Tvheadend HTSP Client: pvr.hts - receive message [muxpkt]
219
04:58:43.808 T:3639599968   DEBUG: AddOnLog: Tvheadend HTSP Client: pvr.hts - demux pkt idx 2:2 type _ pts 30126960000.000000 len 576
220
04:58:43.808 T:3639599968   DEBUG: AddOnLog: Tvheadend HTSP Client: pvr.hts - receive message [muxpkt]
221
04:58:43.809 T:3639599968   DEBUG: AddOnLog: Tvheadend HTSP Client: pvr.hts - demux pkt idx 2:2 type _ pts 30126984000.000000 len 576
222
04:58:43.809 T:3639599968   DEBUG: AddOnLog: Tvheadend HTSP Client: pvr.hts - receive message [muxpkt]
223
04:58:43.809 T:3639599968   DEBUG: AddOnLog: Tvheadend HTSP Client: pvr.hts - demux pkt idx 2:2 type _ pts 30127008000.000000 len 576
224
04:58:43.809 T:3639599968   DEBUG: AddOnLog: Tvheadend HTSP Client: pvr.hts - receive message [muxpkt]
225
04:58:43.809 T:3639599968   DEBUG: AddOnLog: Tvheadend HTSP Client: pvr.hts - demux pkt idx 2:2 type _ pts 30127032000.000000 len 576
226
04:58:43.810 T:3639599968   DEBUG: AddOnLog: Tvheadend HTSP Client: pvr.hts - receive message [muxpkt]
227
04:58:43.810 T:3639599968   DEBUG: AddOnLog: Tvheadend HTSP Client: pvr.hts - demux pkt idx 2:2 type _ pts 30127056000.000000 len 576
228
04:58:43.810 T:3639599968   DEBUG: AddOnLog: Tvheadend HTSP Client: pvr.hts - receive message [muxpkt]
229
04:58:43.810 T:3639599968   DEBUG: AddOnLog: Tvheadend HTSP Client: pvr.hts - demux pkt idx 3:3 type _ pts 30127070244.000000 len 139
230
04:58:43.810 T:3639599968   DEBUG: AddOnLog: Tvheadend HTSP Client: pvr.hts - receive message [muxpkt]
231
04:58:43.810 T:3639599968   DEBUG: AddOnLog: Tvheadend HTSP Client: pvr.hts - demux pkt idx 3:3 type _ pts 30127090244.000000 len 139
232
04:58:43.811 T:3639599968   DEBUG: AddOnLog: Tvheadend HTSP Client: pvr.hts - receive message [muxpkt]
233
04:58:43.811 T:3639599968   DEBUG: AddOnLog: Tvheadend HTSP Client: pvr.hts - demux pkt idx 3:3 type _ pts 30127110244.000000 len 139
234
04:58:43.811 T:3639599968   DEBUG: AddOnLog: Tvheadend HTSP Client: pvr.hts - receive message [muxpkt]
235
04:58:43.811 T:3639599968   DEBUG: AddOnLog: Tvheadend HTSP Client: pvr.hts - demux pkt idx 3:3 type _ pts 30127130244.000000 len 139
236
04:58:43.815 T:3481863008   DEBUG: CAMLCodec::Decode: ret: 0, sz: 0, dts_in: 18442240474082.1797[2A7A], pts_in: 18442240474082.1797[2A7A], adj:2147483648, ptsOut:23859.6914, amlpts:2147372121, idx:6013741, timesize:1.0000, drain: 0
237
04:58:43.815 T:3639599968   DEBUG: AddOnLog: Tvheadend HTSP Client: pvr.hts - receive message [muxpkt]
238
04:58:43.815 T:3639599968   DEBUG: AddOnLog: Tvheadend HTSP Client: pvr.hts - demux pkt idx 3:3 type _ pts 30127150244.000000 len 139
239
04:58:43.816 T:3639599968   DEBUG: AddOnLog: Tvheadend HTSP Client: pvr.hts - receive message [muxpkt]
240
04:58:43.816 T:3639599968   DEBUG: AddOnLog: Tvheadend HTSP Client: pvr.hts - demux pkt idx 3:3 type _ pts 30127170244.000000 len 139
241
04:58:43.816 T:3639599968   DEBUG: AddOnLog: Tvheadend HTSP Client: pvr.hts - receive message [muxpkt]
242
04:58:43.816 T:3639599968   DEBUG: AddOnLog: Tvheadend HTSP Client: pvr.hts - demux pkt idx 3:3 type _ pts 30127190244.000000 len 139
243
04:58:43.826 T:3481863008   DEBUG: CAMLCodec::Decode: ret: 0, sz: 0, dts_in: 18442240474082.1797[2A7A], pts_in: 18442240474082.1797[2A7A], adj:2147483648, ptsOut:23859.6914, amlpts:2147372121, idx:6013741, timesize:1.0000, drain: 0
244
04:58:43.846 T:3639599968   DEBUG: Previous line repeats 2 times.
245
04:58:43.852 T:3639599968   DEBUG: AddOnLog: Tvheadend HTSP Client: pvr.hts - receive message [muxpkt]
246
04:58:43.854 T:3639599968   DEBUG: AddOnLog: Tvheadend HTSP Client: pvr.hts - demux pkt idx 3:3 type _ pts 30127210244.000000 len 139
247
04:58:43.855 T:3639599968   DEBUG: AddOnLog: Tvheadend HTSP Client: pvr.hts - receive message [muxpkt]
248
04:58:43.855 T:3639599968   DEBUG: AddOnLog: Tvheadend HTSP Client: pvr.hts - demux pkt idx 2:2 type _ pts 30127080000.000000 len 576
249
04:58:43.855 T:3639599968   DEBUG: AddOnLog: Tvheadend HTSP Client: pvr.hts - receive message [muxpkt]
250
04:58:43.855 T:3639599968   DEBUG: AddOnLog: Tvheadend HTSP Client: pvr.hts - demux pkt idx 2:2 type _ pts 30127104000.000000 len 576
251
04:58:43.856 T:3639599968   DEBUG: AddOnLog: Tvheadend HTSP Client: pvr.hts - receive message [muxpkt]
252
04:58:43.856 T:3639599968   DEBUG: AddOnLog: Tvheadend HTSP Client: pvr.hts - demux pkt idx 2:2 type _ pts 30127128000.000000 len 576
253
04:58:43.856 T:3639599968   DEBUG: AddOnLog: Tvheadend HTSP Client: pvr.hts - receive message [muxpkt]
254
04:58:43.856 T:3639599968   DEBUG: AddOnLog: Tvheadend HTSP Client: pvr.hts - demux pkt idx 2:2 type _ pts 30127152000.000000 len 576
255
04:58:43.856 T:3639599968   DEBUG: AddOnLog: Tvheadend HTSP Client: pvr.hts - receive message [muxpkt]
256
04:58:43.856 T:3639599968   DEBUG: AddOnLog: Tvheadend HTSP Client: pvr.hts - demux pkt idx 2:2 type _ pts 30127176000.000000 len 576
257
04:58:43.856 T:3639599968   DEBUG: AddOnLog: Tvheadend HTSP Client: pvr.hts - receive message [muxpkt]
258
04:58:43.857 T:3639599968   DEBUG: AddOnLog: Tvheadend HTSP Client: pvr.hts - demux pkt idx 3:3 type _ pts 30127230244.000000 len 139
259
04:58:43.857 T:3481863008   DEBUG: CAMLCodec::Decode: ret: 0, sz: 0, dts_in: 18442240474082.1797[2A7A], pts_in: 18442240474082.1797[2A7A], adj:2147483648, ptsOut:23859.6914, amlpts:2147372121, idx:6013741, timesize:1.0000, drain: 0
260
04:58:43.857 T:3639599968   DEBUG: AddOnLog: Tvheadend HTSP Client: pvr.hts - receive message [muxpkt]
261
04:58:43.857 T:3639599968   DEBUG: AddOnLog: Tvheadend HTSP Client: pvr.hts - demux pkt idx 3:3 type _ pts 30127250244.000000 len 139
262
04:58:43.857 T:3639599968   DEBUG: AddOnLog: Tvheadend HTSP Client: pvr.hts - receive message [muxpkt]
263
04:58:43.857 T:3639599968   DEBUG: AddOnLog: Tvheadend HTSP Client: pvr.hts - demux pkt idx 3:3 type _ pts 30127270244.000000 len 139
264
04:58:43.857 T:3639599968   DEBUG: AddOnLog: Tvheadend HTSP Client: pvr.hts - receive message [muxpkt]
265
04:58:43.857 T:3639599968   DEBUG: AddOnLog: Tvheadend HTSP Client: pvr.hts - demux pkt idx 3:3 type _ pts 30127290244.000000 len 139
266
04:58:43.857 T:3639599968   DEBUG: AddOnLog: Tvheadend HTSP Client: pvr.hts - receive message [muxpkt]
267
04:58:43.858 T:3639599968   DEBUG: AddOnLog: Tvheadend HTSP Client: pvr.hts - demux pkt idx 2:2 type _ pts 30127200000.000000 len 576
268
04:58:43.858 T:3639599968   DEBUG: AddOnLog: Tvheadend HTSP Client: pvr.hts - receive message [muxpkt]
269
04:58:43.858 T:3639599968   DEBUG: AddOnLog: Tvheadend HTSP Client: pvr.hts - demux pkt idx 2:2 type _ pts 30127224000.000000 len 576
270
04:58:43.858 T:3639599968   DEBUG: AddOnLog: Tvheadend HTSP Client: pvr.hts - receive message [muxpkt]
271
04:58:43.858 T:3639599968   DEBUG: AddOnLog: Tvheadend HTSP Client: pvr.hts - demux pkt idx 2:2 type _ pts 30127248000.000000 len 576
272
04:58:43.858 T:3639599968   DEBUG: AddOnLog: Tvheadend HTSP Client: pvr.hts - receive message [muxpkt]
273
04:58:43.859 T:3639599968   DEBUG: AddOnLog: Tvheadend HTSP Client: pvr.hts - demux pkt idx 2:2 type _ pts 30127272000.000000 len 576
274
04:58:43.859 T:3639599968   DEBUG: AddOnLog: Tvheadend HTSP Client: pvr.hts - receive message [muxpkt]
275
04:58:43.859 T:3639599968   DEBUG: AddOnLog: Tvheadend HTSP Client: pvr.hts - demux pkt idx 2:2 type _ pts 30127296000.000000 len 576
276
04:58:43.859 T:3639599968   DEBUG: AddOnLog: Tvheadend HTSP Client: pvr.hts - receive message [muxpkt]
277
04:58:43.859 T:3639599968   DEBUG: AddOnLog: Tvheadend HTSP Client: pvr.hts - demux pkt idx 3:3 type _ pts 30127310244.000000 len 139
278
04:58:43.859 T:3639599968   DEBUG: AddOnLog: Tvheadend HTSP Client: pvr.hts - receive message [muxpkt]
279
04:58:43.859 T:3639599968   DEBUG: AddOnLog: Tvheadend HTSP Client: pvr.hts - demux pkt idx 3:3 type _ pts 30127330244.000000 len 139
280
04:58:43.867 T:3481863008   DEBUG: CAMLCodec::Decode: ret: 0, sz: 0, dts_in: 18442240474082.1797[2A7A], pts_in: 18442240474082.1797[2A7A], adj:2147483648, ptsOut:23859.6914, amlpts:2147372121, idx:6013741, timesize:1.0000, drain: 0
281
04:58:45.168 T:3639599968   DEBUG: Previous line repeats 121 times.
282
04:58:45.969 T:3639599968   DEBUG: AddOnLog: Tvheadend HTSP Client: pvr.hts - receive message [muxpkt]
283
04:58:46.002 T:3481863008   DEBUG: CAMLCodec::Decode: ret: 0, sz: 0, dts_in: 18442240474082.1797[2A7A], pts_in: 18442240474082.1797[2A7A], adj:2147483648, ptsOut:23859.6914, amlpts:2147372121, idx:6013741, timesize:1.0000, drain: 0
284
04:58:46.072 T:3639599968   DEBUG: AddOnLog: Tvheadend HTSP Client: pvr.hts - demux pkt idx 1:1 type I pts 30127890244.000000 len 22438
285
04:58:46.250 T:3481863008   DEBUG: CAMLCodec::Decode: ret: 0, sz: 0, dts_in: 18442240474082.1797[2A7A], pts_in: 18442240474082.1797[2A7A], adj:2147483648, ptsOut:23859.6914, amlpts:2147372121, idx:6013741, timesize:1.0000, drain: 0
286
04:58:46.379 T:3639599968   DEBUG: AddOnLog: Tvheadend HTSP Client: pvr.hts - receive message [queueStatus]
287
04:58:46.467 T:3481863008   DEBUG: CAMLCodec::Decode: ret: 0, sz: 0, dts_in: 18442240474082.1797[2A7A], pts_in: 18442240474082.1797[2A7A], adj:2147483648, ptsOut:23859.6914, amlpts:2147372121, idx:6013741, timesize:1.0000, drain: 0
288
04:58:46.764 T:3639599968   DEBUG: Previous line repeats 1 times.
289
04:58:46.788 T:3639599968   DEBUG: AddOnLog: Tvheadend HTSP Client: pvr.hts - stream stats:
290
04:58:46.827 T:3481863008   DEBUG: CAMLCodec::Decode: ret: 0, sz: 0, dts_in: 18442240474082.1797[2A7A], pts_in: 18442240474082.1797[2A7A], adj:2147483648, ptsOut:23859.6914, amlpts:2147372121, idx:6013741, timesize:1.0000, drain: 0
291
04:58:46.948 T:3639599968   DEBUG: AddOnLog: Tvheadend HTSP Client: pvr.hts -   idx:1 num:720959
292
04:58:46.958 T:3481863008   DEBUG: CAMLCodec::Decode: ret: 0, sz: 0, dts_in: 18442240474082.1797[2A7A], pts_in: 18442240474082.1797[2A7A], adj:2147483648, ptsOut:23859.6914, amlpts:2147372121, idx:6013741, timesize:1.0000, drain: 0
293
04:58:46.971 T:3639599968   DEBUG: Previous line repeats 1 times.
294
04:58:46.971 T:3639599968   DEBUG: AddOnLog: Tvheadend HTSP Client: pvr.hts -   idx:2 num:1255194
295
04:58:46.971 T:3639599968   DEBUG: AddOnLog: Tvheadend HTSP Client: pvr.hts -   idx:3 num:1506309
296
04:58:46.971 T:3639599968   DEBUG: AddOnLog: Tvheadend HTSP Client: pvr.hts -   idx:4 num:7499
297
04:58:46.971 T:3639599968   DEBUG: AddOnLog: Tvheadend HTSP Client: pvr.hts - queue stats:
298
04:58:46.971 T:3639599968   DEBUG: AddOnLog: Tvheadend HTSP Client: pvr.hts -   pkts  12340
299
04:58:46.971 T:3639599968   DEBUG: AddOnLog: Tvheadend HTSP Client: pvr.hts -   bytes 6147522
300
04:58:47.119 T:3481863008   DEBUG: CAMLCodec::Decode: ret: 0, sz: 0, dts_in: 18442240474082.1797[2A7A], pts_in: 18442240474082.1797[2A7A], adj:2147483648, ptsOut:23859.6914, amlpts:2147372121, idx:6013741, timesize:1.0000, drain: 0
301
04:58:47.709 T:3639599968   DEBUG: Previous line repeats 28 times.
302
04:58:47.752 T:3639599968   DEBUG: AddOnLog: Tvheadend HTSP Client: pvr.hts -   delay 132250244
303
04:58:47.753 T:3481863008   DEBUG: CAMLCodec::Decode: ret: 0, sz: 0, dts_in: 18442240474082.1797[2A7A], pts_in: 18442240474082.1797[2A7A], adj:2147483648, ptsOut:23859.6914, amlpts:2147372121, idx:6013741, timesize:1.0000, drain: 0
304
04:58:47.867 T:3639599968   DEBUG: Previous line repeats 10 times.
305
04:58:47.892 T:3639599968   DEBUG: AddOnLog: Tvheadend HTSP Client: pvr.hts -   Idrop 489
306
04:58:47.892 T:3481863008   DEBUG: CAMLCodec::Decode: ret: 0, sz: 0, dts_in: 18442240474082.1797[2A7A], pts_in: 18442240474082.1797[2A7A], adj:2147483648, ptsOut:23859.6914, amlpts:2147372121, idx:6013741, timesize:1.0000, drain: 0
307
04:58:47.914 T:3639599968   DEBUG: Previous line repeats 1 times.
308
04:58:47.914 T:3639599968   DEBUG: AddOnLog: Tvheadend HTSP Client: pvr.hts -   Pdrop 10347
309
04:58:47.914 T:3639599968   DEBUG: AddOnLog: Tvheadend HTSP Client: pvr.hts -   Bdrop 24562
310
04:58:47.914 T:3639599968   DEBUG: AddOnLog: Tvheadend HTSP Client: pvr.hts - receive message [signalStatus]
311
04:58:47.914 T:3639599968   DEBUG: AddOnLog: Tvheadend HTSP Client: pvr.hts - signalStatus:
312
04:58:47.914 T:3639599968   DEBUG: AddOnLog: Tvheadend HTSP Client: pvr.hts -   status : GOOD
313
04:58:47.914 T:3639599968   DEBUG: AddOnLog: Tvheadend HTSP Client: pvr.hts -   ber    : 0
314
04:58:47.914 T:3639599968   DEBUG: AddOnLog: Tvheadend HTSP Client: pvr.hts -   unc    : 0
315
04:58:47.914 T:3639599968   DEBUG: AddOnLog: Tvheadend HTSP Client: pvr.hts - receive message [muxpkt]
316
04:58:47.916 T:3481863008   DEBUG: CAMLCodec::Decode: ret: 0, sz: 0, dts_in: 18442240474082.1797[2A7A], pts_in: 18442240474082.1797[2A7A], adj:2147483648, ptsOut:23859.6914, amlpts:2147372121, idx:6013741, timesize:1.0000, drain: 0
317
04:58:47.926 T:3639599968   DEBUG: Previous line repeats 1 times.
318
04:58:47.932 T:3639599968   DEBUG: AddOnLog: Tvheadend HTSP Client: pvr.hts - demux pkt idx 3:3 type _ pts 30127350244.000000 len 139
319
04:58:47.932 T:3639599968   DEBUG: AddOnLog: Tvheadend HTSP Client: pvr.hts - receive message [muxpkt]
320
04:58:47.932 T:3639599968   DEBUG: AddOnLog: Tvheadend HTSP Client: pvr.hts - demux pkt idx 3:3 type _ pts 30127370244.000000 len 139
321
04:58:47.932 T:3639599968   DEBUG: AddOnLog: Tvheadend HTSP Client: pvr.hts - receive message [muxpkt]
322
04:58:47.932 T:3639599968   DEBUG: AddOnLog: Tvheadend HTSP Client: pvr.hts - demux pkt idx 3:3 type _ pts 30127390244.000000 len 139
323
04:58:47.932 T:3639599968   DEBUG: AddOnLog: Tvheadend HTSP Client: pvr.hts - receive message [muxpkt]
324
04:58:47.932 T:3639599968   DEBUG: AddOnLog: Tvheadend HTSP Client: pvr.hts - demux pkt idx 3:3 type _ pts 30127410244.000000 len 139
325
04:58:47.933 T:3639599968   DEBUG: AddOnLog: Tvheadend HTSP Client: pvr.hts - receive message [muxpkt]
326
04:58:47.951 T:3481863008   DEBUG: CAMLCodec::Decode: ret: 0, sz: 0, dts_in: 18442240474082.1797[2A7A], pts_in: 18442240474082.1797[2A7A], adj:2147483648, ptsOut:23859.6914, amlpts:2147372121, idx:6013741, timesize:1.0000, drain: 0
327
04:58:47.952 T:3639599968   DEBUG: AddOnLog: Tvheadend HTSP Client: pvr.hts - demux pkt idx 2:2 type _ pts 30127320000.000000 len 576
328
04:58:47.952 T:3639599968   DEBUG: AddOnLog: Tvheadend HTSP Client: pvr.hts - receive message [muxpkt]
329
04:58:47.952 T:3639599968   DEBUG: AddOnLog: Tvheadend HTSP Client: pvr.hts - demux pkt idx 2:2 type _ pts 30127344000.000000 len 576
330
04:58:47.953 T:3639599968   DEBUG: AddOnLog: Tvheadend HTSP Client: pvr.hts - receive message [muxpkt]
331
04:58:47.953 T:3639599968   DEBUG: AddOnLog: Tvheadend HTSP Client: pvr.hts - demux pkt idx 2:2 type _ pts 30127368000.000000 len 576
332
04:58:47.953 T:3639599968   DEBUG: AddOnLog: Tvheadend HTSP Client: pvr.hts - receive message [muxpkt]
333
04:58:47.953 T:3639599968   DEBUG: AddOnLog: Tvheadend HTSP Client: pvr.hts - demux pkt idx 2:2 type _ pts 30127392000.000000 len 576
334
04:58:47.953 T:3639599968   DEBUG: AddOnLog: Tvheadend HTSP Client: pvr.hts - receive message [muxpkt]
335
04:58:47.954 T:3639599968   DEBUG: AddOnLog: Tvheadend HTSP Client: pvr.hts - demux pkt idx 2:2 type _ pts 30127416000.000000 len 576
336
04:58:47.954 T:3639599968   DEBUG: AddOnLog: Tvheadend HTSP Client: pvr.hts - receive message [muxpkt]
337
04:58:47.954 T:3639599968   DEBUG: AddOnLog: Tvheadend HTSP Client: pvr.hts - demux pkt idx 3:3 type _ pts 30127430244.000000 len 139
338
04:58:47.954 T:3639599968   DEBUG: AddOnLog: Tvheadend HTSP Client: pvr.hts - receive message [muxpkt]
339
04:58:47.954 T:3639599968   DEBUG: AddOnLog: Tvheadend HTSP Client: pvr.hts - demux pkt idx 3:3 type _ pts 30127450244.000000 len 139
340
04:58:47.954 T:3639599968   DEBUG: AddOnLog: Tvheadend HTSP Client: pvr.hts - receive message [muxpkt]
341
04:58:47.955 T:3639599968   DEBUG: AddOnLog: Tvheadend HTSP Client: pvr.hts - demux pkt idx 3:3 type _ pts 30127470244.000000 len 139
342
04:58:47.955 T:3639599968   DEBUG: AddOnLog: Tvheadend HTSP Client: pvr.hts - receive message [muxpkt]
343
04:58:47.955 T:3639599968   DEBUG: AddOnLog: Tvheadend HTSP Client: pvr.hts - demux pkt idx 3:3 type _ pts 30127490244.000000 len 139
344
04:58:47.955 T:3639599968   DEBUG: AddOnLog: Tvheadend HTSP Client: pvr.hts - receive message [muxpkt]
345
04:58:47.955 T:3639599968   DEBUG: AddOnLog: Tvheadend HTSP Client: pvr.hts - demux pkt idx 3:3 type _ pts 30127510244.000000 len 139
346
04:58:47.955 T:3639599968   DEBUG: AddOnLog: Tvheadend HTSP Client: pvr.hts - receive message [muxpkt]
347
04:58:47.955 T:3639599968   DEBUG: AddOnLog: Tvheadend HTSP Client: pvr.hts - demux pkt idx 3:3 type _ pts 30127530244.000000 len 139
348
04:58:47.956 T:3639599968   DEBUG: AddOnLog: Tvheadend HTSP Client: pvr.hts - receive message [muxpkt]
349
04:58:47.956 T:3639599968   DEBUG: AddOnLog: Tvheadend HTSP Client: pvr.hts - demux pkt idx 2:2 type _ pts 30127440000.000000 len 576
350
04:58:47.956 T:3639599968   DEBUG: AddOnLog: Tvheadend HTSP Client: pvr.hts - receive message [muxpkt]
351
04:58:47.956 T:3639599968   DEBUG: AddOnLog: Tvheadend HTSP Client: pvr.hts - demux pkt idx 2:2 type _ pts 30127464000.000000 len 576
352
04:58:47.956 T:3639599968   DEBUG: AddOnLog: Tvheadend HTSP Client: pvr.hts - receive message [muxpkt]
353
04:58:47.957 T:3639599968   DEBUG: AddOnLog: Tvheadend HTSP Client: pvr.hts - demux pkt idx 2:2 type _ pts 30127488000.000000 len 576
354
04:58:47.957 T:3639599968   DEBUG: AddOnLog: Tvheadend HTSP Client: pvr.hts - receive message [muxpkt]
355
04:58:47.957 T:3639599968   DEBUG: AddOnLog: Tvheadend HTSP Client: pvr.hts - demux pkt idx 2:2 type _ pts 30127512000.000000 len 576
356
04:58:47.957 T:3639599968   DEBUG: AddOnLog: Tvheadend HTSP Client: pvr.hts - receive message [muxpkt]
357
04:58:47.957 T:3639599968   DEBUG: AddOnLog: Tvheadend HTSP Client: pvr.hts - demux pkt idx 2:2 type _ pts 30127536000.000000 len 576
358
04:58:47.957 T:3639599968   DEBUG: AddOnLog: Tvheadend HTSP Client: pvr.hts - receive message [muxpkt]
359
04:58:47.958 T:3639599968   DEBUG: AddOnLog: Tvheadend HTSP Client: pvr.hts - demux pkt idx 3:3 type _ pts 30127550244.000000 len 139
360
04:58:47.958 T:3639599968   DEBUG: AddOnLog: Tvheadend HTSP Client: pvr.hts - receive message [muxpkt]
361
04:58:47.958 T:3639599968   DEBUG: AddOnLog: Tvheadend HTSP Client: pvr.hts - demux pkt idx 3:3 type _ pts 30127570244.000000 len 139
362
04:58:47.958 T:3639599968   DEBUG: AddOnLog: Tvheadend HTSP Client: pvr.hts - receive message [muxpkt]
363
04:58:47.958 T:3639599968   DEBUG: AddOnLog: Tvheadend HTSP Client: pvr.hts - demux pkt idx 3:3 type _ pts 30127590244.000000 len 139
364
04:58:47.958 T:3639599968   DEBUG: AddOnLog: Tvheadend HTSP Client: pvr.hts - receive message [muxpkt]
365
04:58:47.958 T:3639599968   DEBUG: AddOnLog: Tvheadend HTSP Client: pvr.hts - demux pkt idx 3:3 type _ pts 30127610244.000000 len 139
366
04:58:47.958 T:3639599968   DEBUG: AddOnLog: Tvheadend HTSP Client: pvr.hts - receive message [muxpkt]
367
04:58:47.959 T:3639599968   DEBUG: AddOnLog: Tvheadend HTSP Client: pvr.hts - demux pkt idx 3:3 type _ pts 30127630244.000000 len 139
368
04:58:47.959 T:3639599968   DEBUG: AddOnLog: Tvheadend HTSP Client: pvr.hts - receive message [timeshiftStatus]
369
04:58:47.959 T:3639599968   DEBUG: AddOnLog: Tvheadend HTSP Client: pvr.hts - timeshiftStatus:
370
04:58:47.959 T:3639599968   DEBUG: AddOnLog: Tvheadend HTSP Client: pvr.hts -   full  : 0
371
04:58:47.959 T:3639599968   DEBUG: AddOnLog: Tvheadend HTSP Client: pvr.hts -   shift : 0
372
04:58:47.959 T:3639599968   DEBUG: AddOnLog: Tvheadend HTSP Client: pvr.hts -   start : 26460930233
373
04:58:47.959 T:3639599968   DEBUG: AddOnLog: Tvheadend HTSP Client: pvr.hts -   end   : 30128130233
374
04:58:47.959 T:3639599968   DEBUG: AddOnLog: Tvheadend HTSP Client: pvr.hts - receive message [muxpkt]
375
04:58:47.959 T:3639599968   DEBUG: AddOnLog: Tvheadend HTSP Client: pvr.hts - demux pkt idx 3:3 type _ pts 30127650244.000000 len 139
376
04:58:47.960 T:3639599968   DEBUG: AddOnLog: Tvheadend HTSP Client: pvr.hts - receive message [queueStatus]
377
04:58:47.960 T:3639599968   DEBUG: AddOnLog: Tvheadend HTSP Client: pvr.hts - stream stats:
378
04:58:47.960 T:3639599968   DEBUG: AddOnLog: Tvheadend HTSP Client: pvr.hts -   idx:1 num:720959
379
04:58:47.962 T:3481863008   DEBUG: CAMLCodec::Decode: ret: 0, sz: 0, dts_in: 18442240474082.1797[2A7A], pts_in: 18442240474082.1797[2A7A], adj:2147483648, ptsOut:23859.6914, amlpts:2147372121, idx:6013741, timesize:1.0000, drain: 0
380
04:58:47.982 T:3639599968   DEBUG: Previous line repeats 1 times.
381
04:58:47.982 T:3639599968   DEBUG: AddOnLog: Tvheadend HTSP Client: pvr.hts -   idx:2 num:1255204
382
04:58:47.982 T:3639599968   DEBUG: AddOnLog: Tvheadend HTSP Client: pvr.hts -   idx:3 num:1506325
383
04:58:47.982 T:3639599968   DEBUG: AddOnLog: Tvheadend HTSP Client: pvr.hts -   idx:4 num:7499
384
04:58:47.982 T:3639599968   DEBUG: AddOnLog: Tvheadend HTSP Client: pvr.hts - queue stats:
385
04:58:47.982 T:3639599968   DEBUG: AddOnLog: Tvheadend HTSP Client: pvr.hts -   pkts  12393
386
04:58:47.982 T:3639599968   DEBUG: AddOnLog: Tvheadend HTSP Client: pvr.hts -   bytes 6165814
387
04:58:47.982 T:3639599968   DEBUG: AddOnLog: Tvheadend HTSP Client: pvr.hts -   delay 132890244
388
04:58:47.982 T:3639599968   DEBUG: AddOnLog: Tvheadend HTSP Client: pvr.hts -   Idrop 490
389
04:58:47.982 T:3639599968   DEBUG: AddOnLog: Tvheadend HTSP Client: pvr.hts -   Pdrop 10355
390
04:58:47.982 T:3639599968   DEBUG: AddOnLog: Tvheadend HTSP Client: pvr.hts -   Bdrop 24578
391
04:58:47.982 T:3639599968   DEBUG: AddOnLog: Tvheadend HTSP Client: pvr.hts - receive message [signalStatus]
392
