04:58:42.589 T:3639599968 DEBUG: AddOnLog: Tvheadend HTSP Client: pvr.hts - demux pkt idx 2:2 type _ pts 30126096000.000000 len 576
04:58:42.589 T:3639599968 DEBUG: AddOnLog: Tvheadend HTSP Client: pvr.hts - receive message [muxpkt]
04:58:42.589 T:3639599968 DEBUG: AddOnLog: Tvheadend HTSP Client: pvr.hts - demux pkt idx 3:3 type _ pts 30126110244.000000 len 139
04:58:42.590 T:3639599968 DEBUG: AddOnLog: Tvheadend HTSP Client: pvr.hts - receive message [muxpkt]
04:58:42.590 T:3639599968 DEBUG: AddOnLog: Tvheadend HTSP Client: pvr.hts - demux pkt idx 3:3 type _ pts 30126130244.000000 len 139
04:58:42.590 T:3639599968 DEBUG: AddOnLog: Tvheadend HTSP Client: pvr.hts - receive message [muxpkt]
04:58:42.590 T:3639599968 DEBUG: AddOnLog: Tvheadend HTSP Client: pvr.hts - demux pkt idx 3:3 type _ pts 30126150244.000000 len 139
04:58:42.591 T:3481863008 DEBUG: CAMLCodec::Decode: ret: 0, sz: 0, dts_in: 18442240474082.1797[2A7A], pts_in: 18442240474082.1797[2A7A], adj:2147483648, ptsOut:23859.6914, amlpts:2147372121, idx:6013741, timesize:1.0000, drain: 0
04:58:43.247 T:3639599968 DEBUG: Previous line repeats 62 times.
04:58:43.267 T:3639599968 DEBUG: AddOnLog: Tvheadend HTSP Client: pvr.hts - receive message [muxpkt]
04:58:43.267 T:3481863008 DEBUG: CAMLCodec::Decode: ret: 0, sz: 0, dts_in: 18442240474082.1797[2A7A], pts_in: 18442240474082.1797[2A7A], adj:2147483648, ptsOut:23859.6914, amlpts:2147372121, idx:6013741, timesize:1.0000, drain: 0
04:58:43.439 T:3639599968 DEBUG: Previous line repeats 11 times.
04:58:43.461 T:3639599968 DEBUG: AddOnLog: Tvheadend HTSP Client: pvr.hts - demux pkt idx 1:1 type I pts 30126690244.000000 len 19853
04:58:43.462 T:3481863008 DEBUG: CAMLCodec::Decode: ret: 0, sz: 0, dts_in: 18442240474082.1797[2A7A], pts_in: 18442240474082.1797[2A7A], adj:2147483648, ptsOut:23859.6914, amlpts:2147372121, idx:6013741, timesize:1.0000, drain: 0
04:58:43.572 T:3639599968 DEBUG: Previous line repeats 3 times.
04:58:43.572 T:3639599968 DEBUG: AddOnLog: Tvheadend HTSP Client: pvr.hts - receive message [queueStatus]
04:58:43.572 T:3639599968 DEBUG: AddOnLog: Tvheadend HTSP Client: pvr.hts - stream stats:
04:58:43.572 T:3639599968 DEBUG: AddOnLog: Tvheadend HTSP Client: pvr.hts - idx:1 num:720958
04:58:43.573 T:3639599968 DEBUG: AddOnLog: Tvheadend HTSP Client: pvr.hts - idx:2 num:1255144
04:58:43.573 T:3639599968 DEBUG: AddOnLog: Tvheadend HTSP Client: pvr.hts - idx:3 num:1506250
04:58:43.583 T:3481863008 DEBUG: CAMLCodec::Decode: ret: 0, sz: 0, dts_in: 18442240474082.1797[2A7A], pts_in: 18442240474082.1797[2A7A], adj:2147483648, ptsOut:23859.6914, amlpts:2147372121, idx:6013741, timesize:1.0000, drain: 0
04:58:43.588 T:3639599968 DEBUG: AddOnLog: Tvheadend HTSP Client: pvr.hts - idx:4 num:7499
04:58:43.588 T:3639599968 DEBUG: AddOnLog: Tvheadend HTSP Client: pvr.hts - queue stats:
04:58:43.588 T:3639599968 DEBUG: AddOnLog: Tvheadend HTSP Client: pvr.hts - pkts 12344
04:58:43.595 T:3481863008 DEBUG: CAMLCodec::Decode: ret: 0, sz: 0, dts_in: 18442240474082.1797[2A7A], pts_in: 18442240474082.1797[2A7A], adj:2147483648, ptsOut:23859.6914, amlpts:2147372121, idx:6013741, timesize:1.0000, drain: 0
04:58:43.595 T:3639599968 DEBUG: AddOnLog: Tvheadend HTSP Client: pvr.hts - bytes 6170377
04:58:43.595 T:3639599968 DEBUG: AddOnLog: Tvheadend HTSP Client: pvr.hts - delay 132330244
04:58:43.595 T:3639599968 DEBUG: AddOnLog: Tvheadend HTSP Client: pvr.hts - Idrop 488
04:58:43.595 T:3639599968 DEBUG: AddOnLog: Tvheadend HTSP Client: pvr.hts - Pdrop 10339
04:58:43.596 T:3639599968 DEBUG: AddOnLog: Tvheadend HTSP Client: pvr.hts - Bdrop 24543
04:58:43.596 T:3639599968 DEBUG: AddOnLog: Tvheadend HTSP Client: pvr.hts - receive message [muxpkt]
04:58:43.606 T:3481863008 DEBUG: CAMLCodec::Decode: ret: 0, sz: 0, dts_in: 18442240474082.1797[2A7A], pts_in: 18442240474082.1797[2A7A], adj:2147483648, ptsOut:23859.6914, amlpts:2147372121, idx:6013741, timesize:1.0000, drain: 0
04:58:43.614 T:3639599968 DEBUG: AddOnLog: Tvheadend HTSP Client: pvr.hts - demux pkt idx 3:3 type _ pts 30126170244.000000 len 139
04:58:43.614 T:3639599968 DEBUG: AddOnLog: Tvheadend HTSP Client: pvr.hts - receive message [muxpkt]
04:58:43.615 T:3639599968 DEBUG: AddOnLog: Tvheadend HTSP Client: pvr.hts - demux pkt idx 3:3 type _ pts 30126190244.000000 len 139
04:58:43.627 T:3481863008 DEBUG: CAMLCodec::Decode: ret: 0, sz: 0, dts_in: 18442240474082.1797[2A7A], pts_in: 18442240474082.1797[2A7A], adj:2147483648, ptsOut:23859.6914, amlpts:2147372121, idx:6013741, timesize:1.0000, drain: 0
04:58:43.627 T:3639599968 DEBUG: AddOnLog: Tvheadend HTSP Client: pvr.hts - receive message [muxpkt]
04:58:43.627 T:3639599968 DEBUG: AddOnLog: Tvheadend HTSP Client: pvr.hts - demux pkt idx 3:3 type _ pts 30126210244.000000 len 139
04:58:43.636 T:3639599968 DEBUG: AddOnLog: Tvheadend HTSP Client: pvr.hts - receive message [muxpkt]
04:58:43.636 T:3639599968 DEBUG: AddOnLog: Tvheadend HTSP Client: pvr.hts - demux pkt idx 2:2 type _ pts 30126120000.000000 len 576
04:58:43.636 T:3639599968 DEBUG: AddOnLog: Tvheadend HTSP Client: pvr.hts - receive message [muxpkt]
04:58:43.637 T:3639599968 DEBUG: AddOnLog: Tvheadend HTSP Client: pvr.hts - demux pkt idx 2:2 type _ pts 30126144000.000000 len 576
04:58:43.637 T:3639599968 DEBUG: AddOnLog: Tvheadend HTSP Client: pvr.hts - receive message [muxpkt]
04:58:43.641 T:3481863008 DEBUG: CAMLCodec::Decode: ret: 0, sz: 0, dts_in: 18442240474082.1797[2A7A], pts_in: 18442240474082.1797[2A7A], adj:2147483648, ptsOut:23859.6914, amlpts:2147372121, idx:6013741, timesize:1.0000, drain: 0
04:58:43.641 T:3639599968 DEBUG: AddOnLog: Tvheadend HTSP Client: pvr.hts - demux pkt idx 2:2 type _ pts 30126168000.000000 len 576
04:58:43.641 T:3639599968 DEBUG: AddOnLog: Tvheadend HTSP Client: pvr.hts - receive message [muxpkt]
04:58:43.641 T:3639599968 DEBUG: AddOnLog: Tvheadend HTSP Client: pvr.hts - demux pkt idx 2:2 type _ pts 30126192000.000000 len 576
04:58:43.647 T:3639599968 DEBUG: AddOnLog: Tvheadend HTSP Client: pvr.hts - receive message [muxpkt]
04:58:43.647 T:3639599968 DEBUG: AddOnLog: Tvheadend HTSP Client: pvr.hts - demux pkt idx 2:2 type _ pts 30126216000.000000 len 576
04:58:43.647 T:3639599968 DEBUG: AddOnLog: Tvheadend HTSP Client: pvr.hts - receive message [muxpkt]
04:58:43.647 T:3639599968 DEBUG: AddOnLog: Tvheadend HTSP Client: pvr.hts - demux pkt idx 3:3 type _ pts 30126230244.000000 len 139
04:58:43.647 T:3639599968 DEBUG: AddOnLog: Tvheadend HTSP Client: pvr.hts - receive message [muxpkt]
04:58:43.651 T:3481863008 DEBUG: CAMLCodec::Decode: ret: 0, sz: 0, dts_in: 18442240474082.1797[2A7A], pts_in: 18442240474082.1797[2A7A], adj:2147483648, ptsOut:23859.6914, amlpts:2147372121, idx:6013741, timesize:1.0000, drain: 0
04:58:43.651 T:3639599968 DEBUG: AddOnLog: Tvheadend HTSP Client: pvr.hts - demux pkt idx 3:3 type _ pts 30126250244.000000 len 139
04:58:43.652 T:3639599968 DEBUG: AddOnLog: Tvheadend HTSP Client: pvr.hts - receive message [muxpkt]
04:58:43.652 T:3639599968 DEBUG: AddOnLog: Tvheadend HTSP Client: pvr.hts - demux pkt idx 3:3 type _ pts 30126270244.000000 len 139
04:58:43.659 T:3639599968 DEBUG: AddOnLog: Tvheadend HTSP Client: pvr.hts - receive message [muxpkt]
04:58:43.659 T:3639599968 DEBUG: AddOnLog: Tvheadend HTSP Client: pvr.hts - demux pkt idx 3:3 type _ pts 30126290244.000000 len 139
04:58:43.659 T:3639599968 DEBUG: AddOnLog: Tvheadend HTSP Client: pvr.hts - receive message [muxpkt]
04:58:43.659 T:3639599968 DEBUG: AddOnLog: Tvheadend HTSP Client: pvr.hts - demux pkt idx 3:3 type _ pts 30126310244.000000 len 139
04:58:43.659 T:3639599968 DEBUG: AddOnLog: Tvheadend HTSP Client: pvr.hts - receive message [muxpkt]
04:58:43.661 T:3639599968 DEBUG: AddOnLog: Tvheadend HTSP Client: pvr.hts - demux pkt idx 3:3 type _ pts 30126330244.000000 len 139
04:58:43.661 T:3639599968 DEBUG: AddOnLog: Tvheadend HTSP Client: pvr.hts - receive message [muxpkt]
04:58:43.661 T:3639599968 DEBUG: AddOnLog: Tvheadend HTSP Client: pvr.hts - demux pkt idx 2:2 type _ pts 30126240000.000000 len 576
04:58:43.662 T:3481863008 DEBUG: CAMLCodec::Decode: ret: 0, sz: 0, dts_in: 18442240474082.1797[2A7A], pts_in: 18442240474082.1797[2A7A], adj:2147483648, ptsOut:23859.6914, amlpts:2147372121, idx:6013741, timesize:1.0000, drain: 0
04:58:43.662 T:3639599968 DEBUG: AddOnLog: Tvheadend HTSP Client: pvr.hts - receive message [muxpkt]
04:58:43.662 T:3639599968 DEBUG: AddOnLog: Tvheadend HTSP Client: pvr.hts - demux pkt idx 2:2 type _ pts 30126264000.000000 len 576
04:58:43.662 T:3639599968 DEBUG: AddOnLog: Tvheadend HTSP Client: pvr.hts - receive message [muxpkt]
04:58:43.662 T:3639599968 DEBUG: AddOnLog: Tvheadend HTSP Client: pvr.hts - demux pkt idx 2:2 type _ pts 30126288000.000000 len 576
04:58:43.670 T:3639599968 DEBUG: AddOnLog: Tvheadend HTSP Client: pvr.hts - receive message [muxpkt]
04:58:43.670 T:3639599968 DEBUG: AddOnLog: Tvheadend HTSP Client: pvr.hts - demux pkt idx 2:2 type _ pts 30126312000.000000 len 576
04:58:43.671 T:3639599968 DEBUG: AddOnLog: Tvheadend HTSP Client: pvr.hts - receive message [muxpkt]
04:58:43.671 T:3639599968 DEBUG: AddOnLog: Tvheadend HTSP Client: pvr.hts - demux pkt idx 2:2 type _ pts 30126336000.000000 len 576
04:58:43.671 T:3639599968 DEBUG: AddOnLog: Tvheadend HTSP Client: pvr.hts - receive message [muxpkt]
04:58:43.672 T:3481863008 DEBUG: CAMLCodec::Decode: ret: 0, sz: 0, dts_in: 18442240474082.1797[2A7A], pts_in: 18442240474082.1797[2A7A], adj:2147483648, ptsOut:23859.6914, amlpts:2147372121, idx:6013741, timesize:1.0000, drain: 0
04:58:43.673 T:3639599968 DEBUG: AddOnLog: Tvheadend HTSP Client: pvr.hts - demux pkt idx 3:3 type _ pts 30126350244.000000 len 139
04:58:43.673 T:3639599968 DEBUG: AddOnLog: Tvheadend HTSP Client: pvr.hts - receive message [muxpkt]
04:58:43.673 T:3639599968 DEBUG: AddOnLog: Tvheadend HTSP Client: pvr.hts - demux pkt idx 3:3 type _ pts 30126370244.000000 len 139
04:58:43.673 T:3639599968 DEBUG: AddOnLog: Tvheadend HTSP Client: pvr.hts - receive message [muxpkt]
04:58:43.673 T:3639599968 DEBUG: AddOnLog: Tvheadend HTSP Client: pvr.hts - demux pkt idx 3:3 type _ pts 30126390244.000000 len 139
04:58:43.678 T:3639599968 DEBUG: AddOnLog: Tvheadend HTSP Client: pvr.hts - receive message [muxpkt]
04:58:43.678 T:3639599968 DEBUG: AddOnLog: Tvheadend HTSP Client: pvr.hts - demux pkt idx 3:3 type _ pts 30126410244.000000 len 139
04:58:43.678 T:3639599968 DEBUG: AddOnLog: Tvheadend HTSP Client: pvr.hts - receive message [muxpkt]
04:58:43.678 T:3639599968 DEBUG: AddOnLog: Tvheadend HTSP Client: pvr.hts - demux pkt idx 3:3 type _ pts 30126430244.000000 len 139
04:58:43.678 T:3639599968 DEBUG: AddOnLog: Tvheadend HTSP Client: pvr.hts - receive message [muxpkt]
04:58:43.678 T:3639599968 DEBUG: AddOnLog: Tvheadend HTSP Client: pvr.hts - demux pkt idx 3:3 type _ pts 30126450244.000000 len 139
04:58:43.682 T:3639599968 DEBUG: AddOnLog: Tvheadend HTSP Client: pvr.hts - receive message [muxpkt]
04:58:43.682 T:3639599968 DEBUG: AddOnLog: Tvheadend HTSP Client: pvr.hts - demux pkt idx 2:2 type _ pts 30126360000.000000 len 576
04:58:43.683 T:3481863008 DEBUG: CAMLCodec::Decode: ret: 0, sz: 0, dts_in: 18442240474082.1797[2A7A], pts_in: 18442240474082.1797[2A7A], adj:2147483648, ptsOut:23859.6914, amlpts:2147372121, idx:6013741, timesize:1.0000, drain: 0
04:58:43.695 T:3639599968 DEBUG: AddOnLog: Tvheadend HTSP Client: pvr.hts - receive message [muxpkt]
04:58:43.695 T:3481863008 DEBUG: CAMLCodec::Decode: ret: 0, sz: 0, dts_in: 18442240474082.1797[2A7A], pts_in: 18442240474082.1797[2A7A], adj:2147483648, ptsOut:23859.6914, amlpts:2147372121, idx:6013741, timesize:1.0000, drain: 0
04:58:43.695 T:3639599968 DEBUG: AddOnLog: Tvheadend HTSP Client: pvr.hts - demux pkt idx 2:2 type _ pts 30126384000.000000 len 576
04:58:43.696 T:3639599968 DEBUG: AddOnLog: Tvheadend HTSP Client: pvr.hts - receive message [muxpkt]
04:58:43.696 T:3639599968 DEBUG: AddOnLog: Tvheadend HTSP Client: pvr.hts - demux pkt idx 2:2 type _ pts 30126408000.000000 len 576
04:58:43.696 T:3639599968 DEBUG: AddOnLog: Tvheadend HTSP Client: pvr.hts - receive message [muxpkt]
04:58:43.700 T:3639599968 DEBUG: AddOnLog: Tvheadend HTSP Client: pvr.hts - demux pkt idx 2:2 type _ pts 30126432000.000000 len 576
04:58:43.700 T:3639599968 DEBUG: AddOnLog: Tvheadend HTSP Client: pvr.hts - receive message [muxpkt]
04:58:43.700 T:3639599968 DEBUG: AddOnLog: Tvheadend HTSP Client: pvr.hts - demux pkt idx 2:2 type _ pts 30126456000.000000 len 576
04:58:43.710 T:3481863008 DEBUG: CAMLCodec::Decode: ret: 0, sz: 0, dts_in: 18442240474082.1797[2A7A], pts_in: 18442240474082.1797[2A7A], adj:2147483648, ptsOut:23859.6914, amlpts:2147372121, idx:6013741, timesize:1.0000, drain: 0
04:58:43.711 T:3639599968 DEBUG: AddOnLog: Tvheadend HTSP Client: pvr.hts - receive message [muxpkt]
04:58:43.711 T:3639599968 DEBUG: AddOnLog: Tvheadend HTSP Client: pvr.hts - demux pkt idx 3:3 type _ pts 30126470244.000000 len 139
04:58:43.711 T:3639599968 DEBUG: AddOnLog: Tvheadend HTSP Client: pvr.hts - receive message [muxpkt]
04:58:43.716 T:3639599968 DEBUG: AddOnLog: Tvheadend HTSP Client: pvr.hts - demux pkt idx 3:3 type _ pts 30126490244.000000 len 139
04:58:43.716 T:3639599968 DEBUG: AddOnLog: Tvheadend HTSP Client: pvr.hts - receive message [muxpkt]
04:58:43.716 T:3639599968 DEBUG: AddOnLog: Tvheadend HTSP Client: pvr.hts - demux pkt idx 3:3 type _ pts 30126510244.000000 len 139
04:58:43.719 T:3639599968 DEBUG: AddOnLog: Tvheadend HTSP Client: pvr.hts - receive message [muxpkt]
04:58:43.719 T:3639599968 DEBUG: AddOnLog: Tvheadend HTSP Client: pvr.hts - demux pkt idx 3:3 type _ pts 30126530244.000000 len 139
04:58:43.719 T:3639599968 DEBUG: AddOnLog: Tvheadend HTSP Client: pvr.hts - receive message [muxpkt]
04:58:43.719 T:3639599968 DEBUG: AddOnLog: Tvheadend HTSP Client: pvr.hts - demux pkt idx 3:3 type _ pts 30126550244.000000 len 139
04:58:43.722 T:3481863008 DEBUG: CAMLCodec::Decode: ret: 0, sz: 0, dts_in: 18442240474082.1797[2A7A], pts_in: 18442240474082.1797[2A7A], adj:2147483648, ptsOut:23859.6914, amlpts:2147372121, idx:6013741, timesize:1.0000, drain: 0
04:58:43.729 T:3639599968 DEBUG: AddOnLog: Tvheadend HTSP Client: pvr.hts - receive message [muxpkt]
04:58:43.729 T:3639599968 DEBUG: AddOnLog: Tvheadend HTSP Client: pvr.hts - demux pkt idx 3:3 type _ pts 30126570244.000000 len 139
04:58:43.729 T:3639599968 DEBUG: AddOnLog: Tvheadend HTSP Client: pvr.hts - receive message [muxpkt]
04:58:43.730 T:3639599968 DEBUG: AddOnLog: Tvheadend HTSP Client: pvr.hts - demux pkt idx 2:2 type _ pts 30126480000.000000 len 576
04:58:43.730 T:3639599968 DEBUG: AddOnLog: Tvheadend HTSP Client: pvr.hts - receive message [muxpkt]
04:58:43.730 T:3639599968 DEBUG: AddOnLog: Tvheadend HTSP Client: pvr.hts - demux pkt idx 2:2 type _ pts 30126504000.000000 len 576
04:58:43.731 T:3639599968 DEBUG: AddOnLog: Tvheadend HTSP Client: pvr.hts - receive message [signalStatus]
04:58:43.731 T:3639599968 DEBUG: AddOnLog: Tvheadend HTSP Client: pvr.hts - signalStatus:
04:58:43.731 T:3639599968 DEBUG: AddOnLog: Tvheadend HTSP Client: pvr.hts - status : GOOD
04:58:43.731 T:3639599968 DEBUG: AddOnLog: Tvheadend HTSP Client: pvr.hts - ber : 0
04:58:43.731 T:3639599968 DEBUG: AddOnLog: Tvheadend HTSP Client: pvr.hts - unc : 0
04:58:43.731 T:3639599968 DEBUG: AddOnLog: Tvheadend HTSP Client: pvr.hts - receive message [muxpkt]
04:58:43.731 T:3639599968 DEBUG: AddOnLog: Tvheadend HTSP Client: pvr.hts - demux pkt idx 2:2 type _ pts 30126528000.000000 len 576
04:58:43.739 T:3481863008 DEBUG: CAMLCodec::Decode: ret: 0, sz: 0, dts_in: 18442240474082.1797[2A7A], pts_in: 18442240474082.1797[2A7A], adj:2147483648, ptsOut:23859.6914, amlpts:2147372121, idx:6013741, timesize:1.0000, drain: 0
04:58:43.739 T:3639599968 DEBUG: AddOnLog: Tvheadend HTSP Client: pvr.hts - receive message [muxpkt]
04:58:43.739 T:3639599968 DEBUG: AddOnLog: Tvheadend HTSP Client: pvr.hts - demux pkt idx 2:2 type _ pts 30126552000.000000 len 576
04:58:43.739 T:3639599968 DEBUG: AddOnLog: Tvheadend HTSP Client: pvr.hts - receive message [muxpkt]
04:58:43.739 T:3639599968 DEBUG: AddOnLog: Tvheadend HTSP Client: pvr.hts - demux pkt idx 2:2 type _ pts 30126576000.000000 len 576
04:58:43.740 T:3639599968 DEBUG: AddOnLog: Tvheadend HTSP Client: pvr.hts - receive message [muxpkt]
04:58:43.740 T:3639599968 DEBUG: AddOnLog: Tvheadend HTSP Client: pvr.hts - demux pkt idx 3:3 type _ pts 30126590244.000000 len 139
04:58:43.740 T:3639599968 DEBUG: AddOnLog: Tvheadend HTSP Client: pvr.hts - receive message [muxpkt]
04:58:43.740 T:3639599968 DEBUG: AddOnLog: Tvheadend HTSP Client: pvr.hts - demux pkt idx 3:3 type _ pts 30126610244.000000 len 139
04:58:43.740 T:3639599968 DEBUG: AddOnLog: Tvheadend HTSP Client: pvr.hts - receive message [timeshiftStatus]
04:58:43.740 T:3639599968 DEBUG: AddOnLog: Tvheadend HTSP Client: pvr.hts - timeshiftStatus:
04:58:43.740 T:3639599968 DEBUG: AddOnLog: Tvheadend HTSP Client: pvr.hts - full : 0
04:58:43.740 T:3639599968 DEBUG: AddOnLog: Tvheadend HTSP Client: pvr.hts - shift : 0
04:58:43.740 T:3639599968 DEBUG: AddOnLog: Tvheadend HTSP Client: pvr.hts - start : 26460930233
04:58:43.740 T:3639599968 DEBUG: AddOnLog: Tvheadend HTSP Client: pvr.hts - end : 30127170233
04:58:43.741 T:3639599968 DEBUG: AddOnLog: Tvheadend HTSP Client: pvr.hts - receive message [muxpkt]
04:58:43.741 T:3639599968 DEBUG: AddOnLog: Tvheadend HTSP Client: pvr.hts - demux pkt idx 3:3 type _ pts 30126630244.000000 len 139
04:58:43.741 T:3639599968 DEBUG: AddOnLog: Tvheadend HTSP Client: pvr.hts - receive message [muxpkt]
04:58:43.741 T:3639599968 DEBUG: AddOnLog: Tvheadend HTSP Client: pvr.hts - demux pkt idx 3:3 type _ pts 30126650244.000000 len 139
04:58:43.741 T:3639599968 DEBUG: AddOnLog: Tvheadend HTSP Client: pvr.hts - receive message [muxpkt]
04:58:43.741 T:3639599968 DEBUG: AddOnLog: Tvheadend HTSP Client: pvr.hts - demux pkt idx 3:3 type _ pts 30126670244.000000 len 139
04:58:43.741 T:3639599968 DEBUG: AddOnLog: Tvheadend HTSP Client: pvr.hts - receive message [muxpkt]
04:58:43.742 T:3639599968 DEBUG: AddOnLog: Tvheadend HTSP Client: pvr.hts - demux pkt idx 3:3 type _ pts 30126690244.000000 len 139
04:58:43.742 T:3639599968 DEBUG: AddOnLog: Tvheadend HTSP Client: pvr.hts - receive message [muxpkt]
04:58:43.745 T:3639599968 DEBUG: AddOnLog: Tvheadend HTSP Client: pvr.hts - demux pkt idx 2:2 type _ pts 30126600000.000000 len 576
04:58:43.748 T:3639599968 DEBUG: AddOnLog: Tvheadend HTSP Client: pvr.hts - receive message [muxpkt]
04:58:43.748 T:3639599968 DEBUG: AddOnLog: Tvheadend HTSP Client: pvr.hts - demux pkt idx 2:2 type _ pts 30126624000.000000 len 576
04:58:43.753 T:3481863008 DEBUG: CAMLCodec::Decode: ret: 0, sz: 0, dts_in: 18442240474082.1797[2A7A], pts_in: 18442240474082.1797[2A7A], adj:2147483648, ptsOut:23859.6914, amlpts:2147372121, idx:6013741, timesize:1.0000, drain: 0
04:58:43.753 T:3639599968 DEBUG: AddOnLog: Tvheadend HTSP Client: pvr.hts - receive message [muxpkt]
04:58:43.753 T:3639599968 DEBUG: AddOnLog: Tvheadend HTSP Client: pvr.hts - demux pkt idx 2:2 type _ pts 30126648000.000000 len 576
04:58:43.753 T:3639599968 DEBUG: AddOnLog: Tvheadend HTSP Client: pvr.hts - receive message [muxpkt]
04:58:43.754 T:3639599968 DEBUG: AddOnLog: Tvheadend HTSP Client: pvr.hts - demux pkt idx 2:2 type _ pts 30126672000.000000 len 576
04:58:43.757 T:3639599968 DEBUG: AddOnLog: Tvheadend HTSP Client: pvr.hts - receive message [muxpkt]
04:58:43.757 T:3639599968 DEBUG: AddOnLog: Tvheadend HTSP Client: pvr.hts - demux pkt idx 2:2 type _ pts 30126696000.000000 len 576
04:58:43.758 T:3639599968 DEBUG: AddOnLog: Tvheadend HTSP Client: pvr.hts - receive message [muxpkt]
04:58:43.758 T:3639599968 DEBUG: AddOnLog: Tvheadend HTSP Client: pvr.hts - demux pkt idx 3:3 type _ pts 30126710244.000000 len 139
04:58:43.766 T:3481863008 DEBUG: CAMLCodec::Decode: ret: 0, sz: 0, dts_in: 18442240474082.1797[2A7A], pts_in: 18442240474082.1797[2A7A], adj:2147483648, ptsOut:23859.6914, amlpts:2147372121, idx:6013741, timesize:1.0000, drain: 0
04:58:43.766 T:3639599968 DEBUG: AddOnLog: Tvheadend HTSP Client: pvr.hts - receive message [muxpkt]
04:58:43.767 T:3639599968 DEBUG: AddOnLog: Tvheadend HTSP Client: pvr.hts - demux pkt idx 3:3 type _ pts 30126730244.000000 len 139
04:58:43.767 T:3639599968 DEBUG: AddOnLog: Tvheadend HTSP Client: pvr.hts - receive message [muxpkt]
04:58:43.767 T:3639599968 DEBUG: AddOnLog: Tvheadend HTSP Client: pvr.hts - demux pkt idx 3:3 type _ pts 30126750244.000000 len 139
04:58:43.773 T:3639599968 DEBUG: AddOnLog: Tvheadend HTSP Client: pvr.hts - receive message [muxpkt]
04:58:43.773 T:3639599968 DEBUG: AddOnLog: Tvheadend HTSP Client: pvr.hts - demux pkt idx 3:3 type _ pts 30126770244.000000 len 139
04:58:43.779 T:3481863008 DEBUG: CAMLCodec::Decode: ret: 0, sz: 0, dts_in: 18442240474082.1797[2A7A], pts_in: 18442240474082.1797[2A7A], adj:2147483648, ptsOut:23859.6914, amlpts:2147372121, idx:6013741, timesize:1.0000, drain: 0
04:58:43.779 T:3639599968 DEBUG: AddOnLog: Tvheadend HTSP Client: pvr.hts - receive message [muxpkt]
04:58:43.779 T:3639599968 DEBUG: AddOnLog: Tvheadend HTSP Client: pvr.hts - demux pkt idx 3:3 type _ pts 30126790244.000000 len 139
04:58:43.783 T:3639599968 DEBUG: AddOnLog: Tvheadend HTSP Client: pvr.hts - receive message [muxpkt]
04:58:43.793 T:3639599968 DEBUG: AddOnLog: Tvheadend HTSP Client: pvr.hts - demux pkt idx 3:3 type _ pts 30126810244.000000 len 139
04:58:43.793 T:3481863008 DEBUG: CAMLCodec::Decode: ret: 0, sz: 0, dts_in: 18442240474082.1797[2A7A], pts_in: 18442240474082.1797[2A7A], adj:2147483648, ptsOut:23859.6914, amlpts:2147372121, idx:6013741, timesize:1.0000, drain: 0
04:58:43.793 T:3639599968 DEBUG: AddOnLog: Tvheadend HTSP Client: pvr.hts - receive message [muxpkt]
04:58:43.794 T:3639599968 DEBUG: AddOnLog: Tvheadend HTSP Client: pvr.hts - demux pkt idx 2:2 type _ pts 30126720000.000000 len 576
04:58:43.794 T:3639599968 DEBUG: AddOnLog: Tvheadend HTSP Client: pvr.hts - receive message [muxpkt]
04:58:43.794 T:3639599968 DEBUG: AddOnLog: Tvheadend HTSP Client: pvr.hts - demux pkt idx 2:2 type _ pts 30126744000.000000 len 576
04:58:43.795 T:3639599968 DEBUG: AddOnLog: Tvheadend HTSP Client: pvr.hts - receive message [muxpkt]
04:58:43.795 T:3639599968 DEBUG: AddOnLog: Tvheadend HTSP Client: pvr.hts - demux pkt idx 2:2 type _ pts 30126768000.000000 len 576
04:58:43.795 T:3639599968 DEBUG: AddOnLog: Tvheadend HTSP Client: pvr.hts - receive message [muxpkt]
04:58:43.796 T:3639599968 DEBUG: AddOnLog: Tvheadend HTSP Client: pvr.hts - demux pkt idx 2:2 type _ pts 30126792000.000000 len 576
04:58:43.797 T:3639599968 DEBUG: AddOnLog: Tvheadend HTSP Client: pvr.hts - receive message [muxpkt]
04:58:43.797 T:3639599968 DEBUG: AddOnLog: Tvheadend HTSP Client: pvr.hts - demux pkt idx 2:2 type _ pts 30126816000.000000 len 576
04:58:43.798 T:3639599968 DEBUG: AddOnLog: Tvheadend HTSP Client: pvr.hts - receive message [muxpkt]
04:58:43.798 T:3639599968 DEBUG: AddOnLog: Tvheadend HTSP Client: pvr.hts - demux pkt idx 3:3 type _ pts 30126830244.000000 len 139
04:58:43.798 T:3639599968 DEBUG: AddOnLog: Tvheadend HTSP Client: pvr.hts - receive message [muxpkt]
04:58:43.799 T:3639599968 DEBUG: AddOnLog: Tvheadend HTSP Client: pvr.hts - demux pkt idx 3:3 type _ pts 30126850244.000000 len 139
04:58:43.799 T:3639599968 DEBUG: AddOnLog: Tvheadend HTSP Client: pvr.hts - receive message [muxpkt]
04:58:43.799 T:3639599968 DEBUG: AddOnLog: Tvheadend HTSP Client: pvr.hts - demux pkt idx 3:3 type _ pts 30126870244.000000 len 139
04:58:43.799 T:3639599968 DEBUG: AddOnLog: Tvheadend HTSP Client: pvr.hts - receive message [muxpkt]
04:58:43.799 T:3639599968 DEBUG: AddOnLog: Tvheadend HTSP Client: pvr.hts - demux pkt idx 3:3 type _ pts 30126890244.000000 len 139
04:58:43.799 T:3639599968 DEBUG: AddOnLog: Tvheadend HTSP Client: pvr.hts - receive message [muxpkt]
04:58:43.799 T:3639599968 DEBUG: AddOnLog: Tvheadend HTSP Client: pvr.hts - demux pkt idx 3:3 type _ pts 30126910244.000000 len 139
04:58:43.799 T:3639599968 DEBUG: AddOnLog: Tvheadend HTSP Client: pvr.hts - receive message [muxpkt]
04:58:43.800 T:3639599968 DEBUG: AddOnLog: Tvheadend HTSP Client: pvr.hts - demux pkt idx 3:3 type _ pts 30126930244.000000 len 139
04:58:43.800 T:3639599968 DEBUG: AddOnLog: Tvheadend HTSP Client: pvr.hts - receive message [muxpkt]
04:58:43.800 T:3639599968 DEBUG: AddOnLog: Tvheadend HTSP Client: pvr.hts - demux pkt idx 2:2 type _ pts 30126840000.000000 len 576
04:58:43.800 T:3639599968 DEBUG: AddOnLog: Tvheadend HTSP Client: pvr.hts - receive message [muxpkt]
04:58:43.801 T:3639599968 DEBUG: AddOnLog: Tvheadend HTSP Client: pvr.hts - demux pkt idx 2:2 type _ pts 30126864000.000000 len 576
04:58:43.801 T:3639599968 DEBUG: AddOnLog: Tvheadend HTSP Client: pvr.hts - receive message [muxpkt]
04:58:43.801 T:3639599968 DEBUG: AddOnLog: Tvheadend HTSP Client: pvr.hts - demux pkt idx 2:2 type _ pts 30126888000.000000 len 576
04:58:43.801 T:3639599968 DEBUG: AddOnLog: Tvheadend HTSP Client: pvr.hts - receive message [muxpkt]
04:58:43.802 T:3639599968 DEBUG: AddOnLog: Tvheadend HTSP Client: pvr.hts - demux pkt idx 2:2 type _ pts 30126912000.000000 len 576
04:58:43.802 T:3639599968 DEBUG: AddOnLog: Tvheadend HTSP Client: pvr.hts - receive message [muxpkt]
04:58:43.802 T:3639599968 DEBUG: AddOnLog: Tvheadend HTSP Client: pvr.hts - demux pkt idx 2:2 type _ pts 30126936000.000000 len 576
04:58:43.802 T:3639599968 DEBUG: AddOnLog: Tvheadend HTSP Client: pvr.hts - receive message [muxpkt]
04:58:43.802 T:3639599968 DEBUG: AddOnLog: Tvheadend HTSP Client: pvr.hts - demux pkt idx 3:3 type _ pts 30126950244.000000 len 139
04:58:43.802 T:3639599968 DEBUG: AddOnLog: Tvheadend HTSP Client: pvr.hts - receive message [muxpkt]
04:58:43.802 T:3639599968 DEBUG: AddOnLog: Tvheadend HTSP Client: pvr.hts - demux pkt idx 3:3 type _ pts 30126970244.000000 len 139
04:58:43.803 T:3639599968 DEBUG: AddOnLog: Tvheadend HTSP Client: pvr.hts - receive message [muxpkt]
04:58:43.803 T:3639599968 DEBUG: AddOnLog: Tvheadend HTSP Client: pvr.hts - demux pkt idx 3:3 type _ pts 30126990244.000000 len 139
04:58:43.803 T:3639599968 DEBUG: AddOnLog: Tvheadend HTSP Client: pvr.hts - receive message [muxpkt]
04:58:43.803 T:3639599968 DEBUG: AddOnLog: Tvheadend HTSP Client: pvr.hts - demux pkt idx 3:3 type _ pts 30127010244.000000 len 139
04:58:43.803 T:3481863008 DEBUG: CAMLCodec::Decode: ret: 0, sz: 0, dts_in: 18442240474082.1797[2A7A], pts_in: 18442240474082.1797[2A7A], adj:2147483648, ptsOut:23859.6914, amlpts:2147372121, idx:6013741, timesize:1.0000, drain: 0
04:58:43.804 T:3639599968 DEBUG: AddOnLog: Tvheadend HTSP Client: pvr.hts - receive message [muxpkt]
04:58:43.804 T:3639599968 DEBUG: AddOnLog: Tvheadend HTSP Client: pvr.hts - demux pkt idx 3:3 type _ pts 30127030244.000000 len 139
04:58:43.804 T:3639599968 DEBUG: AddOnLog: Tvheadend HTSP Client: pvr.hts - receive message [muxpkt]
04:58:43.804 T:3639599968 DEBUG: AddOnLog: Tvheadend HTSP Client: pvr.hts - demux pkt idx 3:3 type _ pts 30127050244.000000 len 139
04:58:43.804 T:3639599968 DEBUG: AddOnLog: Tvheadend HTSP Client: pvr.hts - receive message [muxpkt]
04:58:43.808 T:3639599968 DEBUG: AddOnLog: Tvheadend HTSP Client: pvr.hts - demux pkt idx 2:2 type _ pts 30126960000.000000 len 576
04:58:43.808 T:3639599968 DEBUG: AddOnLog: Tvheadend HTSP Client: pvr.hts - receive message [muxpkt]
04:58:43.809 T:3639599968 DEBUG: AddOnLog: Tvheadend HTSP Client: pvr.hts - demux pkt idx 2:2 type _ pts 30126984000.000000 len 576
04:58:43.809 T:3639599968 DEBUG: AddOnLog: Tvheadend HTSP Client: pvr.hts - receive message [muxpkt]
04:58:43.809 T:3639599968 DEBUG: AddOnLog: Tvheadend HTSP Client: pvr.hts - demux pkt idx 2:2 type _ pts 30127008000.000000 len 576
04:58:43.809 T:3639599968 DEBUG: AddOnLog: Tvheadend HTSP Client: pvr.hts - receive message [muxpkt]
04:58:43.809 T:3639599968 DEBUG: AddOnLog: Tvheadend HTSP Client: pvr.hts - demux pkt idx 2:2 type _ pts 30127032000.000000 len 576
04:58:43.810 T:3639599968 DEBUG: AddOnLog: Tvheadend HTSP Client: pvr.hts - receive message [muxpkt]
04:58:43.810 T:3639599968 DEBUG: AddOnLog: Tvheadend HTSP Client: pvr.hts - demux pkt idx 2:2 type _ pts 30127056000.000000 len 576
04:58:43.810 T:3639599968 DEBUG: AddOnLog: Tvheadend HTSP Client: pvr.hts - receive message [muxpkt]
04:58:43.810 T:3639599968 DEBUG: AddOnLog: Tvheadend HTSP Client: pvr.hts - demux pkt idx 3:3 type _ pts 30127070244.000000 len 139
04:58:43.810 T:3639599968 DEBUG: AddOnLog: Tvheadend HTSP Client: pvr.hts - receive message [muxpkt]
04:58:43.810 T:3639599968 DEBUG: AddOnLog: Tvheadend HTSP Client: pvr.hts - demux pkt idx 3:3 type _ pts 30127090244.000000 len 139
04:58:43.811 T:3639599968 DEBUG: AddOnLog: Tvheadend HTSP Client: pvr.hts - receive message [muxpkt]
04:58:43.811 T:3639599968 DEBUG: AddOnLog: Tvheadend HTSP Client: pvr.hts - demux pkt idx 3:3 type _ pts 30127110244.000000 len 139
04:58:43.811 T:3639599968 DEBUG: AddOnLog: Tvheadend HTSP Client: pvr.hts - receive message [muxpkt]
04:58:43.811 T:3639599968 DEBUG: AddOnLog: Tvheadend HTSP Client: pvr.hts - demux pkt idx 3:3 type _ pts 30127130244.000000 len 139
04:58:43.815 T:3481863008 DEBUG: CAMLCodec::Decode: ret: 0, sz: 0, dts_in: 18442240474082.1797[2A7A], pts_in: 18442240474082.1797[2A7A], adj:2147483648, ptsOut:23859.6914, amlpts:2147372121, idx:6013741, timesize:1.0000, drain: 0
04:58:43.815 T:3639599968 DEBUG: AddOnLog: Tvheadend HTSP Client: pvr.hts - receive message [muxpkt]
04:58:43.815 T:3639599968 DEBUG: AddOnLog: Tvheadend HTSP Client: pvr.hts - demux pkt idx 3:3 type _ pts 30127150244.000000 len 139
04:58:43.816 T:3639599968 DEBUG: AddOnLog: Tvheadend HTSP Client: pvr.hts - receive message [muxpkt]
04:58:43.816 T:3639599968 DEBUG: AddOnLog: Tvheadend HTSP Client: pvr.hts - demux pkt idx 3:3 type _ pts 30127170244.000000 len 139
04:58:43.816 T:3639599968 DEBUG: AddOnLog: Tvheadend HTSP Client: pvr.hts - receive message [muxpkt]
04:58:43.816 T:3639599968 DEBUG: AddOnLog: Tvheadend HTSP Client: pvr.hts - demux pkt idx 3:3 type _ pts 30127190244.000000 len 139
04:58:43.826 T:3481863008 DEBUG: CAMLCodec::Decode: ret: 0, sz: 0, dts_in: 18442240474082.1797[2A7A], pts_in: 18442240474082.1797[2A7A], adj:2147483648, ptsOut:23859.6914, amlpts:2147372121, idx:6013741, timesize:1.0000, drain: 0
04:58:43.846 T:3639599968 DEBUG: Previous line repeats 2 times.
04:58:43.852 T:3639599968 DEBUG: AddOnLog: Tvheadend HTSP Client: pvr.hts - receive message [muxpkt]
04:58:43.854 T:3639599968 DEBUG: AddOnLog: Tvheadend HTSP Client: pvr.hts - demux pkt idx 3:3 type _ pts 30127210244.000000 len 139
04:58:43.855 T:3639599968 DEBUG: AddOnLog: Tvheadend HTSP Client: pvr.hts - receive message [muxpkt]
04:58:43.855 T:3639599968 DEBUG: AddOnLog: Tvheadend HTSP Client: pvr.hts - demux pkt idx 2:2 type _ pts 30127080000.000000 len 576
04:58:43.855 T:3639599968 DEBUG: AddOnLog: Tvheadend HTSP Client: pvr.hts - receive message [muxpkt]
04:58:43.855 T:3639599968 DEBUG: AddOnLog: Tvheadend HTSP Client: pvr.hts - demux pkt idx 2:2 type _ pts 30127104000.000000 len 576
04:58:43.856 T:3639599968 DEBUG: AddOnLog: Tvheadend HTSP Client: pvr.hts - receive message [muxpkt]
04:58:43.856 T:3639599968 DEBUG: AddOnLog: Tvheadend HTSP Client: pvr.hts - demux pkt idx 2:2 type _ pts 30127128000.000000 len 576
04:58:43.856 T:3639599968 DEBUG: AddOnLog: Tvheadend HTSP Client: pvr.hts - receive message [muxpkt]
04:58:43.856 T:3639599968 DEBUG: AddOnLog: Tvheadend HTSP Client: pvr.hts - demux pkt idx 2:2 type _ pts 30127152000.000000 len 576
04:58:43.856 T:3639599968 DEBUG: AddOnLog: Tvheadend HTSP Client: pvr.hts - receive message [muxpkt]
04:58:43.856 T:3639599968 DEBUG: AddOnLog: Tvheadend HTSP Client: pvr.hts - demux pkt idx 2:2 type _ pts 30127176000.000000 len 576
04:58:43.856 T:3639599968 DEBUG: AddOnLog: Tvheadend HTSP Client: pvr.hts - receive message [muxpkt]
04:58:43.857 T:3639599968 DEBUG: AddOnLog: Tvheadend HTSP Client: pvr.hts - demux pkt idx 3:3 type _ pts 30127230244.000000 len 139
04:58:43.857 T:3481863008 DEBUG: CAMLCodec::Decode: ret: 0, sz: 0, dts_in: 18442240474082.1797[2A7A], pts_in: 18442240474082.1797[2A7A], adj:2147483648, ptsOut:23859.6914, amlpts:2147372121, idx:6013741, timesize:1.0000, drain: 0
04:58:43.857 T:3639599968 DEBUG: AddOnLog: Tvheadend HTSP Client: pvr.hts - receive message [muxpkt]
04:58:43.857 T:3639599968 DEBUG: AddOnLog: Tvheadend HTSP Client: pvr.hts - demux pkt idx 3:3 type _ pts 30127250244.000000 len 139
04:58:43.857 T:3639599968 DEBUG: AddOnLog: Tvheadend HTSP Client: pvr.hts - receive message [muxpkt]
04:58:43.857 T:3639599968 DEBUG: AddOnLog: Tvheadend HTSP Client: pvr.hts - demux pkt idx 3:3 type _ pts 30127270244.000000 len 139
04:58:43.857 T:3639599968 DEBUG: AddOnLog: Tvheadend HTSP Client: pvr.hts - receive message [muxpkt]
04:58:43.857 T:3639599968 DEBUG: AddOnLog: Tvheadend HTSP Client: pvr.hts - demux pkt idx 3:3 type _ pts 30127290244.000000 len 139
04:58:43.857 T:3639599968 DEBUG: AddOnLog: Tvheadend HTSP Client: pvr.hts - receive message [muxpkt]
04:58:43.858 T:3639599968 DEBUG: AddOnLog: Tvheadend HTSP Client: pvr.hts - demux pkt idx 2:2 type _ pts 30127200000.000000 len 576
04:58:43.858 T:3639599968 DEBUG: AddOnLog: Tvheadend HTSP Client: pvr.hts - receive message [muxpkt]
04:58:43.858 T:3639599968 DEBUG: AddOnLog: Tvheadend HTSP Client: pvr.hts - demux pkt idx 2:2 type _ pts 30127224000.000000 len 576
04:58:43.858 T:3639599968 DEBUG: AddOnLog: Tvheadend HTSP Client: pvr.hts - receive message [muxpkt]
04:58:43.858 T:3639599968 DEBUG: AddOnLog: Tvheadend HTSP Client: pvr.hts - demux pkt idx 2:2 type _ pts 30127248000.000000 len 576
04:58:43.858 T:3639599968 DEBUG: AddOnLog: Tvheadend HTSP Client: pvr.hts - receive message [muxpkt]
04:58:43.859 T:3639599968 DEBUG: AddOnLog: Tvheadend HTSP Client: pvr.hts - demux pkt idx 2:2 type _ pts 30127272000.000000 len 576
04:58:43.859 T:3639599968 DEBUG: AddOnLog: Tvheadend HTSP Client: pvr.hts - receive message [muxpkt]
04:58:43.859 T:3639599968 DEBUG: AddOnLog: Tvheadend HTSP Client: pvr.hts - demux pkt idx 2:2 type _ pts 30127296000.000000 len 576
04:58:43.859 T:3639599968 DEBUG: AddOnLog: Tvheadend HTSP Client: pvr.hts - receive message [muxpkt]
04:58:43.859 T:3639599968 DEBUG: AddOnLog: Tvheadend HTSP Client: pvr.hts - demux pkt idx 3:3 type _ pts 30127310244.000000 len 139
04:58:43.859 T:3639599968 DEBUG: AddOnLog: Tvheadend HTSP Client: pvr.hts - receive message [muxpkt]
04:58:43.859 T:3639599968 DEBUG: AddOnLog: Tvheadend HTSP Client: pvr.hts - demux pkt idx 3:3 type _ pts 30127330244.000000 len 139
04:58:43.867 T:3481863008 DEBUG: CAMLCodec::Decode: ret: 0, sz: 0, dts_in: 18442240474082.1797[2A7A], pts_in: 18442240474082.1797[2A7A], adj:2147483648, ptsOut:23859.6914, amlpts:2147372121, idx:6013741, timesize:1.0000, drain: 0
04:58:45.168 T:3639599968 DEBUG: Previous line repeats 121 times.
04:58:45.969 T:3639599968 DEBUG: AddOnLog: Tvheadend HTSP Client: pvr.hts - receive message [muxpkt]
04:58:46.002 T:3481863008 DEBUG: CAMLCodec::Decode: ret: 0, sz: 0, dts_in: 18442240474082.1797[2A7A], pts_in: 18442240474082.1797[2A7A], adj:2147483648, ptsOut:23859.6914, amlpts:2147372121, idx:6013741, timesize:1.0000, drain: 0
04:58:46.072 T:3639599968 DEBUG: AddOnLog: Tvheadend HTSP Client: pvr.hts - demux pkt idx 1:1 type I pts 30127890244.000000 len 22438
04:58:46.250 T:3481863008 DEBUG: CAMLCodec::Decode: ret: 0, sz: 0, dts_in: 18442240474082.1797[2A7A], pts_in: 18442240474082.1797[2A7A], adj:2147483648, ptsOut:23859.6914, amlpts:2147372121, idx:6013741, timesize:1.0000, drain: 0
04:58:46.379 T:3639599968 DEBUG: AddOnLog: Tvheadend HTSP Client: pvr.hts - receive message [queueStatus]
04:58:46.467 T:3481863008 DEBUG: CAMLCodec::Decode: ret: 0, sz: 0, dts_in: 18442240474082.1797[2A7A], pts_in: 18442240474082.1797[2A7A], adj:2147483648, ptsOut:23859.6914, amlpts:2147372121, idx:6013741, timesize:1.0000, drain: 0
04:58:46.764 T:3639599968 DEBUG: Previous line repeats 1 times.
04:58:46.788 T:3639599968 DEBUG: AddOnLog: Tvheadend HTSP Client: pvr.hts - stream stats:
04:58:46.827 T:3481863008 DEBUG: CAMLCodec::Decode: ret: 0, sz: 0, dts_in: 18442240474082.1797[2A7A], pts_in: 18442240474082.1797[2A7A], adj:2147483648, ptsOut:23859.6914, amlpts:2147372121, idx:6013741, timesize:1.0000, drain: 0
04:58:46.948 T:3639599968 DEBUG: AddOnLog: Tvheadend HTSP Client: pvr.hts - idx:1 num:720959
04:58:46.958 T:3481863008 DEBUG: CAMLCodec::Decode: ret: 0, sz: 0, dts_in: 18442240474082.1797[2A7A], pts_in: 18442240474082.1797[2A7A], adj:2147483648, ptsOut:23859.6914, amlpts:2147372121, idx:6013741, timesize:1.0000, drain: 0
04:58:46.971 T:3639599968 DEBUG: Previous line repeats 1 times.
04:58:46.971 T:3639599968 DEBUG: AddOnLog: Tvheadend HTSP Client: pvr.hts - idx:2 num:1255194
04:58:46.971 T:3639599968 DEBUG: AddOnLog: Tvheadend HTSP Client: pvr.hts - idx:3 num:1506309
04:58:46.971 T:3639599968 DEBUG: AddOnLog: Tvheadend HTSP Client: pvr.hts - idx:4 num:7499
04:58:46.971 T:3639599968 DEBUG: AddOnLog: Tvheadend HTSP Client: pvr.hts - queue stats:
04:58:46.971 T:3639599968 DEBUG: AddOnLog: Tvheadend HTSP Client: pvr.hts - pkts 12340
04:58:46.971 T:3639599968 DEBUG: AddOnLog: Tvheadend HTSP Client: pvr.hts - bytes 6147522
04:58:47.119 T:3481863008 DEBUG: CAMLCodec::Decode: ret: 0, sz: 0, dts_in: 18442240474082.1797[2A7A], pts_in: 18442240474082.1797[2A7A], adj:2147483648, ptsOut:23859.6914, amlpts:2147372121, idx:6013741, timesize:1.0000, drain: 0
04:58:47.709 T:3639599968 DEBUG: Previous line repeats 28 times.
04:58:47.752 T:3639599968 DEBUG: AddOnLog: Tvheadend HTSP Client: pvr.hts - delay 132250244
04:58:47.753 T:3481863008 DEBUG: CAMLCodec::Decode: ret: 0, sz: 0, dts_in: 18442240474082.1797[2A7A], pts_in: 18442240474082.1797[2A7A], adj:2147483648, ptsOut:23859.6914, amlpts:2147372121, idx:6013741, timesize:1.0000, drain: 0
04:58:47.867 T:3639599968 DEBUG: Previous line repeats 10 times.
04:58:47.892 T:3639599968 DEBUG: AddOnLog: Tvheadend HTSP Client: pvr.hts - Idrop 489
04:58:47.892 T:3481863008 DEBUG: CAMLCodec::Decode: ret: 0, sz: 0, dts_in: 18442240474082.1797[2A7A], pts_in: 18442240474082.1797[2A7A], adj:2147483648, ptsOut:23859.6914, amlpts:2147372121, idx:6013741, timesize:1.0000, drain: 0
04:58:47.914 T:3639599968 DEBUG: Previous line repeats 1 times.
04:58:47.914 T:3639599968 DEBUG: AddOnLog: Tvheadend HTSP Client: pvr.hts - Pdrop 10347
04:58:47.914 T:3639599968 DEBUG: AddOnLog: Tvheadend HTSP Client: pvr.hts - Bdrop 24562
04:58:47.914 T:3639599968 DEBUG: AddOnLog: Tvheadend HTSP Client: pvr.hts - receive message [signalStatus]
04:58:47.914 T:3639599968 DEBUG: AddOnLog: Tvheadend HTSP Client: pvr.hts - signalStatus:
04:58:47.914 T:3639599968 DEBUG: AddOnLog: Tvheadend HTSP Client: pvr.hts - status : GOOD
04:58:47.914 T:3639599968 DEBUG: AddOnLog: Tvheadend HTSP Client: pvr.hts - ber : 0
04:58:47.914 T:3639599968 DEBUG: AddOnLog: Tvheadend HTSP Client: pvr.hts - unc : 0
04:58:47.914 T:3639599968 DEBUG: AddOnLog: Tvheadend HTSP Client: pvr.hts - receive message [muxpkt]
04:58:47.916 T:3481863008 DEBUG: CAMLCodec::Decode: ret: 0, sz: 0, dts_in: 18442240474082.1797[2A7A], pts_in: 18442240474082.1797[2A7A], adj:2147483648, ptsOut:23859.6914, amlpts:2147372121, idx:6013741, timesize:1.0000, drain: 0
04:58:47.926 T:3639599968 DEBUG: Previous line repeats 1 times.
04:58:47.932 T:3639599968 DEBUG: AddOnLog: Tvheadend HTSP Client: pvr.hts - demux pkt idx 3:3 type _ pts 30127350244.000000 len 139
04:58:47.932 T:3639599968 DEBUG: AddOnLog: Tvheadend HTSP Client: pvr.hts - receive message [muxpkt]
04:58:47.932 T:3639599968 DEBUG: AddOnLog: Tvheadend HTSP Client: pvr.hts - demux pkt idx 3:3 type _ pts 30127370244.000000 len 139
04:58:47.932 T:3639599968 DEBUG: AddOnLog: Tvheadend HTSP Client: pvr.hts - receive message [muxpkt]
04:58:47.932 T:3639599968 DEBUG: AddOnLog: Tvheadend HTSP Client: pvr.hts - demux pkt idx 3:3 type _ pts 30127390244.000000 len 139
04:58:47.932 T:3639599968 DEBUG: AddOnLog: Tvheadend HTSP Client: pvr.hts - receive message [muxpkt]
04:58:47.932 T:3639599968 DEBUG: AddOnLog: Tvheadend HTSP Client: pvr.hts - demux pkt idx 3:3 type _ pts 30127410244.000000 len 139
04:58:47.933 T:3639599968 DEBUG: AddOnLog: Tvheadend HTSP Client: pvr.hts - receive message [muxpkt]
04:58:47.951 T:3481863008 DEBUG: CAMLCodec::Decode: ret: 0, sz: 0, dts_in: 18442240474082.1797[2A7A], pts_in: 18442240474082.1797[2A7A], adj:2147483648, ptsOut:23859.6914, amlpts:2147372121, idx:6013741, timesize:1.0000, drain: 0
04:58:47.952 T:3639599968 DEBUG: AddOnLog: Tvheadend HTSP Client: pvr.hts - demux pkt idx 2:2 type _ pts 30127320000.000000 len 576
04:58:47.952 T:3639599968 DEBUG: AddOnLog: Tvheadend HTSP Client: pvr.hts - receive message [muxpkt]
04:58:47.952 T:3639599968 DEBUG: AddOnLog: Tvheadend HTSP Client: pvr.hts - demux pkt idx 2:2 type _ pts 30127344000.000000 len 576
04:58:47.953 T:3639599968 DEBUG: AddOnLog: Tvheadend HTSP Client: pvr.hts - receive message [muxpkt]
04:58:47.953 T:3639599968 DEBUG: AddOnLog: Tvheadend HTSP Client: pvr.hts - demux pkt idx 2:2 type _ pts 30127368000.000000 len 576
04:58:47.953 T:3639599968 DEBUG: AddOnLog: Tvheadend HTSP Client: pvr.hts - receive message [muxpkt]
04:58:47.953 T:3639599968 DEBUG: AddOnLog: Tvheadend HTSP Client: pvr.hts - demux pkt idx 2:2 type _ pts 30127392000.000000 len 576
04:58:47.953 T:3639599968 DEBUG: AddOnLog: Tvheadend HTSP Client: pvr.hts - receive message [muxpkt]
04:58:47.954 T:3639599968 DEBUG: AddOnLog: Tvheadend HTSP Client: pvr.hts - demux pkt idx 2:2 type _ pts 30127416000.000000 len 576
04:58:47.954 T:3639599968 DEBUG: AddOnLog: Tvheadend HTSP Client: pvr.hts - receive message [muxpkt]
04:58:47.954 T:3639599968 DEBUG: AddOnLog: Tvheadend HTSP Client: pvr.hts - demux pkt idx 3:3 type _ pts 30127430244.000000 len 139
04:58:47.954 T:3639599968 DEBUG: AddOnLog: Tvheadend HTSP Client: pvr.hts - receive message [muxpkt]
04:58:47.954 T:3639599968 DEBUG: AddOnLog: Tvheadend HTSP Client: pvr.hts - demux pkt idx 3:3 type _ pts 30127450244.000000 len 139
04:58:47.954 T:3639599968 DEBUG: AddOnLog: Tvheadend HTSP Client: pvr.hts - receive message [muxpkt]
04:58:47.955 T:3639599968 DEBUG: AddOnLog: Tvheadend HTSP Client: pvr.hts - demux pkt idx 3:3 type _ pts 30127470244.000000 len 139
04:58:47.955 T:3639599968 DEBUG: AddOnLog: Tvheadend HTSP Client: pvr.hts - receive message [muxpkt]
04:58:47.955 T:3639599968 DEBUG: AddOnLog: Tvheadend HTSP Client: pvr.hts - demux pkt idx 3:3 type _ pts 30127490244.000000 len 139
04:58:47.955 T:3639599968 DEBUG: AddOnLog: Tvheadend HTSP Client: pvr.hts - receive message [muxpkt]
04:58:47.955 T:3639599968 DEBUG: AddOnLog: Tvheadend HTSP Client: pvr.hts - demux pkt idx 3:3 type _ pts 30127510244.000000 len 139
04:58:47.955 T:3639599968 DEBUG: AddOnLog: Tvheadend HTSP Client: pvr.hts - receive message [muxpkt]
04:58:47.955 T:3639599968 DEBUG: AddOnLog: Tvheadend HTSP Client: pvr.hts - demux pkt idx 3:3 type _ pts 30127530244.000000 len 139
04:58:47.956 T:3639599968 DEBUG: AddOnLog: Tvheadend HTSP Client: pvr.hts - receive message [muxpkt]
04:58:47.956 T:3639599968 DEBUG: AddOnLog: Tvheadend HTSP Client: pvr.hts - demux pkt idx 2:2 type _ pts 30127440000.000000 len 576
04:58:47.956 T:3639599968 DEBUG: AddOnLog: Tvheadend HTSP Client: pvr.hts - receive message [muxpkt]
04:58:47.956 T:3639599968 DEBUG: AddOnLog: Tvheadend HTSP Client: pvr.hts - demux pkt idx 2:2 type _ pts 30127464000.000000 len 576
04:58:47.956 T:3639599968 DEBUG: AddOnLog: Tvheadend HTSP Client: pvr.hts - receive message [muxpkt]
04:58:47.957 T:3639599968 DEBUG: AddOnLog: Tvheadend HTSP Client: pvr.hts - demux pkt idx 2:2 type _ pts 30127488000.000000 len 576
04:58:47.957 T:3639599968 DEBUG: AddOnLog: Tvheadend HTSP Client: pvr.hts - receive message [muxpkt]
04:58:47.957 T:3639599968 DEBUG: AddOnLog: Tvheadend HTSP Client: pvr.hts - demux pkt idx 2:2 type _ pts 30127512000.000000 len 576
04:58:47.957 T:3639599968 DEBUG: AddOnLog: Tvheadend HTSP Client: pvr.hts - receive message [muxpkt]
04:58:47.957 T:3639599968 DEBUG: AddOnLog: Tvheadend HTSP Client: pvr.hts - demux pkt idx 2:2 type _ pts 30127536000.000000 len 576
04:58:47.957 T:3639599968 DEBUG: AddOnLog: Tvheadend HTSP Client: pvr.hts - receive message [muxpkt]
04:58:47.958 T:3639599968 DEBUG: AddOnLog: Tvheadend HTSP Client: pvr.hts - demux pkt idx 3:3 type _ pts 30127550244.000000 len 139
04:58:47.958 T:3639599968 DEBUG: AddOnLog: Tvheadend HTSP Client: pvr.hts - receive message [muxpkt]
04:58:47.958 T:3639599968 DEBUG: AddOnLog: Tvheadend HTSP Client: pvr.hts - demux pkt idx 3:3 type _ pts 30127570244.000000 len 139
04:58:47.958 T:3639599968 DEBUG: AddOnLog: Tvheadend HTSP Client: pvr.hts - receive message [muxpkt]
04:58:47.958 T:3639599968 DEBUG: AddOnLog: Tvheadend HTSP Client: pvr.hts - demux pkt idx 3:3 type _ pts 30127590244.000000 len 139
04:58:47.958 T:3639599968 DEBUG: AddOnLog: Tvheadend HTSP Client: pvr.hts - receive message [muxpkt]
04:58:47.958 T:3639599968 DEBUG: AddOnLog: Tvheadend HTSP Client: pvr.hts - demux pkt idx 3:3 type _ pts 30127610244.000000 len 139
04:58:47.958 T:3639599968 DEBUG: AddOnLog: Tvheadend HTSP Client: pvr.hts - receive message [muxpkt]
04:58:47.959 T:3639599968 DEBUG: AddOnLog: Tvheadend HTSP Client: pvr.hts - demux pkt idx 3:3 type _ pts 30127630244.000000 len 139
04:58:47.959 T:3639599968 DEBUG: AddOnLog: Tvheadend HTSP Client: pvr.hts - receive message [timeshiftStatus]
04:58:47.959 T:3639599968 DEBUG: AddOnLog: Tvheadend HTSP Client: pvr.hts - timeshiftStatus:
04:58:47.959 T:3639599968 DEBUG: AddOnLog: Tvheadend HTSP Client: pvr.hts - full : 0
04:58:47.959 T:3639599968 DEBUG: AddOnLog: Tvheadend HTSP Client: pvr.hts - shift : 0
04:58:47.959 T:3639599968 DEBUG: AddOnLog: Tvheadend HTSP Client: pvr.hts - start : 26460930233
04:58:47.959 T:3639599968 DEBUG: AddOnLog: Tvheadend HTSP Client: pvr.hts - end : 30128130233
04:58:47.959 T:3639599968 DEBUG: AddOnLog: Tvheadend HTSP Client: pvr.hts - receive message [muxpkt]
04:58:47.959 T:3639599968 DEBUG: AddOnLog: Tvheadend HTSP Client: pvr.hts - demux pkt idx 3:3 type _ pts 30127650244.000000 len 139
04:58:47.960 T:3639599968 DEBUG: AddOnLog: Tvheadend HTSP Client: pvr.hts - receive message [queueStatus]
04:58:47.960 T:3639599968 DEBUG: AddOnLog: Tvheadend HTSP Client: pvr.hts - stream stats:
04:58:47.960 T:3639599968 DEBUG: AddOnLog: Tvheadend HTSP Client: pvr.hts - idx:1 num:720959
04:58:47.962 T:3481863008 DEBUG: CAMLCodec::Decode: ret: 0, sz: 0, dts_in: 18442240474082.1797[2A7A], pts_in: 18442240474082.1797[2A7A], adj:2147483648, ptsOut:23859.6914, amlpts:2147372121, idx:6013741, timesize:1.0000, drain: 0
04:58:47.982 T:3639599968 DEBUG: Previous line repeats 1 times.
04:58:47.982 T:3639599968 DEBUG: AddOnLog: Tvheadend HTSP Client: pvr.hts - idx:2 num:1255204
04:58:47.982 T:3639599968 DEBUG: AddOnLog: Tvheadend HTSP Client: pvr.hts - idx:3 num:1506325
04:58:47.982 T:3639599968 DEBUG: AddOnLog: Tvheadend HTSP Client: pvr.hts - idx:4 num:7499
04:58:47.982 T:3639599968 DEBUG: AddOnLog: Tvheadend HTSP Client: pvr.hts - queue stats:
04:58:47.982 T:3639599968 DEBUG: AddOnLog: Tvheadend HTSP Client: pvr.hts - pkts 12393
04:58:47.982 T:3639599968 DEBUG: AddOnLog: Tvheadend HTSP Client: pvr.hts - bytes 6165814
04:58:47.982 T:3639599968 DEBUG: AddOnLog: Tvheadend HTSP Client: pvr.hts - delay 132890244
04:58:47.982 T:3639599968 DEBUG: AddOnLog: Tvheadend HTSP Client: pvr.hts - Idrop 490
04:58:47.982 T:3639599968 DEBUG: AddOnLog: Tvheadend HTSP Client: pvr.hts - Pdrop 10355
04:58:47.982 T:3639599968 DEBUG: AddOnLog: Tvheadend HTSP Client: pvr.hts - Bdrop 24578
04:58:47.982 T:3639599968 DEBUG: AddOnLog: Tvheadend HTSP Client: pvr.hts - receive message [signalStatus]
04:58:47.983 T:3639599968 DEBUG: AddOnLog: Tvheadend HTSP Client: pvr.hts - signalStatus:
04:58:47.983 T:3639599968 DEBUG: AddOnLog: Tvheadend HTSP Client: pvr.hts - status : GOOD
04:58:47.983 T:3481863008 DEBUG: CAMLCodec::Decode: ret: 0, sz: 0, dts_in: 18442240474082.1797[2A7A], pts_in: 18442240474082.1797[2A7A], adj:2147483648, ptsOut:23859.6914, amlpts:2147372121, idx:6013741, timesize:1.0000, drain: 0
04:58:47.983 T:3639599968 DEBUG: AddOnLog: Tvheadend HTSP Client: pvr.hts - ber : 0
04:58:47.983 T:3639599968 DEBUG: AddOnLog: Tvheadend HTSP Client: pvr.hts - unc : 0
04:58:47.983 T:3639599968 DEBUG: AddOnLog: Tvheadend HTSP Client: pvr.hts - receive message [muxpkt]
04:58:47.983 T:3639599968 DEBUG: AddOnLog: Tvheadend HTSP Client: pvr.hts - demux pkt idx 2:2 type _ pts 30127560000.000000 len 576
04:58:47.983 T:3639599968 DEBUG: AddOnLog: Tvheadend HTSP Client: pvr.hts - receive message [muxpkt]
04:58:47.984 T:3639599968 DEBUG: AddOnLog: Tvheadend HTSP Client: pvr.hts - demux pkt idx 2:2 type _ pts 30127584000.000000 len 576
04:58:47.984 T:3639599968 DEBUG: AddOnLog: Tvheadend HTSP Client: pvr.hts - receive message [muxpkt]
04:58:47.984 T:3639599968 DEBUG: AddOnLog: Tvheadend HTSP Client: pvr.hts - demux pkt idx 2:2 type _ pts 30127608000.000000 len 576
04:58:47.984 T:3639599968 DEBUG: AddOnLog: Tvheadend HTSP Client: pvr.hts - receive message [muxpkt]
04:58:47.984 T:3639599968 DEBUG: AddOnLog: Tvheadend HTSP Client: pvr.hts - demux pkt idx 2:2 type _ pts 30127632000.000000 len 576
04:58:47.985 T:3639599968 DEBUG: AddOnLog: Tvheadend HTSP Client: pvr.hts - receive message [muxpkt]
04:58:47.985 T:3639599968 DEBUG: AddOnLog: Tvheadend HTSP Client: pvr.hts - demux pkt idx 2:2 type _ pts 30127656000.000000 len 576
04:58:47.985 T:3639599968 DEBUG: AddOnLog: Tvheadend HTSP Client: pvr.hts - receive message [muxpkt]
04:58:47.985 T:3639599968 DEBUG: AddOnLog: Tvheadend HTSP Client: pvr.hts - demux pkt idx 3:3 type _ pts 30127670244.000000 len 139
04:58:47.985 T:3639599968 DEBUG: AddOnLog: Tvheadend HTSP Client: pvr.hts - receive message [muxpkt]
04:58:47.985 T:3639599968 DEBUG: AddOnLog: Tvheadend HTSP Client: pvr.hts - demux pkt idx 3:3 type _ pts 30127690244.000000 len 139
04:58:47.985 T:3639599968 DEBUG: AddOnLog: Tvheadend HTSP Client: pvr.hts - receive message [muxpkt]
04:58:47.985 T:3639599968 DEBUG: AddOnLog: Tvheadend HTSP Client: pvr.hts - demux pkt idx 3:3 type _ pts 30127710244.000000 len 139
