16:40:57.097 T:3534230368 DEBUG: AddOnLog: Tvheadend HTSP Client: pvr.hts - demux read idx :3 pts 737777.000000 len 139
2084
16:40:57.097 T:4061131616 DEBUG: CActiveAESink::OpenSink - trying to open device ALSA:hdmi:CARD=AMLM8AUDIO,DEV=0
2085
16:40:57.097 T:3534230368 DEBUG: AddOnLog: Tvheadend HTSP Client: pvr.hts - demux read idx :3 pts 757777.000000 len 139
2086
16:40:57.097 T:4061131616 INFO: CAESinkALSA::Initialize - Requested layout: RAW,RAW
2087
16:40:57.097 T:3534230368 DEBUG: AddOnLog: Tvheadend HTSP Client: pvr.hts - demux read idx :3 pts 777777.000000 len 139
2088
16:40:57.097 T:3534230368 DEBUG: AddOnLog: Tvheadend HTSP Client: pvr.hts - demux read idx :3 pts 797777.000000 len 139
2089
16:40:57.097 T:4061131616 INFO: CAESinkALSA::Initialize - set digital_codec 2
2090
16:40:57.098 T:3534230368 DEBUG: AddOnLog: Tvheadend HTSP Client: pvr.hts - demux read idx :1 pts 1977777.000000 len 63299
2091
16:40:57.098 T:4061131616 DEBUG: CAESinkALSA::Initialize -- unmuting HDMI
2092
16:40:57.098 T:4061131616 INFO: CAESinkALSA::Initialize - Attempting to open device "hdmi:CARD=AMLM8AUDIO,DEV=0"
2093
16:40:57.099 T:3534230368 DEBUG: CDVDDemuxClient::ParsePacket - {1} profile changed from -99 to 100
2094
16:40:57.099 T:3534230368 DEBUG: CDVDDemuxClient::ParsePacket - {1} level changed from -99 to 40
2095
16:40:57.099 T:3534230368 NOTICE: Opening stream: 1 source: 256
2096
16:40:57.099 T:3534230368 NOTICE: Creating video codec with codec id: 28
2097
16:40:57.100 T:3534230368 DEBUG: FactoryCodec - Video: amcodec - Opening
2098
16:40:57.100 T:3534230368 INFO: DVDVideoCodecAmlogic: Opened Amlogic Codec
2099
16:40:57.100 T:3534230368 DEBUG: FactoryCodec - Video: am-h264 - Opened
2100
16:40:57.100 T:3534230368 NOTICE: Opening stream: 2 source: 256
2101
16:40:57.100 T:3525841760 DEBUG: CVideoPlayerVideo - video decoder returned error
2102
16:40:57.100 T:3525841760 DEBUG: CVideoPlayerVideo::OpenStream - open stream with codec id: 28
2103
16:40:57.100 T:3534230368 NOTICE: Closing stream player 3
2104
16:40:57.100 T:3525841760 DEBUG: CAMLCodec::CloseDecoder
2105
16:40:57.100 T:3534230368 NOTICE: Opening stream: 4 source: 256
2106
16:40:57.100 T:3534230368 DEBUG: FactoryCodec - Overlay: Text Subtitle Decoder - Opening
2107
16:40:57.100 T:3534230368 DEBUG: FactoryCodec - Overlay: Text Subtitle Decoder - Opened
2108
16:40:57.100 T:3534230368 NOTICE: Opening stream: 3 source: 256
2109
16:40:57.101 T:3534230368 DEBUG: AddOnLog: Tvheadend HTSP Client: pvr.hts - demux read idx :3 pts 817777.000000 len 139
2110
16:40:57.101 T:3534230368 DEBUG: AddOnLog: Tvheadend HTSP Client: pvr.hts - demux read idx :3 pts 837777.000000 len 139
2111
16:40:57.101 T:3534230368 DEBUG: AddOnLog: Tvheadend HTSP Client: pvr.hts - demux read idx :2 pts 721200.000000 len 1024
2112
16:40:57.101 T:3534230368 DEBUG: AddOnLog: Tvheadend HTSP Client: pvr.hts - demux read idx :2 pts 753200.000000 len 1024
2113
16:40:57.101 T:3534230368 DEBUG: AddOnLog: Tvheadend HTSP Client: pvr.hts - demux read idx :2 pts 785200.000000 len 1024
2114
16:40:57.101 T:3525841760 DEBUG: CVideoPlayerVideo::CalcDropRequirement - hurry: 0
2115
16:40:57.101 T:3534230368 DEBUG: AddOnLog: Tvheadend HTSP Client: pvr.hts - demux read idx :2 pts 817200.000000 len 1024
2116
16:40:57.101 T:3525841760 DEBUG: CBitstreamConverter::h264_sequence_header: width(1920), height(1080), ratio(1.777778), 0x0
2117
16:40:57.101 T:3525841760 DEBUG: DVDVideoCodecAmlogic: detected h264 aspect ratio(1.777778)
2118
16:40:57.101 T:3534230368 DEBUG: AddOnLog: Tvheadend HTSP Client: pvr.hts - demux read idx :2 pts 849200.000000 len 1024
2119
16:40:57.101 T:3534230368 DEBUG: AddOnLog: Tvheadend HTSP Client: pvr.hts - demux read idx :1 pts 1997777.000000 len 21200
2120
16:40:57.102 T:3525841760 DEBUG: codecid_to_vformat, id(28) -> vformat(2)
2121
16:40:57.102 T:3534230368 DEBUG: AddOnLog: Tvheadend HTSP Client: pvr.hts - demux read idx :3 pts 857777.000000 len 139
2122
16:40:57.102 T:3525841760 DEBUG: codec_tag_to_vdec_type, codec_tag(28) -> vdec_type(4)
2123
16:40:57.102 T:3525841760 DEBUG: CAMLCodec::OpenDecoder hints.width(1920), hints.height(1080), hints.codec(28), hints.codec_tag(0)
2124
16:40:57.102 T:3534230368 DEBUG: AddOnLog: Tvheadend HTSP Client: pvr.hts - demux read idx :1 pts 1897777.000000 len 5499
2125
16:40:57.102 T:3525841760 DEBUG: CAMLCodec::OpenDecoder hints.fpsrate(1000000), hints.fpsscale(40000), video_rate(3840)
2126
16:40:57.102 T:3525841760 DEBUG: CAMLCodec::OpenDecoder hints.aspect(1.777778), video_ratio.num(1), video_ratio.den(1)
2127
16:40:57.102 T:3525841760 DEBUG: CAMLCodec::OpenDecoder hints.orientation(0), hints.forced_aspect(0), hints.extrasize(54)
2128
16:40:57.106 T:4061131616 INFO: CAESinkALSA::Initialize - Opened device "hdmi:CARD=AMLM8AUDIO,DEV=0,AES0=0x06,AES1=0x82,AES2=0x00,AES3=0x02"
2129
16:40:57.107 T:4061131616 DEBUG: CAESinkALSA::InitializeHW - Request: periodSize 2048, bufferSize 8192
2130
16:40:57.108 T:4061131616 DEBUG: CAESinkALSA::InitializeHW - Got: periodSize 2048, bufferSize 8192
2131
16:40:57.108 T:4061131616 DEBUG: CAESinkALSA::InitializeHW - Setting timeout to 171 ms
2132
16:40:57.108 T:4061131616 INFO: CAESinkALSA::Initialize - setting default aud_ch to 0
2133
16:40:57.109 T:4061131616 DEBUG: CAESinkALSA::GetChannelLayout - Input Channel Count: 2 Output Channel Count: 2
2134
16:40:57.109 T:4061131616 DEBUG: CAESinkALSA::GetChannelLayout - Requested Layout: RAW,RAW
2135
16:40:57.109 T:4061131616 DEBUG: CAESinkALSA::GetChannelLayout - Got Layout: RAW,RAW (ALSA: none) (CEA: 0)
2136
16:40:57.109 T:4061131616 DEBUG: CActiveAESink::OpenSink - ALSA Initialized:
2137
16:40:57.109 T:4061131616 DEBUG: Output Device : AML-M8AUDIO
2138
16:40:57.109 T:4061131616 DEBUG: Sample Rate : 48000
2139
16:40:57.109 T:4061131616 DEBUG: Sample Format : AE_FMT_S16NE
2140
16:40:57.109 T:4061131616 DEBUG: Channel Count : 2
2141
16:40:57.109 T:4061131616 DEBUG: Channel Layout: RAW,RAW
2142
16:40:57.109 T:4061131616 DEBUG: Frames : 2048
2143
16:40:57.109 T:4061131616 DEBUG: Frame Size : 4
2144
16:40:57.120 T:4071166816 DEBUG: CActiveAE::ClearDiscardedBuffers - buffer pool deleted
2145
16:40:57.126 T:3525841760 DEBUG: Previous line repeats 1 times.
2146
16:40:57.126 T:3525841760 NOTICE: CAMLCodec::OpenDecoder - using V4L2 pts format: 64Bit
2147
16:40:57.127 T:3639599968 DEBUG: AddOnLog: Tvheadend HTSP Client: pvr.hts - receive message [muxpkt]
2148
16:40:57.127 T:3639599968 DEBUG: AddOnLog: Tvheadend HTSP Client: pvr.hts - demux pkt idx 1:1 type B pts 1917777.000000 len 5688
2149
16:40:57.128 T:3534230368 DEBUG: AddOnLog: Tvheadend HTSP Client: pvr.hts - demux read idx :1 pts 1917777.000000 len 5688
2150
16:40:57.128 T:3639599968 DEBUG: AddOnLog: Tvheadend HTSP Client: pvr.hts - receive message [muxpkt]
2151
16:40:57.128 T:3534230368 DEBUG: CVideoPlayer::HandleMessages - player started 1
2152
16:40:57.128 T:3639599968 DEBUG: AddOnLog: Tvheadend HTSP Client: pvr.hts - demux pkt idx 3:3 type _ pts 877777.000000 len 139
2153
16:40:57.128 T:3639599968 DEBUG: AddOnLog: Tvheadend HTSP Client: pvr.hts - receive message [muxpkt]
2154
16:40:57.129 T:3639599968 DEBUG: AddOnLog: Tvheadend HTSP Client: pvr.hts - demux pkt idx 1:1 type B pts 1857777.000000 len 3366
2155
16:40:57.129 T:3639599968 DEBUG: AddOnLog: Tvheadend HTSP Client: pvr.hts - receive message [muxpkt]
2156
16:40:57.129 T:3639599968 DEBUG: AddOnLog: Tvheadend HTSP Client: pvr.hts - demux pkt idx 1:1 type B pts 1877777.000000 len 4279
2157
16:40:57.129 T:3639599968 DEBUG: AddOnLog: Tvheadend HTSP Client: pvr.hts - receive message [muxpkt]
2158
16:40:57.129 T:3534230368 DEBUG: AddOnLog: Tvheadend HTSP Client: pvr.hts - demux read idx :3 pts 877777.000000 len 139
2159
16:40:57.130 T:3639599968 DEBUG: AddOnLog: Tvheadend HTSP Client: pvr.hts - demux pkt idx 1:1 type B pts 1937777.000000 len 3641
2160
16:40:57.130 T:3534230368 DEBUG: AddOnLog: Tvheadend HTSP Client: pvr.hts - demux read idx :1 pts 1857777.000000 len 3366
2161
16:40:57.130 T:3534230368 DEBUG: AddOnLog: Tvheadend HTSP Client: pvr.hts - demux read idx :1 pts 1877777.000000 len 4279
2162
16:40:57.130 T:3534230368 DEBUG: AddOnLog: Tvheadend HTSP Client: pvr.hts - demux read idx :1 pts 1937777.000000 len 3641
2163
16:40:57.131 T:3525841760 DEBUG: CAMLCodec::Decode: ret: 2, sz: 63299, dts_in: 1.7778[27100], pts_in: 1.9778[2B750], adj:0, ptsOut:1.7778, amlpts:160000, idx:4294967295, timesize:0.0000, drain: 0
2164
16:40:57.132 T:3525841760 DEBUG: CVideoPlayerVideo::CalcDropRequirement - hurry: 0
2165
16:40:57.137 T:3525841760 DEBUG: CAMLCodec::Decode: ret: 2, sz: 21200, dts_in: 1.7978[27808], pts_in: 1.9978[2BE58], adj:0, ptsOut:1.7778, amlpts:160000, idx:4294967295, timesize:0.0000, drain: 0
2166
16:40:57.137 T:3525841760 DEBUG: CVideoPlayerVideo::CalcDropRequirement - hurry: 0
2167
16:40:57.142 T:3525841760 DEBUG: CAMLCodec::Decode: ret: 2, sz: 5499, dts_in: 1.8178[27F10], pts_in: 1.8978[29B30], adj:0, ptsOut:1.7778, amlpts:160000, idx:4294967295, timesize:0.0000, drain: 0
2168
16:40:57.142 T:3525841760 DEBUG: CVideoPlayerVideo::CalcDropRequirement - hurry: 0
2169
16:40:57.148 T:3525841760 DEBUG: CAMLCodec::Decode: ret: 2, sz: 5688, dts_in: 1.8378[28618], pts_in: 1.9178[2A238], adj:0, ptsOut:1.7778, amlpts:160000, idx:4294967295, timesize:0.0000, drain: 0
2170
16:40:57.148 T:3525841760 DEBUG: CVideoPlayerVideo::CalcDropRequirement - hurry: 0
2171
16:40:57.153 T:3525841760 DEBUG: CAMLCodec::Decode: ret: 2, sz: 3366, dts_in: 1.8578[28D20], pts_in: 1.8578[28D20], adj:0, ptsOut:1.7778, amlpts:160000, idx:4294967295, timesize:0.0000, drain: 0
2172
16:40:57.153 T:3525841760 DEBUG: CVideoPlayerVideo::CalcDropRequirement - hurry: 0
2173
16:40:57.158 T:3525841760 DEBUG: CAMLCodec::Decode: ret: 2, sz: 4279, dts_in: 1.8778[29428], pts_in: 1.8778[29428], adj:0, ptsOut:1.7778, amlpts:160000, idx:4294967295, timesize:0.0000, drain: 0
2174
16:40:57.159 T:3525841760 DEBUG: CVideoPlayerVideo::CalcDropRequirement - hurry: 0
2175
16:40:57.161 T:3639599968 DEBUG: AddOnLog: Tvheadend HTSP Client: pvr.hts - receive message [muxpkt]
2176
16:40:57.161 T:3639599968 DEBUG: AddOnLog: Tvheadend HTSP Client: pvr.hts - demux pkt idx 3:3 type _ pts 897777.000000 len 139
2177
16:40:57.161 T:3639599968 DEBUG: AddOnLog: Tvheadend HTSP Client: pvr.hts - receive message [muxpkt]
2178
16:40:57.161 T:3534230368 DEBUG: AddOnLog: Tvheadend HTSP Client: pvr.hts - demux read idx :3 pts 897777.000000 len 139
2179
16:40:57.161 T:3639599968 DEBUG: AddOnLog: Tvheadend HTSP Client: pvr.hts - demux pkt idx 1:1 type B pts 1957777.000000 len 3603
2180
16:40:57.161 T:3639599968 DEBUG: AddOnLog: Tvheadend HTSP Client: pvr.hts - receive message [muxpkt]
2181
16:40:57.161 T:3639599968 DEBUG: AddOnLog: Tvheadend HTSP Client: pvr.hts - demux pkt idx 3:3 type _ pts 917777.000000 len 139
2182
16:40:57.162 T:3534230368 DEBUG: AddOnLog: Tvheadend HTSP Client: pvr.hts - demux read idx :1 pts 1957777.000000 len 3603
2183
16:40:57.162 T:3534230368 DEBUG: AddOnLog: Tvheadend HTSP Client: pvr.hts - demux read idx :3 pts 917777.000000 len 139
2184
16:40:57.164 T:3525841760 DEBUG: CAMLCodec::Decode: ret: 2, sz: 3641, dts_in: 1.8978[29B30], pts_in: 1.9378[2A940], adj:0, ptsOut:1.7778, amlpts:160000, idx:4294967295, timesize:0.0000, drain: 0
2185
16:40:57.164 T:3525841760 DEBUG: CVideoPlayerVideo::CalcDropRequirement - hurry: 0
2186
16:40:57.169 T:3525841760 DEBUG: CAMLCodec::Decode: ret: 2, sz: 3603, dts_in: 1.9178[2A238], pts_in: 1.9578[2B048], adj:0, ptsOut:1.7778, amlpts:160000, idx:4294967295, timesize:0.0000, drain: 0
2187
16:40:57.194 T:3639599968 DEBUG: AddOnLog: Tvheadend HTSP Client: pvr.hts - receive message [muxpkt]
2188
16:40:57.194 T:3639599968 DEBUG: AddOnLog: Tvheadend HTSP Client: pvr.hts - demux pkt idx 3:3 type _ pts 937777.000000 len 139
2189
16:40:57.194 T:3534230368 DEBUG: AddOnLog: Tvheadend HTSP Client: pvr.hts - demux read idx :3 pts 937777.000000 len 139
2190
16:40:57.195 T:3639599968 DEBUG: AddOnLog: Tvheadend HTSP Client: pvr.hts - receive message [muxpkt]
2191
16:40:57.195 T:3639599968 DEBUG: AddOnLog: Tvheadend HTSP Client: pvr.hts - demux pkt idx 1:1 type P pts 2137777.000000 len 20357
2192
16:40:57.195 T:3534230368 DEBUG: AddOnLog: Tvheadend HTSP Client: pvr.hts - demux read idx :1 pts 2137777.000000 len 20357
2193
16:40:57.195 T:3639599968 DEBUG: AddOnLog: Tvheadend HTSP Client: pvr.hts - receive message [muxpkt]
2194
16:40:57.195 T:3639599968 DEBUG: AddOnLog: Tvheadend HTSP Client: pvr.hts - demux pkt idx 3:3 type _ pts 957777.000000 len 139
2195
16:40:57.195 T:3525841760 DEBUG: CVideoPlayerVideo::CalcDropRequirement - hurry: 0
2196
16:40:57.195 T:3534230368 DEBUG: AddOnLog: Tvheadend HTSP Client: pvr.hts - demux read idx :3 pts 957777.000000 len 139
2197
16:40:57.200 T:3525841760 DEBUG: CAMLCodec::Decode: ret: 2, sz: 20357, dts_in: 1.9378[2A940], pts_in: 2.1378[2EF90], adj:0, ptsOut:1.7778, amlpts:160000, idx:4294967295, timesize:0.0000, drain: 0
2198
16:40:57.229 T:3639599968 DEBUG: AddOnLog: Tvheadend HTSP Client: pvr.hts - receive message [muxpkt]
2199
16:40:57.229 T:3639599968 DEBUG: AddOnLog: Tvheadend HTSP Client: pvr.hts - demux pkt idx 3:3 type _ pts 977777.000000 len 139
2200
16:40:57.229 T:3534230368 DEBUG: AddOnLog: Tvheadend HTSP Client: pvr.hts - demux read idx :3 pts 977777.000000 len 139
2201
16:40:57.230 T:3639599968 DEBUG: AddOnLog: Tvheadend HTSP Client: pvr.hts - receive message [muxpkt]
2202
16:40:57.230 T:3639599968 DEBUG: AddOnLog: Tvheadend HTSP Client: pvr.hts - demux pkt idx 1:1 type P pts 2157777.000000 len 18154
2203
16:40:57.230 T:3639599968 DEBUG: AddOnLog: Tvheadend HTSP Client: pvr.hts - receive message [muxpkt]
2204
16:40:57.230 T:3534230368 DEBUG: AddOnLog: Tvheadend HTSP Client: pvr.hts - demux read idx :1 pts 2157777.000000 len 18154
2205
16:40:57.230 T:3639599968 DEBUG: AddOnLog: Tvheadend HTSP Client: pvr.hts - demux pkt idx 2:2 type _ pts 881200.000000 len 1024
2206
16:40:57.230 T:3525841760 DEBUG: CVideoPlayerVideo::CalcDropRequirement - hurry: 0
2207
16:40:57.230 T:3639599968 DEBUG: AddOnLog: Tvheadend HTSP Client: pvr.hts - receive message [muxpkt]
2208
16:40:57.230 T:3534230368 DEBUG: AddOnLog: Tvheadend HTSP Client: pvr.hts - demux read idx :2 pts 881200.000000 len 1024
2209
16:40:57.230 T:3639599968 DEBUG: AddOnLog: Tvheadend HTSP Client: pvr.hts - demux pkt idx 2:2 type _ pts 913200.000000 len 1024
2210
16:40:57.230 T:3639599968 DEBUG: AddOnLog: Tvheadend HTSP Client: pvr.hts - receive message [muxpkt]
2211
16:40:57.230 T:3534230368 DEBUG: AddOnLog: Tvheadend HTSP Client: pvr.hts - demux read idx :2 pts 913200.000000 len 1024
2212
16:40:57.231 T:3639599968 DEBUG: AddOnLog: Tvheadend HTSP Client: pvr.hts - demux pkt idx 2:2 type _ pts 945200.000000 len 1024
2213
16:40:57.231 T:3639599968 DEBUG: AddOnLog: Tvheadend HTSP Client: pvr.hts - receive message [muxpkt]
2214
16:40:57.231 T:3534230368 DEBUG: AddOnLog: Tvheadend HTSP Client: pvr.hts - demux read idx :2 pts 945200.000000 len 1024
2215
16:40:57.231 T:3639599968 DEBUG: AddOnLog: Tvheadend HTSP Client: pvr.hts - demux pkt idx 2:2 type _ pts 977200.000000 len 1024
2216
16:40:57.231 T:3534230368 DEBUG: AddOnLog: Tvheadend HTSP Client: pvr.hts - demux read idx :2 pts 977200.000000 len 1024
2217
16:40:57.231 T:3639599968 DEBUG: AddOnLog: Tvheadend HTSP Client: pvr.hts - receive message [muxpkt]
2218
16:40:57.231 T:3639599968 DEBUG: AddOnLog: Tvheadend HTSP Client: pvr.hts - demux pkt idx 2:2 type _ pts 1009200.000000 len 1024
2219
16:40:57.231 T:3534230368 DEBUG: AddOnLog: Tvheadend HTSP Client: pvr.hts - demux read idx :2 pts 1009200.000000 len 1024
2220
16:40:57.231 T:3639599968 DEBUG: AddOnLog: Tvheadend HTSP Client: pvr.hts - receive message [muxpkt]
2221
16:40:57.231 T:3639599968 DEBUG: AddOnLog: Tvheadend HTSP Client: pvr.hts - demux pkt idx 1:1 type B pts 2057777.000000 len 5053
2222
16:40:57.231 T:3534230368 DEBUG: AddOnLog: Tvheadend HTSP Client: pvr.hts - demux read idx :1 pts 2057777.000000 len 5053
2223
16:40:57.235 T:3525841760 DEBUG: CAMLCodec::Decode: ret: 2, sz: 18154, dts_in: 1.9578[2B048], pts_in: 2.1578[2F698], adj:0, ptsOut:1.7778, amlpts:160000, idx:4294967295, timesize:0.0000, drain: 0
2224
16:40:57.236 T:3525841760 DEBUG: CVideoPlayerVideo::CalcDropRequirement - hurry: 0
2225
16:40:57.241 T:3525841760 DEBUG: CAMLCodec::Decode: ret: 2, sz: 5053, dts_in: 1.9778[2B750], pts_in: 2.0578[2D370], adj:0, ptsOut:1.7778, amlpts:160000, idx:4294967295, timesize:0.0000, drain: 0
2226
16:40:57.263 T:3639599968 DEBUG: AddOnLog: Tvheadend HTSP Client: pvr.hts - receive message [muxpkt]
2227
16:40:57.263 T:3639599968 DEBUG: AddOnLog: Tvheadend HTSP Client: pvr.hts - demux pkt idx 3:3 type _ pts 997777.000000 len 139
2228
16:40:57.263 T:3534230368 DEBUG: AddOnLog: Tvheadend HTSP Client: pvr.hts - demux read idx :3 pts 997777.000000 len 139
2229
16:40:57.263 T:3639599968 DEBUG: AddOnLog: Tvheadend HTSP Client: pvr.hts - receive message [muxpkt]
2230
16:40:57.263 T:3639599968 DEBUG: AddOnLog: Tvheadend HTSP Client: pvr.hts - demux pkt idx 1:1 type B pts 2077777.000000 len 5738
2231
16:40:57.264 T:3639599968 DEBUG: AddOnLog: Tvheadend HTSP Client: pvr.hts - receive message [muxpkt]
2232
16:40:57.264 T:3534230368 DEBUG: AddOnLog: Tvheadend HTSP Client: pvr.hts - demux read idx :1 pts 2077777.000000 len 5738
2233
16:40:57.264 T:3639599968 DEBUG: AddOnLog: Tvheadend HTSP Client: pvr.hts - demux pkt idx 3:3 type _ pts 1017777.000000 len 139
2234
16:40:57.264 T:3525841760 DEBUG: CVideoPlayerVideo::CalcDropRequirement - hurry: 0
2235
16:40:57.264 T:3639599968 DEBUG: AddOnLog: Tvheadend HTSP Client: pvr.hts - receive message [muxpkt]
2236
16:40:57.264 T:3534230368 DEBUG: AddOnLog: Tvheadend HTSP Client: pvr.hts - demux read idx :3 pts 1017777.000000 len 139
2237
16:40:57.264 T:3639599968 DEBUG: AddOnLog: Tvheadend HTSP Client: pvr.hts - demux pkt idx 1:1 type B pts 2017777.000000 len 3712
2238
16:40:57.264 T:3639599968 DEBUG: AddOnLog: Tvheadend HTSP Client: pvr.hts - receive message [muxpkt]
2239
16:40:57.264 T:3534230368 DEBUG: AddOnLog: Tvheadend HTSP Client: pvr.hts - demux read idx :1 pts 2017777.000000 len 3712
2240
16:40:57.264 T:3639599968 DEBUG: AddOnLog: Tvheadend HTSP Client: pvr.hts - demux pkt idx 1:1 type B pts 2037777.000000 len 3632
2241
16:40:57.264 T:3534230368 DEBUG: AddOnLog: Tvheadend HTSP Client: pvr.hts - demux read idx :1 pts 2037777.000000 len 3632
2242
16:40:57.265 T:3639599968 DEBUG: AddOnLog: Tvheadend HTSP Client: pvr.hts - receive message [muxpkt]
2243
16:40:57.265 T:3639599968 DEBUG: AddOnLog: Tvheadend HTSP Client: pvr.hts - demux pkt idx 3:3 type _ pts 1037777.000000 len 139
2244
16:40:57.265 T:3534230368 DEBUG: AddOnLog: Tvheadend HTSP Client: pvr.hts - demux read idx :3 pts 1037777.000000 len 139
2245
16:40:57.265 T:3639599968 DEBUG: AddOnLog: Tvheadend HTSP Client: pvr.hts - receive message [muxpkt]
2246
16:40:57.265 T:3639599968 DEBUG: AddOnLog: Tvheadend HTSP Client: pvr.hts - demux pkt idx 1:1 type B pts 2097777.000000 len 3764
2247
16:40:57.265 T:3534230368 DEBUG: AddOnLog: Tvheadend HTSP Client: pvr.hts - demux read idx :1 pts 2097777.000000 len 3764
2248
16:40:57.269 T:3525841760 DEBUG: CAMLCodec::Decode: ret: 2, sz: 5738, dts_in: 1.9978[2BE58], pts_in: 2.0778[2DA78], adj:0, ptsOut:1.7778, amlpts:160000, idx:4294967295, timesize:0.0000, drain: 0
2249
16:40:57.269 T:3525841760 DEBUG: CVideoPlayerVideo::CalcDropRequirement - hurry: 0
2250
16:40:57.275 T:3525841760 DEBUG: CAMLCodec::Decode: ret: 2, sz: 3712, dts_in: 2.0178[2C560], pts_in: 2.0178[2C560], adj:0, ptsOut:1.7778, amlpts:160000, idx:4294967295, timesize:0.0000, drain: 0
2251
16:40:57.275 T:3525841760 DEBUG: CVideoPlayerVideo::CalcDropRequirement - hurry: 0
2252
16:40:57.280 T:3525841760 DEBUG: CAMLCodec::Decode: ret: 2, sz: 3632, dts_in: 2.0378[2CC68], pts_in: 2.0378[2CC68], adj:0, ptsOut:1.7778, amlpts:160000, idx:4294967295, timesize:0.0000, drain: 0
2253
16:40:57.280 T:3525841760 DEBUG: CVideoPlayerVideo::CalcDropRequirement - hurry: 0
2254
16:40:57.285 T:3525841760 DEBUG: CAMLCodec::Decode: ret: 2, sz: 3764, dts_in: 2.0578[2D370], pts_in: 2.0978[2E180], adj:0, ptsOut:1.7778, amlpts:160000, idx:4294967295, timesize:0.0000, drain: 0
2255
16:40:57.298 T:3639599968 DEBUG: AddOnLog: Tvheadend HTSP Client: pvr.hts - receive message [muxpkt]
2256
16:40:57.298 T:3639599968 DEBUG: AddOnLog: Tvheadend HTSP Client: pvr.hts - demux pkt idx 1:1 type B pts 2117777.000000 len 3477
2257
16:40:57.298 T:3534230368 DEBUG: AddOnLog: Tvheadend HTSP Client: pvr.hts - demux read idx :1 pts 2117777.000000 len 3477
2258
16:40:57.298 T:3639599968 DEBUG: AddOnLog: Tvheadend HTSP Client: pvr.hts - receive message [muxpkt]
2259
16:40:57.298 T:3639599968 DEBUG: AddOnLog: Tvheadend HTSP Client: pvr.hts - demux pkt idx 3:3 type _ pts 1057777.000000 len 139
2260
16:40:57.298 T:3525841760 DEBUG: CVideoPlayerVideo::CalcDropRequirement - hurry: 0
2261
16:40:57.298 T:3534230368 DEBUG: AddOnLog: Tvheadend HTSP Client: pvr.hts - demux read idx :3 pts 1057777.000000 len 139
2262
16:40:57.304 T:3525841760 DEBUG: CAMLCodec::Decode: ret: 2, sz: 3477, dts_in: 2.0778[2DA78], pts_in: 2.1178[2E888], adj:0, ptsOut:1.7778, amlpts:160000, idx:4294967295, timesize:0.0000, drain: 0
2263
16:40:57.333 T:3639599968 DEBUG: AddOnLog: Tvheadend HTSP Client: pvr.hts - receive message [muxpkt]
2264
16:40:57.333 T:3639599968 DEBUG: AddOnLog: Tvheadend HTSP Client: pvr.hts - demux pkt idx 3:3 type _ pts 1077777.000000 len 139
2265
16:40:57.333 T:3534230368 DEBUG: AddOnLog: Tvheadend HTSP Client: pvr.hts - demux read idx :3 pts 1077777.000000 len 139
2266
16:40:57.333 T:3639599968 DEBUG: AddOnLog: Tvheadend HTSP Client: pvr.hts - receive message [muxpkt]
2267
16:40:57.333 T:3639599968 DEBUG: AddOnLog: Tvheadend HTSP Client: pvr.hts - demux pkt idx 1:1 type P pts 2297777.000000 len 20541
2268
16:40:57.333 T:3534230368 DEBUG: AddOnLog: Tvheadend HTSP Client: pvr.hts - demux read idx :1 pts 2297777.000000 len 20541
2269
16:40:57.333 T:3525841760 DEBUG: CVideoPlayerVideo::CalcDropRequirement - hurry: 0
2270
16:40:57.339 T:3525841760 DEBUG: CAMLCodec::Decode: ret: 2, sz: 20541, dts_in: 2.0978[2E180], pts_in: 2.2978[327D0], adj:0, ptsOut:1.7778, amlpts:160000, idx:4294967295, timesize:0.0000, drain: 0
2271
16:40:57.367 T:3639599968 DEBUG: AddOnLog: Tvheadend HTSP Client: pvr.hts - receive message [muxpkt]
2272
16:40:57.367 T:3639599968 DEBUG: AddOnLog: Tvheadend HTSP Client: pvr.hts - demux pkt idx 3:3 type _ pts 1097777.000000 len 139
2273
16:40:57.368 T:3639599968 DEBUG: AddOnLog: Tvheadend HTSP Client: pvr.hts - receive message [muxpkt]
2274
16:40:57.368 T:3534230368 DEBUG: AddOnLog: Tvheadend HTSP Client: pvr.hts - demux read idx :3 pts 1097777.000000 len 139
2275
16:40:57.368 T:3639599968 DEBUG: AddOnLog: Tvheadend HTSP Client: pvr.hts - demux pkt idx 3:3 type _ pts 1117777.000000 len 139
2276
16:40:57.368 T:3639599968 DEBUG: AddOnLog: Tvheadend HTSP Client: pvr.hts - receive message [muxpkt]
2277
16:40:57.368 T:3534230368 DEBUG: AddOnLog: Tvheadend HTSP Client: pvr.hts - demux read idx :3 pts 1117777.000000 len 139
2278
16:40:57.368 T:3639599968 DEBUG: AddOnLog: Tvheadend HTSP Client: pvr.hts - demux pkt idx 1:1 type P pts 2317777.000000 len 17939
2279
16:40:57.368 T:3534230368 DEBUG: AddOnLog: Tvheadend HTSP Client: pvr.hts - demux read idx :1 pts 2317777.000000 len 17939
2280
16:40:57.369 T:3639599968 DEBUG: AddOnLog: Tvheadend HTSP Client: pvr.hts - receive message [muxpkt]
2281
16:40:57.369 T:3525841760 DEBUG: CVideoPlayerVideo::CalcDropRequirement - hurry: 0
2282
16:40:57.369 T:3639599968 DEBUG: AddOnLog: Tvheadend HTSP Client: pvr.hts - demux pkt idx 1:1 type B pts 2217777.000000 len 5398
2283
16:40:57.369 T:3534230368 DEBUG: AddOnLog: Tvheadend HTSP Client: pvr.hts - demux read idx :1 pts 2217777.000000 len 5398
2284
16:40:57.369 T:3639599968 DEBUG: AddOnLog: Tvheadend HTSP Client: pvr.hts - receive message [muxpkt]
2285
16:40:57.369 T:3639599968 DEBUG: AddOnLog: Tvheadend HTSP Client: pvr.hts - demux pkt idx 3:3 type _ pts 1137777.000000 len 139
2286
16:40:57.369 T:3534230368 DEBUG: AddOnLog: Tvheadend HTSP Client: pvr.hts - demux read idx :3 pts 1137777.000000 len 139
2287
16:40:57.374 T:3525841760 DEBUG: CAMLCodec::Decode: ret: 2, sz: 17939, dts_in: 2.1178[2E888], pts_in: 2.3178[32ED8], adj:0, ptsOut:1.7778, amlpts:160000, idx:4294967295, timesize:0.0000, drain: 0
2288
16:40:57.374 T:3525841760 DEBUG: CVideoPlayerVideo::CalcDropRequirement - hurry: 0
2289
16:40:57.379 T:3525841760 DEBUG: CAMLCodec::Decode: ret: 2, sz: 5398, dts_in: 2.1378[2EF90], pts_in: 2.2178[30BB0], adj:0, ptsOut:1.7778, amlpts:160000, idx:4294967295, timesize:0.0000, drain: 0
2290
16:40:57.402 T:3639599968 DEBUG: AddOnLog: Tvheadend HTSP Client: pvr.hts - receive message [muxpkt]
2291
16:40:57.403 T:3639599968 DEBUG: AddOnLog: Tvheadend HTSP Client: pvr.hts - demux pkt idx 1:1 type B pts 2237777.000000 len 5124
2292
16:40:57.403 T:3534230368 DEBUG: AddOnLog: Tvheadend HTSP Client: pvr.hts - demux read idx :1 pts 2237777.000000 len 5124
2293
16:40:57.403 T:3639599968 DEBUG: AddOnLog: Tvheadend HTSP Client: pvr.hts - receive message [muxpkt]
2294
16:40:57.403 T:3639599968 DEBUG: AddOnLog: Tvheadend HTSP Client: pvr.hts - demux pkt idx 4:4 type _ pts 1009200.000000 len 685
2295
16:40:57.403 T:3525841760 DEBUG: CVideoPlayerVideo::CalcDropRequirement - hurry: 0
2296
16:40:57.403 T:3639599968 DEBUG: AddOnLog: Tvheadend HTSP Client: pvr.hts - receive message [muxpkt]
2297
16:40:57.403 T:3639599968 DEBUG: AddOnLog: Tvheadend HTSP Client: pvr.hts - demux pkt idx 3:3 type _ pts 1157777.000000 len 139
2298
16:40:57.403 T:3639599968 DEBUG: AddOnLog: Tvheadend HTSP Client: pvr.hts - receive message [muxpkt]
2299
16:40:57.403 T:3534230368 DEBUG: AddOnLog: Tvheadend HTSP Client: pvr.hts - demux read idx :4 pts 1009200.000000 len 685
2300
16:40:57.403 T:3639599968 DEBUG: AddOnLog: Tvheadend HTSP Client: pvr.hts - demux pkt idx 2:2 type _ pts 1041200.000000 len 1024
2301
16:40:57.404 T:3639599968 DEBUG: AddOnLog: Tvheadend HTSP Client: pvr.hts - receive message [muxpkt]
2302
16:40:57.404 T:3639599968 DEBUG: AddOnLog: Tvheadend HTSP Client: pvr.hts - demux pkt idx 2:2 type _ pts 1073200.000000 len 1024
2303
16:40:57.404 T:3639599968 DEBUG: AddOnLog: Tvheadend HTSP Client: pvr.hts - receive message [muxpkt]
2304
16:40:57.404 T:3639599968 DEBUG: AddOnLog: Tvheadend HTSP Client: pvr.hts - demux pkt idx 2:2 type _ pts 1105200.000000 len 1024
2305
16:40:57.404 T:3639599968 DEBUG: AddOnLog: Tvheadend HTSP Client: pvr.hts - receive message [muxpkt]
2306
16:40:57.404 T:3639599968 DEBUG: AddOnLog: Tvheadend HTSP Client: pvr.hts - demux pkt idx 2:2 type _ pts 1137200.000000 len 1024
2307
16:40:57.404 T:3639599968 DEBUG: AddOnLog: Tvheadend HTSP Client: pvr.hts - receive message [muxpkt]
2308
16:40:57.404 T:3639599968 DEBUG: AddOnLog: Tvheadend HTSP Client: pvr.hts - demux pkt idx 2:2 type _ pts 1169200.000000 len 1024
2309
16:40:57.404 T:3639599968 DEBUG: AddOnLog: Tvheadend HTSP Client: pvr.hts - receive message [muxpkt]
2310
16:40:57.404 T:3639599968 DEBUG: AddOnLog: Tvheadend HTSP Client: pvr.hts - demux pkt idx 1:1 type B pts 2177777.000000 len 3932
2311
16:40:57.404 T:3639599968 DEBUG: AddOnLog: Tvheadend HTSP Client: pvr.hts - receive message [muxpkt]
2312
16:40:57.404 T:3639599968 DEBUG: AddOnLog: Tvheadend HTSP Client: pvr.hts - demux pkt idx 1:1 type B pts 2197777.000000 len 3892
2313
16:40:57.404 T:3534230368 DEBUG: AddOnLog: Tvheadend HTSP Client: pvr.hts - demux read idx :3 pts 1157777.000000 len 139
2314
16:40:57.404 T:3639599968 DEBUG: AddOnLog: Tvheadend HTSP Client: pvr.hts - receive message [muxpkt]
2315
16:40:57.405 T:3639599968 DEBUG: AddOnLog: Tvheadend HTSP Client: pvr.hts - demux pkt idx 1:1 type B pts 2257777.000000 len 3682
2316
16:40:57.405 T:3534230368 DEBUG: AddOnLog: Tvheadend HTSP Client: pvr.hts - demux read idx :2 pts 1041200.000000 len 1024
2317
16:40:57.405 T:3639599968 DEBUG: AddOnLog: Tvheadend HTSP Client: pvr.hts - receive message [muxpkt]
2318
16:40:57.405 T:3639599968 DEBUG: AddOnLog: Tvheadend HTSP Client: pvr.hts - demux pkt idx 3:3 type _ pts 1177777.000000 len 139
2319
16:40:57.405 T:3534230368 DEBUG: AddOnLog: Tvheadend HTSP Client: pvr.hts - demux read idx :2 pts 1073200.000000 len 1024
2320
16:40:57.405 T:3534230368 DEBUG: AddOnLog: Tvheadend HTSP Client: pvr.hts - demux read idx :2 pts 1105200.000000 len 1024
2321
16:40:57.405 T:3534230368 DEBUG: AddOnLog: Tvheadend HTSP Client: pvr.hts - demux read idx :2 pts 1137200.000000 len 1024
2322
16:40:57.405 T:3534230368 DEBUG: AddOnLog: Tvheadend HTSP Client: pvr.hts - demux read idx :2 pts 1169200.000000 len 1024
2323
16:40:57.405 T:3534230368 DEBUG: AddOnLog: Tvheadend HTSP Client: pvr.hts - demux read idx :1 pts 2177777.000000 len 3932
2324
16:40:57.406 T:3534230368 DEBUG: AddOnLog: Tvheadend HTSP Client: pvr.hts - demux read idx :1 pts 2197777.000000 len 3892
2325
16:40:57.406 T:3534230368 DEBUG: AddOnLog: Tvheadend HTSP Client: pvr.hts - demux read idx :1 pts 2257777.000000 len 3682
2326
16:40:57.406 T:3534230368 DEBUG: AddOnLog: Tvheadend HTSP Client: pvr.hts - demux read idx :3 pts 1177777.000000 len 139
2327
16:40:57.408 T:3525841760 DEBUG: CAMLCodec::Decode: ret: 2, sz: 5124, dts_in: 2.1578[2F698], pts_in: 2.2378[312B8], adj:0, ptsOut:1.7778, amlpts:160000, idx:4294967295, timesize:0.0000, drain: 0
2328
16:40:57.408 T:3525841760 DEBUG: CVideoPlayerVideo::CalcDropRequirement - hurry: 0
2329
16:40:57.414 T:3525841760 DEBUG: CAMLCodec::Decode: ret: 2, sz: 3932, dts_in: 2.1778[2FDA0], pts_in: 2.1778[2FDA0], adj:0, ptsOut:1.7778, amlpts:160000, idx:4294967295, timesize:0.0000, drain: 0
2330
16:40:57.414 T:3525841760 DEBUG: CVideoPlayerVideo::CalcDropRequirement - hurry: 0
2331
16:40:57.419 T:3525841760 DEBUG: CAMLCodec::Decode: ret: 2, sz: 3892, dts_in: 2.1978[304A8], pts_in: 2.1978[304A8], adj:0, ptsOut:1.7778, amlpts:160000, idx:4294967295, timesize:0.0000, drain: 0
2332
16:40:57.419 T:3525841760 DEBUG: CVideoPlayerVideo::CalcDropRequirement - hurry: 0
2333
16:40:57.424 T:3525841760 DEBUG: CAMLCodec::Decode: ret: 2, sz: 3682, dts_in: 2.2178[30BB0], pts_in: 2.2578[319C0], adj:0, ptsOut:1.7778, amlpts:160000, idx:4294967295, timesize:0.0000, drain: 0
2334
16:40:57.437 T:3639599968 DEBUG: AddOnLog: Tvheadend HTSP Client: pvr.hts - receive message [muxpkt]
2335
16:40:57.437 T:3639599968 DEBUG: AddOnLog: Tvheadend HTSP Client: pvr.hts - demux pkt idx 1:1 type B pts 2277777.000000 len 3322
2336
16:40:57.437 T:3534230368 DEBUG: AddOnLog: Tvheadend HTSP Client: pvr.hts - demux read idx :1 pts 2277777.000000 len 3322
2337
16:40:57.438 T:3525841760 DEBUG: CVideoPlayerVideo::CalcDropRequirement - hurry: 0
2338
16:40:57.443 T:3525841760 DEBUG: CAMLCodec::Decode: ret: 2, sz: 3322, dts_in: 2.2378[312B8], pts_in: 2.2778[320C8], adj:0, ptsOut:1.7778, amlpts:160000, idx:4294967295, timesize:0.0000, drain: 0
2339
16:40:57.471 T:3639599968 DEBUG: AddOnLog: Tvheadend HTSP Client: pvr.hts - receive message [muxpkt]
2340
16:40:57.471 T:3639599968 DEBUG: AddOnLog: Tvheadend HTSP Client: pvr.hts - demux pkt idx 3:3 type _ pts 1197777.000000 len 139
2341
16:40:57.471 T:3639599968 DEBUG: AddOnLog: Tvheadend HTSP Client: pvr.hts - receive message [muxpkt]
2342
16:40:57.471 T:3534230368 DEBUG: AddOnLog: Tvheadend HTSP Client: pvr.hts - demux read idx :3 pts 1197777.000000 len 139
2343
16:40:57.472 T:3639599968 DEBUG: AddOnLog: Tvheadend HTSP Client: pvr.hts - demux pkt idx 3:3 type _ pts 1217777.000000 len 139
2344
16:40:57.472 T:3639599968 DEBUG: AddOnLog: Tvheadend HTSP Client: pvr.hts - receive message [muxpkt]
2345
16:40:57.472 T:3534230368 DEBUG: AddOnLog: Tvheadend HTSP Client: pvr.hts - demux read idx :3 pts 1217777.000000 len 139
2346
16:40:57.472 T:3639599968 DEBUG: AddOnLog: Tvheadend HTSP Client: pvr.hts - demux pkt idx 1:1 type P pts 2457777.000000 len 19815
2347
16:40:57.472 T:3534230368 DEBUG: AddOnLog: Tvheadend HTSP Client: pvr.hts - demux read idx :1 pts 2457777.000000 len 19815
2348
16:40:57.472 T:3639599968 DEBUG: AddOnLog: Tvheadend HTSP Client: pvr.hts - receive message [muxpkt]
2349
16:40:57.472 T:3525841760 DEBUG: CVideoPlayerVideo::CalcDropRequirement - hurry: 0
2350
16:40:57.472 T:3639599968 DEBUG: AddOnLog: Tvheadend HTSP Client: pvr.hts - demux pkt idx 3:3 type _ pts 1237777.000000 len 139
2351
16:40:57.472 T:3534230368 DEBUG: AddOnLog: Tvheadend HTSP Client: pvr.hts - demux read idx :3 pts 1237777.000000 len 139
2352
16:40:57.477 T:3525841760 DEBUG: CAMLCodec::Decode: ret: 2, sz: 19815, dts_in: 2.2578[319C0], pts_in: 2.4578[36010], adj:0, ptsOut:1.7778, amlpts:160000, idx:4294967295, timesize:0.0000, drain: 0
2353
16:40:57.507 T:3639599968 DEBUG: AddOnLog: Tvheadend HTSP Client: pvr.hts - receive message [muxpkt]
2354
16:40:57.507 T:3639599968 DEBUG: AddOnLog: Tvheadend HTSP Client: pvr.hts - demux pkt idx 3:3 type _ pts 1257777.000000 len 139
2355
16:40:57.507 T:3639599968 DEBUG: AddOnLog: Tvheadend HTSP Client: pvr.hts - receive message [muxpkt]
2356
16:40:57.507 T:3534230368 DEBUG: AddOnLog: Tvheadend HTSP Client: pvr.hts - demux read idx :3 pts 1257777.000000 len 139
2357
16:40:57.508 T:3639599968 DEBUG: AddOnLog: Tvheadend HTSP Client: pvr.hts - demux pkt idx 1:1 type P pts 2477777.000000 len 17412
2358
16:40:57.508 T:3639599968 DEBUG: AddOnLog: Tvheadend HTSP Client: pvr.hts - receive message [muxpkt]
2359
16:40:57.508 T:3534230368 DEBUG: AddOnLog: Tvheadend HTSP Client: pvr.hts - demux read idx :1 pts 2477777.000000 len 17412
2360
16:40:57.508 T:3639599968 DEBUG: AddOnLog: Tvheadend HTSP Client: pvr.hts - demux pkt idx 3:3 type _ pts 1277777.000000 len 139
2361
16:40:57.508 T:3525841760 DEBUG: CVideoPlayerVideo::CalcDropRequirement - hurry: 0
2362
16:40:57.508 T:3534230368 DEBUG: AddOnLog: Tvheadend HTSP Client: pvr.hts - demux read idx :3 pts 1277777.000000 len 139
2363
16:40:57.508 T:3639599968 DEBUG: AddOnLog: Tvheadend HTSP Client: pvr.hts - receive message [muxpkt]
2364
16:40:57.508 T:3639599968 DEBUG: AddOnLog: Tvheadend HTSP Client: pvr.hts - demux pkt idx 1:1 type B pts 2377777.000000 len 5582
2365
16:40:57.508 T:3534230368 DEBUG: AddOnLog: Tvheadend HTSP Client: pvr.hts - demux read idx :1 pts 2377777.000000 len 5582
2366
16:40:57.513 T:3525841760 DEBUG: CAMLCodec::Decode: ret: 2, sz: 17412, dts_in: 2.2778[320C8], pts_in: 2.4778[36718], adj:0, ptsOut:1.7778, amlpts:160000, idx:4294967295, timesize:0.0000, drain: 0
2367
16:40:57.513 T:3525841760 DEBUG: CVideoPlayerVideo::CalcDropRequirement - hurry: 0
2368
16:40:57.519 T:3525841760 DEBUG: CAMLCodec::Decode: ret: 2, sz: 5582, dts_in: 2.2978[327D0], pts_in: 2.3778[343F0], adj:0, ptsOut:1.7778, amlpts:160000, idx:4294967295, timesize:0.0000, drain: 0
2369
16:40:57.540 T:3639599968 DEBUG: AddOnLog: Tvheadend HTSP Client: pvr.hts - receive message [muxpkt]
2370
16:40:57.541 T:3639599968 DEBUG: AddOnLog: Tvheadend HTSP Client: pvr.hts - demux pkt idx 1:1 type B pts 2397777.000000 len 5520
2371
16:40:57.541 T:3639599968 DEBUG: AddOnLog: Tvheadend HTSP Client: pvr.hts - receive message [muxpkt]
2372
16:40:57.541 T:3639599968 DEBUG: AddOnLog: Tvheadend HTSP Client: pvr.hts - demux pkt idx 1:1 type B pts 2337777.000000 len 3867
2373
16:40:57.541 T:3534230368 DEBUG: AddOnLog: Tvheadend HTSP Client: pvr.hts - demux read idx :1 pts 2397777.000000 len 5520
2374
16:40:57.541 T:3639599968 DEBUG: AddOnLog: Tvheadend HTSP Client: pvr.hts - receive message [muxpkt]
2375
16:40:57.541 T:3639599968 DEBUG: AddOnLog: Tvheadend HTSP Client: pvr.hts - demux pkt idx 1:1 type B pts 2357777.000000 len 3967
2376
16:40:57.541 T:3525841760 DEBUG: CVideoPlayerVideo::CalcDropRequirement - hurry: 0
2377
16:40:57.541 T:3639599968 DEBUG: AddOnLog: Tvheadend HTSP Client: pvr.hts - receive message [muxpkt]
2378
16:40:57.542 T:3534230368 DEBUG: AddOnLog: Tvheadend HTSP Client: pvr.hts - demux read idx :1 pts 2337777.000000 len 3867
2379
16:40:57.542 T:3639599968 DEBUG: AddOnLog: Tvheadend HTSP Client: pvr.hts - demux pkt idx 1:1 type B pts 2417777.000000 len 3703
2380
16:40:57.542 T:3639599968 DEBUG: AddOnLog: Tvheadend HTSP Client: pvr.hts - receive message [muxpkt]
2381
16:40:57.542 T:3534230368 DEBUG: AddOnLog: Tvheadend HTSP Client: pvr.hts - demux read idx :1 pts 2357777.000000 len 3967
2382
16:40:57.542 T:3639599968 DEBUG: AddOnLog: Tvheadend HTSP Client: pvr.hts - demux pkt idx 3:3 type _ pts 1297777.000000 len 139
2383
16:40:57.542 T:3534230368 DEBUG: AddOnLog: Tvheadend HTSP Client: pvr.hts - demux read idx :1 pts 2417777.000000 len 3703
2384
16:40:57.542 T:3639599968 DEBUG: AddOnLog: Tvheadend HTSP Client: pvr.hts - receive message [muxpkt]
2385
16:40:57.542 T:3639599968 DEBUG: AddOnLog: Tvheadend HTSP Client: pvr.hts - demux pkt idx 3:3 type _ pts 1317777.000000 len 139
2386
16:40:57.542 T:3534230368 DEBUG: AddOnLog: Tvheadend HTSP Client: pvr.hts - demux read idx :3 pts 1297777.000000 len 139
2387
16:40:57.542 T:3534230368 DEBUG: AddOnLog: Tvheadend HTSP Client: pvr.hts - demux read idx :3 pts 1317777.000000 len 139
2388
16:40:57.547 T:3525841760 DEBUG: CAMLCodec::Decode: ret: 2, sz: 5520, dts_in: 2.3178[32ED8], pts_in: 2.3978[34AF8], adj:0, ptsOut:1.7778, amlpts:160000, idx:4294967295, timesize:0.0000, drain: 0
2389
16:40:57.547 T:3525841760 DEBUG: CVideoPlayerVideo::CalcDropRequirement - hurry: 0
2390
16:40:57.552 T:3525841760 DEBUG: CAMLCodec::Decode: ret: 2, sz: 3867, dts_in: 2.3378[335E0], pts_in: 2.3378[335E0], adj:0, ptsOut:1.7778, amlpts:160000, idx:4294967295, timesize:0.0000, drain: 0
2391
16:40:57.552 T:3525841760 DEBUG: CVideoPlayerVideo::CalcDropRequirement - hurry: 0
2392
16:40:57.558 T:3525841760 DEBUG: CAMLCodec::Decode: ret: 2, sz: 3967, dts_in: 2.3578[33CE8], pts_in: 2.3578[33CE8], adj:0, ptsOut:1.7778, amlpts:160000, idx:4294967295, timesize:0.0000, drain: 0
2393
16:40:57.558 T:3525841760 DEBUG: CVideoPlayerVideo::CalcDropRequirement - hurry: 0
2394
16:40:57.563 T:3525841760 DEBUG: CAMLCodec::Decode: ret: 2, sz: 3703, dts_in: 2.3778[343F0], pts_in: 2.4178[35200], adj:0, ptsOut:1.7778, amlpts:160000, idx:4294967295, timesize:0.0000, drain: 0
2395
16:40:57.575 T:3639599968 DEBUG: AddOnLog: Tvheadend HTSP Client: pvr.hts - receive message [muxpkt]
2396
16:40:57.575 T:3639599968 DEBUG: AddOnLog: Tvheadend HTSP Client: pvr.hts - demux pkt idx 2:2 type _ pts 1201200.000000 len 1024
2397
16:40:57.575 T:3534230368 DEBUG: AddOnLog: Tvheadend HTSP Client: pvr.hts - demux read idx :2 pts 1201200.000000 len 1024
2398
16:40:57.576 T:3639599968 DEBUG: AddOnLog: Tvheadend HTSP Client: pvr.hts - receive message [muxpkt]
2399
16:40:57.576 T:3639599968 DEBUG: AddOnLog: Tvheadend HTSP Client: pvr.hts - demux pkt idx 2:2 type _ pts 1233200.000000 len 1024
2400
16:40:57.576 T:3534230368 DEBUG: AddOnLog: Tvheadend HTSP Client: pvr.hts - demux read idx :2 pts 1233200.000000 len 1024
2401
16:40:57.576 T:3639599968 DEBUG: AddOnLog: Tvheadend HTSP Client: pvr.hts - receive message [muxpkt]
2402
16:40:57.576 T:3639599968 DEBUG: AddOnLog: Tvheadend HTSP Client: pvr.hts - demux pkt idx 2:2 type _ pts 1265200.000000 len 1024
2403
16:40:57.576 T:3534230368 DEBUG: AddOnLog: Tvheadend HTSP Client: pvr.hts - demux read idx :2 pts 1265200.000000 len 1024
2404
16:40:57.576 T:3639599968 DEBUG: AddOnLog: Tvheadend HTSP Client: pvr.hts - receive message [muxpkt]
2405
16:40:57.577 T:3639599968 DEBUG: AddOnLog: Tvheadend HTSP Client: pvr.hts - demux pkt idx 2:2 type _ pts 1297200.000000 len 1024
2406
16:40:57.577 T:3639599968 DEBUG: AddOnLog: Tvheadend HTSP Client: pvr.hts - receive message [muxpkt]
2407
16:40:57.577 T:3639599968 DEBUG: AddOnLog: Tvheadend HTSP Client: pvr.hts - demux pkt idx 2:2 type _ pts 1329200.000000 len 1024
2408
16:40:57.577 T:3639599968 DEBUG: AddOnLog: Tvheadend HTSP Client: pvr.hts - receive message [muxpkt]
2409
16:40:57.577 T:3639599968 DEBUG: AddOnLog: Tvheadend HTSP Client: pvr.hts - demux pkt idx 1:1 type B pts 2437777.000000 len 3621
2410
16:40:57.577 T:3639599968 DEBUG: AddOnLog: Tvheadend HTSP Client: pvr.hts - receive message [muxpkt]
2411
16:40:57.577 T:3639599968 DEBUG: AddOnLog: Tvheadend HTSP Client: pvr.hts - demux pkt idx 3:3 type _ pts 1337777.000000 len 139
2412
16:40:57.577 T:3534230368 DEBUG: AddOnLog: Tvheadend HTSP Client: pvr.hts - demux read idx :2 pts 1297200.000000 len 1024
2413
16:40:57.577 T:3534230368 DEBUG: AddOnLog: Tvheadend HTSP Client: pvr.hts - demux read idx :2 pts 1329200.000000 len 1024
2414
16:40:57.578 T:3534230368 DEBUG: AddOnLog: Tvheadend HTSP Client: pvr.hts - demux read idx :1 pts 2437777.000000 len 3621
2415
16:40:57.578 T:3525841760 DEBUG: CVideoPlayerVideo::CalcDropRequirement - hurry: 0
2416
16:40:57.578 T:3534230368 DEBUG: AddOnLog: Tvheadend HTSP Client: pvr.hts - demux read idx :3 pts 1337777.000000 len 139
2417
16:40:57.583 T:3525841760 DEBUG: CAMLCodec::Decode: ret: 2, sz: 3621, dts_in: 2.3978[34AF8], pts_in: 2.4378[35908], adj:0, ptsOut:1.7778, amlpts:160000, idx:4294967295, timesize:0.0000, drain: 0
2418
16:40:57.612 T:3639599968 DEBUG: AddOnLog: Tvheadend HTSP Client: pvr.hts - receive message [muxpkt]
2419
16:40:57.612 T:3639599968 DEBUG: AddOnLog: Tvheadend HTSP Client: pvr.hts - demux pkt idx 3:3 type _ pts 1357777.000000 len 139
2420
16:40:57.612 T:3534230368 DEBUG: AddOnLog: Tvheadend HTSP Client: pvr.hts - demux read idx :3 pts 1357777.000000 len 139
2421
16:40:57.612 T:3639599968 DEBUG: AddOnLog: Tvheadend HTSP Client: pvr.hts - receive message [muxpkt]
2422
16:40:57.612 T:3639599968 DEBUG: AddOnLog: Tvheadend HTSP Client: pvr.hts - demux pkt idx 1:1 type P pts 2617777.000000 len 20271
2423
16:40:57.613 T:3534230368 DEBUG: AddOnLog: Tvheadend HTSP Client: pvr.hts - demux read idx :1 pts 2617777.000000 len 20271
2424
16:40:57.613 T:3639599968 DEBUG: AddOnLog: Tvheadend HTSP Client: pvr.hts - receive message [muxpkt]
2425
16:40:57.613 T:3639599968 DEBUG: AddOnLog: Tvheadend HTSP Client: pvr.hts - demux pkt idx 3:3 type _ pts 1377777.000000 len 139
2426
16:40:57.613 T:3525841760 DEBUG: CVideoPlayerVideo::CalcDropRequirement - hurry: 0
2427
16:40:57.613 T:3534230368 DEBUG: AddOnLog: Tvheadend HTSP Client: pvr.hts - demux read idx :3 pts 1377777.000000 len 139
2428
16:40:57.618 T:3525841760 DEBUG: CAMLCodec::Decode: ret: 2, sz: 20271, dts_in: 2.4178[35200], pts_in: 2.6178[39850], adj:0, ptsOut:1.7778, amlpts:160000, idx:4294967295, timesize:0.0000, drain: 0
2429
16:40:57.645 T:3639599968 DEBUG: AddOnLog: Tvheadend HTSP Client: pvr.hts - receive message [muxpkt]
2430
16:40:57.645 T:3639599968 DEBUG: AddOnLog: Tvheadend HTSP Client: pvr.hts - demux pkt idx 3:3 type _ pts 1397777.000000 len 139
2431
16:40:57.645 T:3534230368 DEBUG: AddOnLog: Tvheadend HTSP Client: pvr.hts - demux read idx :3 pts 1397777.000000 len 139
2432
16:40:57.645 T:3639599968 DEBUG: AddOnLog: Tvheadend HTSP Client: pvr.hts - receive message [muxpkt]
2433
16:40:57.646 T:3639599968 DEBUG: AddOnLog: Tvheadend HTSP Client: pvr.hts - demux pkt idx 1:1 type P pts 2637777.000000 len 17734
2434
16:40:57.646 T:3534230368 DEBUG: AddOnLog: Tvheadend HTSP Client: pvr.hts - demux read idx :1 pts 2637777.000000 len 17734
2435
16:40:57.646 T:3639599968 DEBUG: AddOnLog: Tvheadend HTSP Client: pvr.hts - receive message [muxpkt]
2436
16:40:57.646 T:3639599968 DEBUG: AddOnLog: Tvheadend HTSP Client: pvr.hts - demux pkt idx 3:3 type _ pts 1417777.000000 len 139
2437
16:40:57.646 T:3525841760 DEBUG: CVideoPlayerVideo::CalcDropRequirement - hurry: 0
2438
16:40:57.646 T:3639599968 DEBUG: AddOnLog: Tvheadend HTSP Client: pvr.hts - receive message [muxpkt]
2439
16:40:57.646 T:3639599968 DEBUG: AddOnLog: Tvheadend HTSP Client: pvr.hts - demux pkt idx 1:1 type B pts 2537777.000000 len 4477
2440
16:40:57.646 T:3534230368 DEBUG: AddOnLog: Tvheadend HTSP Client: pvr.hts - demux read idx :3 pts 1417777.000000 len 139
2441
16:40:57.646 T:3534230368 DEBUG: AddOnLog: Tvheadend HTSP Client: pvr.hts - demux read idx :1 pts 2537777.000000 len 4477
2442
16:40:57.651 T:3525841760 DEBUG: CAMLCodec::Decode: ret: 2, sz: 17734, dts_in: 2.4378[35908], pts_in: 2.6378[39F58], adj:0, ptsOut:1.7778, amlpts:160000, idx:4294967295, timesize:0.0000, drain: 0
2443
16:40:57.651 T:3525841760 DEBUG: CVideoPlayerVideo::CalcDropRequirement - hurry: 0
2444
16:40:57.657 T:3525841760 DEBUG: CAMLCodec::Decode: ret: 2, sz: 4477, dts_in: 2.4578[36010], pts_in: 2.5378[37C30], adj:0, ptsOut:1.7778, amlpts:160000, idx:4294967295, timesize:0.0000, drain: 0
2445
16:40:57.679 T:3639599968 DEBUG: AddOnLog: Tvheadend HTSP Client: pvr.hts - receive message [muxpkt]
2446
16:40:57.679 T:3639599968 DEBUG: AddOnLog: Tvheadend HTSP Client: pvr.hts - demux pkt idx 1:1 type B pts 2557777.000000 len 4314
2447
16:40:57.679 T:3534230368 DEBUG: AddOnLog: Tvheadend HTSP Client: pvr.hts - demux read idx :1 pts 2557777.000000 len 4314
2448
16:40:57.679 T:3639599968 DEBUG: AddOnLog: Tvheadend HTSP Client: pvr.hts - receive message [muxpkt]
2449
16:40:57.679 T:3639599968 DEBUG: AddOnLog: Tvheadend HTSP Client: pvr.hts - demux pkt idx 1:1 type B pts 2497777.000000 len 3137
2450
16:40:57.679 T:3525841760 DEBUG: CVideoPlayerVideo::CalcDropRequirement - hurry: 0
2451
16:40:57.679 T:3534230368 DEBUG: AddOnLog: Tvheadend HTSP Client: pvr.hts - demux read idx :1 pts 2497777.000000 len 3137
2452
16:40:57.680 T:3639599968 DEBUG: AddOnLog: Tvheadend HTSP Client: pvr.hts - receive message [muxpkt]
2453
16:40:57.680 T:3639599968 DEBUG: AddOnLog: Tvheadend HTSP Client: pvr.hts - demux pkt idx 3:3 type _ pts 1437777.000000 len 139
2454
16:40:57.680 T:3534230368 DEBUG: AddOnLog: Tvheadend HTSP Client: pvr.hts - demux read idx :3 pts 1437777.000000 len 139
2455
16:40:57.680 T:3639599968 DEBUG: AddOnLog: Tvheadend HTSP Client: pvr.hts - receive message [muxpkt]
2456
16:40:57.680 T:3639599968 DEBUG: AddOnLog: Tvheadend HTSP Client: pvr.hts - demux pkt idx 1:1 type B pts 2517777.000000 len 3129
2457
16:40:57.680 T:3534230368 DEBUG: AddOnLog: Tvheadend HTSP Client: pvr.hts - demux read idx :1 pts 2517777.000000 len 3129
2458
16:40:57.680 T:3639599968 DEBUG: AddOnLog: Tvheadend HTSP Client: pvr.hts - receive message [muxpkt]
2459
16:40:57.681 T:3639599968 DEBUG: AddOnLog: Tvheadend HTSP Client: pvr.hts - demux pkt idx 1:1 type B pts 2577777.000000 len 2986
2460
16:40:57.681 T:3534230368 DEBUG: AddOnLog: Tvheadend HTSP Client: pvr.hts - demux read idx :1 pts 2577777.000000 len 2986
2461
16:40:57.681 T:3639599968 DEBUG: AddOnLog: Tvheadend HTSP Client: pvr.hts - receive message [muxpkt]
2462
16:40:57.681 T:3639599968 DEBUG: AddOnLog: Tvheadend HTSP Client: pvr.hts - demux pkt idx 1:1 type B pts 2597777.000000 len 2828
2463
16:40:57.681 T:3534230368 DEBUG: AddOnLog: Tvheadend HTSP Client: pvr.hts - demux read idx :1 pts 2597777.000000 len 2828
2464
16:40:57.681 T:3639599968 DEBUG: AddOnLog: Tvheadend HTSP Client: pvr.hts - receive message [muxpkt]
2465
16:40:57.681 T:3639599968 DEBUG: AddOnLog: Tvheadend HTSP Client: pvr.hts - demux pkt idx 3:3 type _ pts 1457777.000000 len 139
2466
16:40:57.681 T:3534230368 DEBUG: AddOnLog: Tvheadend HTSP Client: pvr.hts - demux read idx :3 pts 1457777.000000 len 139
2467
16:40:57.685 T:3525841760 DEBUG: CAMLCodec::Decode: ret: 2, sz: 4314, dts_in: 2.4778[36718], pts_in: 2.5578[38338], adj:0, ptsOut:1.7778, amlpts:160000, idx:4294967295, timesize:0.0000, drain: 0
2468
16:40:57.685 T:3525841760 DEBUG: CVideoPlayerVideo::CalcDropRequirement - hurry: 0
2469
16:40:57.690 T:3525841760 DEBUG: CAMLCodec::Decode: ret: 2, sz: 3137, dts_in: 2.4978[36E20], pts_in: 2.4978[36E20], adj:0, ptsOut:1.7778, amlpts:160000, idx:4294967295, timesize:0.0000, drain: 0
2470
16:40:57.690 T:3525841760 DEBUG: CVideoPlayerVideo::CalcDropRequirement - hurry: 0
2471
16:40:57.695 T:3525841760 DEBUG: CAMLCodec::Decode: ret: 2, sz: 3129, dts_in: 2.5178[37528], pts_in: 2.5178[37528], adj:0, ptsOut:1.7778, amlpts:160000, idx:4294967295, timesize:0.0000, drain: 0
2472
16:40:57.696 T:3525841760 DEBUG: CVideoPlayerVideo::CalcDropRequirement - hurry: 0
2473
16:40:57.701 T:3525841760 DEBUG: CAMLCodec::Decode: ret: 2, sz: 2986, dts_in: 2.5378[37C30], pts_in: 2.5778[38A40], adj:0, ptsOut:1.7778, amlpts:160000, idx:4294967295, timesize:0.0000, drain: 0
2474
16:40:57.701 T:3525841760 DEBUG: CVideoPlayerVideo::CalcDropRequirement - hurry: 0
2475
16:40:57.706 T:3525841760 DEBUG: CAMLCodec::Decode: ret: 2, sz: 2828, dts_in: 2.5578[38338], pts_in: 2.5978[39148], adj:0, ptsOut:1.7778, amlpts:160000, idx:4294967295, timesize:0.0000, drain: 0
2476
16:40:57.712 T:3639599968 DEBUG: AddOnLog: Tvheadend HTSP Client: pvr.hts - receive message [muxpkt]
2477
16:40:57.712 T:3639599968 DEBUG: AddOnLog: Tvheadend HTSP Client: pvr.hts - demux pkt idx 3:3 type _ pts 1477777.000000 len 139
2478
16:40:57.713 T:3639599968 DEBUG: AddOnLog: Tvheadend HTSP Client: pvr.hts - receive message [muxpkt]
2479
16:40:57.713 T:3639599968 DEBUG: AddOnLog: Tvheadend HTSP Client: pvr.hts - demux pkt idx 2:2 type _ pts 1361200.000000 len 1024
2480
16:40:57.713 T:3534230368 DEBUG: AddOnLog: Tvheadend HTSP Client: pvr.hts - demux read idx :3 pts 1477777.000000 len 139
2481
16:40:57.713 T:3639599968 DEBUG: AddOnLog: Tvheadend HTSP Client: pvr.hts - receive message [muxpkt]
2482
16:40:57.713 T:3639599968 DEBUG: AddOnLog: Tvheadend HTSP Client: pvr.hts - demux pkt idx 2:2 type _ pts 1393200.000000 len 1024
2483
16:40:57.713 T:3639599968 DEBUG: AddOnLog: Tvheadend HTSP Client: pvr.hts - receive message [muxpkt]
2484
16:40:57.713 T:3534230368 DEBUG: AddOnLog: Tvheadend HTSP Client: pvr.hts - demux read idx :2 pts 1361200.000000 len 1024
2485
16:40:57.713 T:3639599968 DEBUG: AddOnLog: Tvheadend HTSP Client: pvr.hts - demux pkt idx 2:2 type _ pts 1425200.000000 len 1024
2486
16:40:57.713 T:3639599968 DEBUG: AddOnLog: Tvheadend HTSP Client: pvr.hts - receive message [muxpkt]
2487
16:40:57.713 T:3534230368 DEBUG: AddOnLog: Tvheadend HTSP Client: pvr.hts - demux read idx :2 pts 1393200.000000 len 1024
2488
16:40:57.713 T:3639599968 DEBUG: AddOnLog: Tvheadend HTSP Client: pvr.hts - demux pkt idx 2:2 type _ pts 1457200.000000 len 1024
2489
16:40:57.713 T:3639599968 DEBUG: AddOnLog: Tvheadend HTSP Client: pvr.hts - receive message [muxpkt]
2490
