16:18:19.177 T:3861902176 DEBUG: CPythonInvoker(1, /storage/.kodi/addons/service.watchdog/service.py): the source file to load is "/storage/.kodi/addons/service.watchdog/service.py"
504
16:18:19.177 T:3870290784 DEBUG: -->Python Interpreter Initialized<--
505
16:18:19.177 T:3870290784 DEBUG: CPythonInvoker(0, /storage/.kodi/addons/service.tvheadend42/default.py): the source file to load is "/storage/.kodi/addons/service.tvheadend42/default.py"
506
16:18:19.177 T:3861902176 DEBUG: CPythonInvoker(1, /storage/.kodi/addons/service.watchdog/service.py): setting the Python path to /storage/.kodi/addons/service.watchdog:/usr/lib/python27.zip:/usr/lib/python2.7:/usr/lib/python2.7/plat-linux2:/usr/lib/python2.7/lib-tk:/usr/lib/python2.7/lib-old:/usr/lib/python2.7/lib-dynload:/usr/lib/python2.7/site-packages:/usr/lib/python2.7/site-packages/gtk-2.0
507
16:18:19.177 T:3861902176 DEBUG: CPythonInvoker(1, /storage/.kodi/addons/service.watchdog/service.py): entering source directory /storage/.kodi/addons/service.watchdog
508
16:18:19.177 T:3870290784 DEBUG: CPythonInvoker(0, /storage/.kodi/addons/service.tvheadend42/default.py): setting the Python path to /storage/.kodi/addons/service.tvheadend42:/usr/lib/python27.zip:/usr/lib/python2.7:/usr/lib/python2.7/plat-linux2:/usr/lib/python2.7/lib-tk:/usr/lib/python2.7/lib-old:/usr/lib/python2.7/lib-dynload:/usr/lib/python2.7/site-packages:/usr/lib/python2.7/site-packages/gtk-2.0
509
16:18:19.177 T:3870290784 DEBUG: CPythonInvoker(0, /storage/.kodi/addons/service.tvheadend42/default.py): entering source directory /storage/.kodi/addons/service.tvheadend42
510
16:18:19.178 T:3861902176 DEBUG: CPythonInvoker(1, /storage/.kodi/addons/service.watchdog/service.py): instantiating addon using automatically obtained id of "service.watchdog" dependent on version 2.14.0 of the xbmc.python api
511
16:18:19.258 T:3870290784 DEBUG: CPythonInvoker(0, /storage/.kodi/addons/service.tvheadend42/default.py): instantiating addon using automatically obtained id of "service.tvheadend42" dependent on version 2.1.0 of the xbmc.python api
512
16:18:19.518 T:4096643072 DEBUG: CDirectoryProvider[library://video/movies/]: refreshing..
513
16:18:19.518 T:4096643072 DEBUG: CDirectoryProvider[special://skin/playlists/inprogress_movies.xsp]: refreshing..
514
16:18:19.518 T:4096643072 DEBUG: CDirectoryProvider[special://skin/playlists/recent_unwatched_movies.xsp]: refreshing..
515
16:18:19.518 T:3853513568 DEBUG: Thread JobWorker start, auto delete: true
516
16:18:19.518 T:4096643072 DEBUG: CDirectoryProvider[special://skin/playlists/unwatched_movies.xsp]: refreshing..
517
16:18:19.518 T:4096643072 DEBUG: CDirectoryProvider[videodb://movies/genres/]: refreshing..
518
16:18:19.519 T:3843027808 DEBUG: Thread JobWorker start, auto delete: true
519
16:18:19.519 T:4096643072 DEBUG: CDirectoryProvider[videodb://movies/sets/]: refreshing..
520
16:18:19.519 T:4096643072 DEBUG: CDirectoryProvider[library://video/tvshows/]: refreshing..
521
16:18:19.519 T:4096643072 DEBUG: CDirectoryProvider[videodb://inprogresstvshows]: refreshing..
522
16:18:19.519 T:4096643072 DEBUG: CDirectoryProvider[special://skin/playlists/recent_unwatched_episodes.xsp]: refreshing..
523
16:18:19.519 T:4096643072 DEBUG: CDirectoryProvider[special://skin/playlists/unwatched_tvshows.xsp]: refreshing..
524
16:18:19.519 T:4096643072 DEBUG: CDirectoryProvider[videodb://tvshows/genres/]: refreshing..
525
16:18:19.519 T:4096643072 DEBUG: CDirectoryProvider[videodb://tvshows/studios/]: refreshing..
526
16:18:19.519 T:4096643072 DEBUG: CDirectoryProvider[library://music/]: refreshing..
527
16:18:19.519 T:4096643072 DEBUG: CDirectoryProvider[musicdb://recentlyplayedalbums]: refreshing..
528
16:18:19.519 T:4096643072 DEBUG: CDirectoryProvider[musicdb://recentlyaddedalbums/]: refreshing..
529
16:18:19.519 T:4096643072 DEBUG: CDirectoryProvider[special://skin/playlists/random_albums.xsp]: refreshing..
530
16:18:19.519 T:4096643072 DEBUG: CDirectoryProvider[special://skin/playlists/random_artists.xsp]: refreshing..
531
16:18:19.519 T:4096643072 DEBUG: CDirectoryProvider[special://skin/playlists/unplayed_albums.xsp]: refreshing..
532
16:18:19.519 T:4096643072 DEBUG: CDirectoryProvider[special://skin/playlists/mostplayed_albums.xsp]: refreshing..
533
16:18:19.521 T:4096643072 DEBUG: CDirectoryProvider[addons://sources/video/]: refreshing..
534
16:18:19.521 T:4096643072 DEBUG: CDirectoryProvider[addons://sources/audio/]: refreshing..
535
16:18:19.521 T:4096643072 DEBUG: CDirectoryProvider[addons://sources/executable/]: refreshing..
536
16:18:19.521 T:4096643072 DEBUG: CDirectoryProvider[addons://sources/image/]: refreshing..
537
16:18:19.521 T:4096643072 DEBUG: CDirectoryProvider[library://video/]: refreshing..
538
16:18:19.521 T:4096643072 DEBUG: CDirectoryProvider[sources://video/]: refreshing..
539
16:18:19.521 T:4096643072 DEBUG: CDirectoryProvider[special://videoplaylists/]: refreshing..
540
16:18:19.521 T:4096643072 DEBUG: CDirectoryProvider[pvr://channels/tv/*?view=lastplayed]: refreshing..
541
16:18:19.521 T:4096643072 DEBUG: CDirectoryProvider[pvr://recordings/tv/active?view=flat]: refreshing..
542
16:18:19.521 T:4096643072 DEBUG: CDirectoryProvider[pvr://channels/radio/*?view=lastplayed]: refreshing..
543
16:18:19.522 T:4096643072 DEBUG: CDirectoryProvider[pvr://recordings/radio/active?view=flat]: refreshing..
544
16:18:19.522 T:4096643072 DEBUG: CDirectoryProvider[favourites://]: refreshing..
545
16:18:19.522 T:4096643072 DEBUG: CDirectoryProvider[sources://pictures/]: refreshing..
546
16:18:19.530 T:4096643072 DEBUG: ContextMenuManager: addon menus reloaded.
547
16:18:19.530 T:4096643072 INFO: removing tempfiles
548
16:18:19.531 T:4096643072 NOTICE: UpdateLibraries: Starting video library startup scan
549
16:18:19.532 T:4096643072 NOTICE: UpdateLibraries: Starting music library startup scan
550
16:18:19.549 T:3853513568 DEBUG: RunQuery took 3 ms for 0 items query: select * from movie_view WHERE (movie_view.idFile IN (SELECT DISTINCT idFile FROM bookmark WHERE type = 1))
551
16:18:19.551 T:3832378208 DEBUG: Thread MusicInfoScanner start, auto delete: false
552
16:18:19.551 T:4096643072 DEBUG: ADDON: Starting service addons.
553
16:18:19.551 T:4092748640 DEBUG: CAnnouncementManager - Announcement: OnScanStarted from xbmc
554
16:18:19.552 T:4092748640 DEBUG: GOT ANNOUNCEMENT, type: 32, from xbmc, message OnScanStarted
555
16:18:19.553 T:3843027808 DEBUG: RunQuery took 6 ms for 14 items query: select * from movie_view WHERE ((movie_view.dateAdded > '1900-01-01')) AND ((movie_view.playCount IS NULL OR movie_view.playCount < 1))
556
16:18:19.555 T:3822056288 DEBUG: Thread LanguageInvoker start, auto delete: false
557
16:18:19.556 T:3822056288 INFO: initializing python engine.
558
16:18:19.558 T:3822056288 DEBUG: CPythonInvoker(2, /usr/share/kodi/addons/service.libreelec.settings/service.py): start processing
559
16:18:19.563 T:3832378208 DEBUG: Process - Starting scan
560
16:18:19.587 T:4096643072 DEBUG: CRepositoryUpdater: previous update at 01/11/2018 7:22:50 AM, next at 02/11/2018 7:22:50 AM
561
16:18:19.588 T:4096643072 NOTICE: initialize done
562
16:18:19.588 T:4096643072 NOTICE: Running the application...
563
16:18:19.588 T:3811570528 DEBUG: Thread Timer start, auto delete: false
564
16:18:19.590 T:4096643072 DEBUG: no profile autoexec.py (/storage/.kodi/userdata/autoexec.py) found, skipping
565
16:18:19.590 T:4096643072 DEBUG: NetworkMessage - Starting network services
566
16:18:19.595 T:3853513568 DEBUG: RunQuery took 10 ms for 14 items query: select * from movie_view WHERE ((movie_view.playCount IS NULL OR movie_view.playCount = 0))
567
16:18:19.600 T:4096643072 DEBUG: CZeroconfAvahi::clientCallback: client is up and running
568
16:18:19.600 T:4096643072 NOTICE: starting zeroconf publishing
569
16:18:19.602 T:4096643072 NOTICE: CWebServer[8080]: Started
570
16:18:19.602 T:4096643072 NOTICE: starting upnp client
571
16:18:19.610 T:4096643072 INFO: JSONRPC Server: Successfully initialized
572
16:18:19.610 T:3743023968 DEBUG: Thread EventServer start, auto delete: false
573
16:18:19.610 T:3743023968 NOTICE: ES: Starting UDP Event server on port 9777
574
16:18:19.610 T:4096643072 DEBUG: SECTION:LoadDLL(libshairplay.so.0)
575
16:18:19.611 T:3743023968 NOTICE: UDP: Listening on port 9777 (ipv6 : false)
576
16:18:19.611 T:3734635360 DEBUG: Thread TCPServer start, auto delete: false
577
16:18:19.612 T:4096643072 DEBUG: Loading: libshairplay.so.0
578
16:18:19.616 T:4096643072 INFO: AIRPLAY: Cleaning up photoassetcache
579
16:18:19.617 T:3822056288 DEBUG: -->Python Interpreter Initialized<--
580
16:18:19.617 T:3822056288 DEBUG: CPythonInvoker(2, /usr/share/kodi/addons/service.libreelec.settings/service.py): the source file to load is "/usr/share/kodi/addons/service.libreelec.settings/service.py"
581
16:18:19.618 T:3822056288 DEBUG: CPythonInvoker(2, /usr/share/kodi/addons/service.libreelec.settings/service.py): setting the Python path to /usr/share/kodi/addons/service.libreelec.settings:/usr/lib/python27.zip:/usr/lib/python2.7:/usr/lib/python2.7/plat-linux2:/usr/lib/python2.7/lib-tk:/usr/lib/python2.7/lib-old:/usr/lib/python2.7/lib-dynload:/usr/lib/python2.7/site-packages:/usr/lib/python2.7/site-packages/gtk-2.0
582
16:18:19.618 T:3822056288 DEBUG: CPythonInvoker(2, /usr/share/kodi/addons/service.libreelec.settings/service.py): entering source directory /usr/share/kodi/addons/service.libreelec.settings
583
16:18:19.618 T:3822056288 DEBUG: CPythonInvoker(2, /usr/share/kodi/addons/service.libreelec.settings/service.py): instantiating addon using automatically obtained id of "service.libreelec.settings" dependent on version 2.1.0 of the xbmc.python api
584
16:18:19.619 T:4096643072 INFO: AIRPLAY Server: Successfully initialized
585
16:18:19.620 T:4096643072 DEBUG: ------ Window Init (DialogExtendedProgressBar.xml) ------
586
16:18:19.620 T:3709469536 DEBUG: Thread AirPlayServer start, auto delete: false
587
16:18:19.622 T:4005552992 DEBUG: RunQuery took 2 ms for 9 items query: SELECT genre.genre_id, genre.name, count(1), count(files.playCount) FROM genre JOIN genre_link ON genre.genre_id = genre_link.genre_id JOIN movie_view ON genre_link.media_id = movie_view.idMovie AND genre_link.media_type='movie' JOIN files ON files.idFile = movie_view.idFile GROUP BY genre.genre_id
588
16:18:19.648 T:3843027808 DEBUG: RunQuery took 3 ms for 1 items query: select * from movie_view JOIN sets ON movie_view.idSet = sets.idSet ORDER BY sets.idSet
589
16:18:19.670 T:4005552992 DEBUG: RunQuery took 5 ms for 0 items query: SELECT * FROM tvshow_view WHERE watchedCount != 0 AND totalCount != watchedCount ORDER BY c00
590
16:18:19.680 T:3853513568 DEBUG: RunQuery took 3 ms for 3 items query: select * from episode_view WHERE ((episode_view.dateAdded > '1900-01-01')) AND ((episode_view.playCount IS NULL OR episode_view.playCount < 1))
591
16:18:19.691 T:4005552992 DEBUG: RunQuery took 5 ms for 4 items query: SELECT genre.genre_id, genre.name FROM genre JOIN genre_link ON genre.genre_id = genre_link.genre_id JOIN tvshow_view ON genre_link.media_id = tvshow_view.idShow AND genre_link.media_type='tvshow' GROUP BY genre.genre_id
592
16:18:19.695 T:3843027808 DEBUG: RunQuery took 5 ms for 1 items query: SELECT * FROM tvshow_view WHERE ((tvshow_view.watchedcount = 0)) AND ((tvshow_view.totalCount > 0))
593
16:18:19.724 T:3843027808 DEBUG: GetRecentlyPlayedAlbums query: SELECT albumview.*, albumartistview.* FROM (SELECT idAlbum FROM albumview WHERE albumview.lastplayed IS NOT NULL AND albumview.strReleaseType = 'album' ORDER BY albumview.lastplayed DESC LIMIT 25) as playedalbums JOIN albumview ON albumview.idAlbum = playedalbums.idAlbum JOIN albumartistview ON albumview.idAlbum = albumartistview.idAlbum ORDER BY albumview.lastplayed DESC, albumartistview.iorder
594
16:18:19.727 T:3853513568 DEBUG: RunQuery took 4 ms for 6 items query: SELECT studio.studio_id, studio.name FROM studio JOIN studio_link ON studio.studio_id = studio_link.studio_id JOIN tvshow_view ON studio_link.media_id = tvshow_view.idShow AND studio_link.media_type='tvshow' GROUP BY studio.studio_id
595
16:18:19.740 T:3843027808 DEBUG: GetRecentlyAddedAlbums query: SELECT albumview.*, albumartistview.* FROM (SELECT idAlbum FROM album WHERE strAlbum != '' ORDER BY idAlbum DESC LIMIT 25) AS recentalbums JOIN albumview ON albumview.idAlbum = recentalbums.idAlbum JOIN albumartistview ON albumview.idAlbum = albumartistview.idAlbum ORDER BY albumview.idAlbum desc, albumartistview.iOrder
596
16:18:19.760 T:3853513568 DEBUG: GetAlbumsByWhere query: SELECT albumview.* FROM albumview WHERE albumview.strReleaseType = 'album'
597
16:18:19.773 T:4005552992 DEBUG: GetArtistsByWhere query: SELECT artistview.* FROM artistview WHERE ((EXISTS (SELECT 1 FROM song_artist WHERE song_artist.idArtist = artistview.idArtist AND song_artist.idRole = 1) OR EXISTS (SELECT 1 FROM album_artist WHERE album_artist.idArtist = artistview.idArtist)) AND (artistview.strArtist != '')) AND (artistview.strArtist <> 'Various artists')
598
16:18:19.777 T:3853513568 DEBUG: GetAlbumsByWhere - query took 17 ms
599
16:18:19.789 T:3843027808 DEBUG: GetAlbumsByWhere query: SELECT albumview.* FROM albumview WHERE (((CAST(albumview.iTimesPlayed as DECIMAL(5,1)) = 0))) AND (albumview.strReleaseType = 'album')
600
16:18:19.798 T:4005552992 DEBUG: Time to retrieve artists from dataset = 27
601
16:18:19.810 T:3843027808 DEBUG: GetAlbumsByWhere - query took 22 ms
602
16:18:19.820 T:3853513568 DEBUG: GetAlbumsByWhere query: SELECT albumview.* FROM albumview WHERE (((CAST(albumview.iTimesPlayed as DECIMAL(5,1)) > 0))) AND (albumview.strReleaseType = 'album')
603
16:18:19.825 T:3853513568 DEBUG: GetAlbumsByWhere - query took 6 ms
604
16:18:19.846 T:3843027808 DEBUG: CMultiPathDirectory::GetDirectory(multipath://special%3a%2f%2fprofile%2fplaylists%2fvideo/special%3a%2f%2fprofile%2fplaylists%2fmixed/)
605
16:18:19.846 T:3843027808 DEBUG: Getting Directory (special://profile/playlists/video)
606
16:18:19.847 T:3843027808 DEBUG: Getting Directory (special://profile/playlists/mixed)
607
16:18:19.848 T:3843027808 DEBUG: CMultiPathDirectory::MergeItems, items = 0
608
16:18:19.849 T:3843027808 DEBUG: CPVRDirectory::GetDirectory(pvr://channels/tv/*?view=lastplayed)
609
16:18:19.850 T:3843027808 DEBUG: CPVRDirectory::GetDirectory(pvr://recordings/tv/active?view=flat)
610
16:18:19.851 T:3843027808 DEBUG: CPVRDirectory::GetDirectory(pvr://channels/radio/*?view=lastplayed)
611
16:18:19.852 T:3843027808 DEBUG: CPVRDirectory::GetDirectory(pvr://recordings/radio/active?view=flat)
612
16:18:19.853 T:3843027808 DEBUG: CFavourites::Load - no system favourites found, skipping
613
16:18:19.853 T:3843027808 DEBUG: CFavourites::Load - no userdata favourites found, skipping
614
16:18:19.858 T:4005552992 DEBUG: CRecentlyAddedJob::UpdateMusic() - Running RecentlyAdded home screen update
615
16:18:19.870 T:4005552992 DEBUG: GetRecentlyAddedAlbumSongs() query: SELECT songview.*, songartistview.* FROM (SELECT idAlbum FROM album ORDER BY idAlbum DESC LIMIT 10) AS recentalbums JOIN songview ON songview.idAlbum = recentalbums.idAlbum JOIN songartistview ON songview.idSong = songartistview.idSong ORDER BY songview.idAlbum DESC, songview.idSong, songartistview.idRole, songartistview.iOrder
616
16:18:19.870 T:3822056288 DEBUG: ## LibreELEC Addon ## 8.2.0
617
16:18:19.876 T:3822056288 WARNING: CSkinInfo: failed to load skin settings
618
16:18:19.879 T:3861902176 DEBUG: [service.watchdog] waiting for user delay of 15 seconds
619
16:18:19.905 T:4005552992 DEBUG: GetRecentlyAddedAlbums query: SELECT albumview.*, albumartistview.* FROM (SELECT idAlbum FROM album WHERE strAlbum != '' ORDER BY idAlbum DESC LIMIT 10) AS recentalbums JOIN albumview ON albumview.idAlbum = recentalbums.idAlbum JOIN albumartistview ON albumview.idAlbum = albumartistview.idAlbum ORDER BY albumview.idAlbum desc, albumartistview.iOrder
620
16:18:19.915 T:4005552992 DEBUG: CRecentlyAddedJob::UpdateVideos() - Running RecentlyAdded home screen update
621
16:18:19.928 T:4096643072 INFO: Found input device /dev/input/event0
622
16:18:19.928 T:4096643072 INFO: opened device 'aml_keypad' (file name /dev/input/event0), m_bSkipNonKeyEvents 0
623
16:18:19.936 T:4005552992 DEBUG: RunQuery took 3 ms for 10 items query: select * from movie_view ORDER BY dateAdded desc, idMovie desc LIMIT 10
624
16:18:19.964 T:4005552992 DEBUG: RunQuery took 3 ms for 10 items query: select * from episode_view ORDER BY dateAdded desc, idEpisode desc LIMIT 10
625
16:18:19.996 T:4005552992 DEBUG: RunQuery took 1 ms for 0 items query: select * from musicvideo_view ORDER BY dateAdded desc, idMVideo desc LIMIT 10
626
16:18:19.999 T:4005552992 DEBUG: CRecentlyAddedJob::UpdateTotal() - Running RecentlyAdded home screen update
627
16:18:20.005 T:4005552992 DEBUG: GetArtistsByWhere query: SELECT COUNT(DISTINCT artistview.idArtist) FROM artistview WHERE ((EXISTS (SELECT 1 FROM song_artist WHERE song_artist.idArtist = artistview.idArtist AND song_artist.idRole = 1) OR EXISTS (SELECT 1 FROM album_artist WHERE album_artist.idArtist = artistview.idArtist)) AND (artistview.strArtist != '')) AND (artistview.strArtist <> 'Various artists')
628
16:18:20.042 T:4005552992 DEBUG: PVR - Create - creating PVR add-on instance 'Tvheadend HTSP Client'
629
16:18:20.042 T:4005552992 DEBUG: ADDON: Dll Initializing - Tvheadend HTSP Client
630
16:18:20.042 T:4005552992 DEBUG: SECTION:LoadDLL(/storage/.kodi/addons/pvr.hts/pvr.hts.so.3.4.27)
631
16:18:20.042 T:4005552992 DEBUG: Loading: /storage/.kodi/addons/pvr.hts/pvr.hts.so.3.4.27
632
16:18:20.060 T:4005552992 INFO: AddOnLog: Tvheadend HTSP Client: pvr.hts - starting PVR client
633
16:18:20.068 T:4005552992 DEBUG: CAddonCallbacksAddon - GetAddonSetting - add-on 'Tvheadend HTSP Client' requests setting 'host'
634
16:18:20.071 T:4005552992 DEBUG: CAddonCallbacksAddon - GetAddonSetting - add-on 'Tvheadend HTSP Client' requests setting 'htsp_port'
635
16:18:20.073 T:4005552992 DEBUG: CAddonCallbacksAddon - GetAddonSetting - add-on 'Tvheadend HTSP Client' requests setting 'http_port'
636
16:18:20.075 T:4005552992 DEBUG: CAddonCallbacksAddon - GetAddonSetting - add-on 'Tvheadend HTSP Client' requests setting 'user'
637
16:18:20.077 T:4005552992 DEBUG: CAddonCallbacksAddon - GetAddonSetting - add-on 'Tvheadend HTSP Client' requests setting 'pass'
638
16:18:20.079 T:4005552992 DEBUG: CAddonCallbacksAddon - GetAddonSetting - add-on 'Tvheadend HTSP Client' requests setting 'connect_timeout'
639
16:18:20.080 T:4005552992 DEBUG: CAddonCallbacksAddon - GetAddonSetting - add-on 'Tvheadend HTSP Client' requests setting 'response_timeout'
640
16:18:20.082 T:4005552992 DEBUG: CAddonCallbacksAddon - GetAddonSetting - add-on 'Tvheadend HTSP Client' requests setting 'trace_debug'
641
16:18:20.084 T:4005552992 DEBUG: CAddonCallbacksAddon - GetAddonSetting - add-on 'Tvheadend HTSP Client' requests setting 'epg_async'
642
16:18:20.086 T:4005552992 DEBUG: CAddonCallbacksAddon - GetAddonSetting - add-on 'Tvheadend HTSP Client' requests setting 'pretuner_enabled'
643
16:18:20.087 T:4005552992 DEBUG: CAddonCallbacksAddon - GetAddonSetting - add-on 'Tvheadend HTSP Client' requests setting 'autorec_approxtime'
644
16:18:20.089 T:4005552992 DEBUG: CAddonCallbacksAddon - GetAddonSetting - add-on 'Tvheadend HTSP Client' requests setting 'autorec_maxdiff'
645
16:18:20.090 T:4005552992 DEBUG: CAddonCallbacksAddon - GetAddonSetting - add-on 'Tvheadend HTSP Client' requests setting 'streaming_profile'
646
16:18:20.092 T:4005552992 DEBUG: CAddonCallbacksAddon - GetAddonSetting - add-on 'Tvheadend HTSP Client' requests setting 'dvr_priority'
647
16:18:20.093 T:4005552992 DEBUG: CAddonCallbacksAddon - GetAddonSetting - add-on 'Tvheadend HTSP Client' requests setting 'dvr_lifetime'
648
16:18:20.095 T:4005552992 DEBUG: CAddonCallbacksAddon - GetAddonSetting - add-on 'Tvheadend HTSP Client' requests setting 'dvr_dubdetect'
649
16:18:20.098 T:4005552992 DEBUG: AddOnLog: Tvheadend HTSP Client: pvr.hts - connection state change (0 -> 7)
650
16:18:20.098 T:4005552992 DEBUG: PVR - PVRConnectionStateChange - state for connection '127.0.0.1:9982' on client 'Tvheadend HTSP Client' changed from '0' to '7'
651
16:18:20.098 T:3639599968 DEBUG: AddOnLog: Tvheadend HTSP Client: pvr.hts - new connection requested
652
16:18:20.099 T:3639599968 DEBUG: AddOnLog: Tvheadend HTSP Client: pvr.hts - connecting to 127.0.0.1:9982
653
16:18:20.099 T:3639599968 DEBUG: AddOnLog: Tvheadend HTSP Client: pvr.hts - waiting for connection...
654
16:18:20.099 T:3639599968 DEBUG: AddOnLog: Tvheadend HTSP Client: pvr.hts - connected
655
16:18:20.101 T:3626472288 DEBUG: AddOnLog: Tvheadend HTSP Client: pvr.hts - sending hello
656
16:18:20.103 T:3626472288 DEBUG: AddOnLog: Tvheadend HTSP Client: pvr.hts - sending message [hello : 1]
657
16:18:20.104 T:3639599968 DEBUG: AddOnLog: Tvheadend HTSP Client: pvr.hts - received response [1]
658
16:18:20.105 T:3626472288 DEBUG: AddOnLog: Tvheadend HTSP Client: pvr.hts - connected to Tvheadend / 4.2.5 ~ LibreELEC Tvh-addon v8.2.113 (HTSPv27)
659
16:18:20.106 T:3626472288 DEBUG: AddOnLog: Tvheadend HTSP Client: pvr.hts - sending auth
660
16:18:20.106 T:3626472288 DEBUG: AddOnLog: Tvheadend HTSP Client: pvr.hts - sending message [authenticate : 2]
661
16:18:20.107 T:3639599968 DEBUG: AddOnLog: Tvheadend HTSP Client: pvr.hts - received response [2]
662
16:18:20.107 T:3626472288 DEBUG: AddOnLog: Tvheadend HTSP Client: pvr.hts - rebuilding state
663
16:18:20.108 T:3626472288 DEBUG: AddOnLog: Tvheadend HTSP Client: pvr.hts - sending message [enableAsyncMetadata : 3]
664
16:18:20.108 T:3639599968 DEBUG: AddOnLog: Tvheadend HTSP Client: pvr.hts - received response [3]
665
16:18:20.109 T:3639599968 DEBUG: AddOnLog: Tvheadend HTSP Client: pvr.hts - receive message [tagAdd]
666
16:18:20.109 T:3639599968 DEBUG: Previous line repeats 12 times.
667
16:18:20.109 T:3639599968 DEBUG: AddOnLog: Tvheadend HTSP Client: pvr.hts - receive message [channelAdd]
668
16:18:20.110 T:3639599968 DEBUG: Previous line repeats 25 times.
669
16:18:20.110 T:3639599968 DEBUG: AddOnLog: Tvheadend HTSP Client: pvr.hts - receive message [tagUpdate]
670
16:18:20.110 T:3647988576 DEBUG: AddOnLog: Tvheadend HTSP Client: pvr.hts - tag updated id:1, name:DVB-T Network
671
16:18:20.110 T:3639599968 DEBUG: AddOnLog: Tvheadend HTSP Client: pvr.hts - receive message [tagUpdate]
672
16:18:20.111 T:3647988576 DEBUG: Previous line repeats 7 times.
673
16:18:20.111 T:3647988576 DEBUG: AddOnLog: Tvheadend HTSP Client: pvr.hts - tag updated id:2, name:ABC
674
16:18:20.111 T:3639599968 DEBUG: AddOnLog: Tvheadend HTSP Client: pvr.hts - receive message [tagUpdate]
675
16:18:20.111 T:3626472288 INFO: AddOnLog: Tvheadend HTSP Client: pvr.hts - async updates requested
676
16:18:20.111 T:3647988576 DEBUG: AddOnLog: Tvheadend HTSP Client: pvr.hts - tag updated id:3, name:SBS
677
16:18:20.111 T:3639599968 DEBUG: AddOnLog: Tvheadend HTSP Client: pvr.hts - receive message [tagUpdate]
678
16:18:20.111 T:3626472288 DEBUG: AddOnLog: Tvheadend HTSP Client: pvr.hts - registered
679
16:18:20.111 T:3647988576 DEBUG: AddOnLog: Tvheadend HTSP Client: pvr.hts - tag updated id:4, name:SD MP2 ENCODER
680
16:18:20.111 T:3639599968 DEBUG: AddOnLog: Tvheadend HTSP Client: pvr.hts - receive message [tagUpdate]
681
16:18:20.111 T:3639599968 DEBUG: Previous line repeats 1 times.
682
16:18:20.111 T:3639599968 DEBUG: AddOnLog: Tvheadend HTSP Client: pvr.hts - receive message [autorecEntryAdd]
683
16:18:20.111 T:3639599968 DEBUG: AddOnLog: Tvheadend HTSP Client: pvr.hts - receive message [dvrEntryAdd]
684
16:18:20.111 T:3626472288 DEBUG: Previous line repeats 1 times.
685
16:18:20.111 T:3626472288 DEBUG: AddOnLog: Tvheadend HTSP Client: pvr.hts - connection state change (7 -> 5)
686
16:18:20.111 T:3647988576 DEBUG: AddOnLog: Tvheadend HTSP Client: pvr.hts - tag updated id:5, name:NBN Television
687
16:18:20.111 T:3639599968 DEBUG: AddOnLog: Tvheadend HTSP Client: pvr.hts - receive message [dvrEntryAdd]
688
16:18:20.112 T:3626472288 DEBUG: PVR - PVRConnectionStateChange - state for connection '127.0.0.1:9982' on client 'Tvheadend HTSP Client' changed from '7' to '5'
689
16:18:20.112 T:3647988576 DEBUG: AddOnLog: Tvheadend HTSP Client: pvr.hts - tag updated id:6, name:Radio channels
690
16:18:20.112 T:3647988576 DEBUG: AddOnLog: Tvheadend HTSP Client: pvr.hts - tag updated id:7, name:Nine Network Australia
691
16:18:20.112 T:3647988576 DEBUG: AddOnLog: Tvheadend HTSP Client: pvr.hts - tag updated id:8, name:TV channels
692
16:18:20.112 T:3647988576 DEBUG: AddOnLog: Tvheadend HTSP Client: pvr.hts - tag updated id:9, name:PRIME
693
16:18:20.112 T:3647988576 DEBUG: AddOnLog: Tvheadend HTSP Client: pvr.hts - tag updated id:10, name:SDTV
694
16:18:20.112 T:3647988576 DEBUG: AddOnLog: Tvheadend HTSP Client: pvr.hts - tag updated id:11, name:TEN Sydney
695
16:18:20.112 T:3647988576 DEBUG: AddOnLog: Tvheadend HTSP Client: pvr.hts - tag updated id:12, name:HDTV
696
16:18:20.112 T:3647988576 DEBUG: AddOnLog: Tvheadend HTSP Client: pvr.hts - tag updated id:13, name:Seven Network
697
16:18:20.112 T:3647988576 DEBUG: AddOnLog: Tvheadend HTSP Client: pvr.hts - channel added id:24793668, name:7mate Sydney
698
16:18:20.113 T:3647988576 DEBUG: AddOnLog: Tvheadend HTSP Client: pvr.hts - channel added id:68008766, name:9HD Sydney
699
16:18:20.113 T:3647988576 DEBUG: AddOnLog: Tvheadend HTSP Client: pvr.hts - channel added id:69931037, name:9HD Central Coast
700
16:18:20.113 T:3647988576 DEBUG: AddOnLog: Tvheadend HTSP Client: pvr.hts - channel added id:78369208, name:WIN Newcastle
701
16:18:20.113 T:3647988576 DEBUG: AddOnLog: Tvheadend HTSP Client: pvr.hts - channel added id:94174413, name:10
702
16:18:20.113 T:3647988576 DEBUG: AddOnLog: Tvheadend HTSP Client: pvr.hts - channel added id:134284579, name:BOSS Newcastle
703
16:18:20.113 T:3647988576 DEBUG: AddOnLog: Tvheadend HTSP Client: pvr.hts - channel added id:365774006, name:PRIME7 HD Central Coast
704
16:18:20.113 T:3647988576 DEBUG: AddOnLog: Tvheadend HTSP Client: pvr.hts - channel added id:426456007, name:7 Sydney
705
16:18:20.113 T:3647988576 DEBUG: AddOnLog: Tvheadend HTSP Client: pvr.hts - channel added id:426807629, name:ABC
706
16:18:20.113 T:3647988576 DEBUG: AddOnLog: Tvheadend HTSP Client: pvr.hts - channel added id:504400612, name:7mate Central Coast
707
16:18:20.113 T:3647988576 DEBUG: AddOnLog: Tvheadend HTSP Client: pvr.hts - channel added id:664211046, name:ABC HD
708
16:18:20.113 T:3647988576 DEBUG: AddOnLog: Tvheadend HTSP Client: pvr.hts - channel added id:823611830, name:SBS ONE
709
16:18:20.113 T:3647988576 DEBUG: AddOnLog: Tvheadend HTSP Client: pvr.hts - channel added id:906003838, name:7TWO Sydney
710
16:18:20.113 T:3647988576 DEBUG: AddOnLog: Tvheadend HTSP Client: pvr.hts - channel added id:1000941817, name:7HD Sydney
711
16:18:20.114 T:3647988576 DEBUG: AddOnLog: Tvheadend HTSP Client: pvr.hts - channel added id:1147916788, name:Channel 9 Sydney
712
16:18:20.114 T:3647988576 DEBUG: AddOnLog: Tvheadend HTSP Client: pvr.hts - channel added id:1365525075, name:10 Boss
713
16:18:20.114 T:3647988576 DEBUG: AddOnLog: Tvheadend HTSP Client: pvr.hts - channel added id:1443873890, name:10 Peach
714
16:18:20.114 T:3647988576 DEBUG: AddOnLog: Tvheadend HTSP Client: pvr.hts - channel added id:1550192058, name:SBS ONE HD
715
16:18:20.114 T:3647988576 DEBUG: AddOnLog: Tvheadend HTSP Client: pvr.hts - channel added id:1632245320, name:7TWO Central Coast
716
16:18:20.114 T:3647988576 DEBUG: AddOnLog: Tvheadend HTSP Client: pvr.hts - channel added id:1673705200, name:Nine-NBN Central Coast
717
16:18:20.114 T:3647988576 DEBUG: AddOnLog: Tvheadend HTSP Client: pvr.hts - channel added id:1756880899, name:10 HD
718
16:18:20.114 T:3647988576 DEBUG: AddOnLog: Tvheadend HTSP Client: pvr.hts - channel added id:1792261622, name:ABC NEWS
719
16:18:20.114 T:3647988576 DEBUG: AddOnLog: Tvheadend HTSP Client: pvr.hts - channel added id:1798729720, name:PRIME7 Central Coast
720
16:18:20.114 T:3647988576 DEBUG: AddOnLog: Tvheadend HTSP Client: pvr.hts - channel added id:1873343440, name:WIN HD Newcastle
721
16:18:20.114 T:3647988576 DEBUG: AddOnLog: Tvheadend HTSP Client: pvr.hts - channel added id:2088237480, name:PEACH Newcastle
722
16:18:20.114 T:3647988576 DEBUG: AddOnLog: Tvheadend HTSP Client: pvr.hts - channel added id:2140215536, name:GLENGARA TV 45
723
16:18:20.115 T:3647988576 DEBUG: AddOnLog: Tvheadend HTSP Client: pvr.hts - tag updated id:8, name:TV channels
724
16:18:20.115 T:3647988576 DEBUG: AddOnLog: Tvheadend HTSP Client: pvr.hts - tag updated id:10, name:SDTV
725
16:18:20.115 T:3647988576 DEBUG: AddOnLog: Tvheadend HTSP Client: pvr.hts - tag updated id:12, name:HDTV
726
16:18:20.117 T:3647988576 DEBUG: AddOnLog: Tvheadend HTSP Client: pvr.hts - recording id:1497349156, state:scheduled, title:The Bold & The Beautiful, desc:Pam becomes concerned when a livid Ridge asks her to track down Bill's whereabouts. Brooke makes a peace offering to Steffy., error:none
727
16:18:20.118 T:3647988576 DEBUG: AddOnLog: Tvheadend HTSP Client: pvr.hts - recording id:1325521870, state:scheduled, title:The Bold & The Beautiful, desc:Wyatt worries when Quinn has an unexpected reaction to the news of his new job; Steffy makes a serious claim against Brooke., error:none
728
16:18:20.118 T:3647988576 DEBUG: AddOnLog: Tvheadend HTSP Client: pvr.hts - recording id:1742123704, state:scheduled, title:The Bold & The Beautiful, desc:Charlie proposes to Pam. As Brooke runs into Bill, Ridge and Thorne get riled up about Bill's interference in their lives., error:none
729
16:18:20.118 T:3639599968 DEBUG: AddOnLog: Tvheadend HTSP Client: pvr.hts - receive message [dvrEntryAdd]
730
16:18:20.118 T:3647988576 DEBUG: Previous line repeats 1 times.
731
16:18:20.118 T:3647988576 DEBUG: AddOnLog: Tvheadend HTSP Client: pvr.hts - recording id:1137147234, state:completed, title:The Bold & The Beautiful, desc:Steffy's shocked after seeing an intimate moment between Brooke and Bill; Katie reels when Brooke reveals how Ridge exacted revenge on Bill., error:none
732
16:18:20.118 T:3647988576 DEBUG: AddOnLog: Tvheadend HTSP Client: pvr.hts - recording id:198397657, state:scheduled, title:The Bold & The Beautiful, desc:Stunned at the news Steffy gave her, Hope confronts Brooke about kissing Bill; Thorne questions Katie about her sudden change of heart., error:none
733
16:18:20.120 T:3639599968 DEBUG: AddOnLog: Tvheadend HTSP Client: pvr.hts - receive message [dvrEntryAdd]
734
16:18:20.120 T:3647988576 DEBUG: AddOnLog: Tvheadend HTSP Client: pvr.hts - recording id:1599963852, state:completed, title:The Bold & The Beautiful Encore, desc:Brooke confronts the Judge after finding evidence of Ridge's influence; Bill suggests that Ridge and Brooke do him a substantial favour., error:none
735
16:18:20.121 T:3639599968 DEBUG: AddOnLog: Tvheadend HTSP Client: pvr.hts - receive message [dvrEntryAdd]
736
16:18:20.121 T:3647988576 DEBUG: AddOnLog: Tvheadend HTSP Client: pvr.hts - recording id:606673595, state:completed, title:The Bold & The Beautiful Encore, desc:Brooke puts Ridge on blast after learning the truth about his manipulation; Katie becomes affected after seeing Bill's devotion toward Will., error:none
737
16:18:20.122 T:3639599968 DEBUG: AddOnLog: Tvheadend HTSP Client: pvr.hts - receive message [dvrEntryAdd]
738
16:18:20.122 T:3647988576 DEBUG: AddOnLog: Tvheadend HTSP Client: pvr.hts - recording id:1524032575, state:completed, title:The Bold & The Beautiful, desc:Steffy questions the reason behind Ridge's intense conflict with Brooke; Brooke feels guilty harbouring the custody case secret from Bill., error:none
739
16:18:20.123 T:3639599968 DEBUG: AddOnLog: Tvheadend HTSP Client: pvr.hts - receive message [dvrEntryAdd]
740
16:18:20.123 T:3647988576 DEBUG: Previous line repeats 1 times.
741
16:18:20.123 T:3647988576 DEBUG: AddOnLog: Tvheadend HTSP Client: pvr.hts - recording id:1904127787, state:completed, title:Wanted, desc:Their chance at escape thwarted, Lola and Chelsea race to save the backpackers from Susan; Maxine is forced to make a life changing decision., error:none
742
16:18:20.124 T:3639599968 DEBUG: AddOnLog: Tvheadend HTSP Client: pvr.hts - receive message [dvrEntryAdd]
743
16:18:20.124 T:3647988576 DEBUG: AddOnLog: Tvheadend HTSP Client: pvr.hts - recording id:1394376593, state:scheduled, title:The Bold & The Beautiful, desc:Bill receives another blow when Wyatt reveals that he's accepted a new job; Brooke begs Ridge not to let recent events come between them., error:none
744
16:18:20.124 T:3647988576 DEBUG: AddOnLog: Tvheadend HTSP Client: pvr.hts - recording id:1316043131, state:scheduled, title:The Bold & The Beautiful, desc:Armed with knowledge she can't share, Katie makes a gracious overture to Bill; Brooke and Ridge accuse each other of betrayal and duplicity., error:none
745
16:18:20.125 T:3639599968 DEBUG: AddOnLog: Tvheadend HTSP Client: pvr.hts - receive message [dvrEntryAdd]
746
16:18:20.125 T:3639599968 DEBUG: AddOnLog: Tvheadend HTSP Client: pvr.hts - receive message [initialSyncCompleted]
747
16:18:20.125 T:3647988576 DEBUG: AddOnLog: Tvheadend HTSP Client: pvr.hts - recording id:964893973, state:completed, title:The Bold & The Beautiful, desc:Bill, Katie and Will share a heartfelt moment; Brooke makes a crafty move to get Judge McMullen to tell the truth about the custody case., error:none
748
16:18:20.125 T:3647988576 INFO: AddOnLog: Tvheadend HTSP Client: pvr.hts - async updates initialised
749
16:18:20.126 T:3647988576 DEBUG: AddOnLog: Tvheadend HTSP Client: pvr.hts - sending message [getProfiles : 4]
750
16:18:20.126 T:3639599968 DEBUG: AddOnLog: Tvheadend HTSP Client: pvr.hts - received response [4]
751
16:18:20.126 T:3647988576 DEBUG: AddOnLog: Tvheadend HTSP Client: pvr.hts - profile name: htsp, comment: HTSP Default Stream Settings added
752
16:18:20.127 T:3647988576 DEBUG: AddOnLog: Tvheadend HTSP Client: pvr.hts - profile name: webtv-vp8-vorbis-webm, comment: WEBTV profile VP8/Vorbis/WEBM added
753
16:18:20.127 T:3647988576 DEBUG: AddOnLog: Tvheadend HTSP Client: pvr.hts - profile name: webtv-h264-aac-matroska, comment: WEBTV profile H264/AAC/Matroska added
754
16:18:20.127 T:3647988576 DEBUG: AddOnLog: Tvheadend HTSP Client: pvr.hts - profile name: webtv-h264-aac-mpegts, comment: WEBTV profile H264/AAC/MPEG-TS added
755
16:18:20.131 T:4005552992 NOTICE: VideoInfoScanner: Starting scan ..
756
16:18:20.131 T:4092748640 DEBUG: CAnnouncementManager - Announcement: OnScanStarted from xbmc
757
16:18:20.132 T:4092748640 DEBUG: GOT ANNOUNCEMENT, type: 16, from xbmc, message OnScanStarted
758
16:18:20.258 T:4096643072 INFO: Found input device /dev/input/event2
759
16:18:20.258 T:4096643072 INFO: opened device 'cec_input' (file name /dev/input/event2), m_bSkipNonKeyEvents 0
760
16:18:20.532 T:3853513568 DEBUG: CZeroconfAvahi::doPublishService identifier: servers.jsonrpc-http type: _xbmc-jsonrpc-h._tcp name:Kodi (LibreELEC) port:8080
761
16:18:20.532 T:3843027808 DEBUG: CZeroconfAvahi::doPublishService identifier: servers.webserver type: _http._tcp name:Kodi (LibreELEC) port:8080
762
16:18:20.532 T:3853513568 DEBUG: CZeroconfAvahi::addService() named: Kodi (LibreELEC) type: _xbmc-jsonrpc-h._tcp port:8080
763
16:18:20.538 T:3853513568 DEBUG: CZeroconfAvahi::doPublishService identifier: servers.jsonrpc-tpc type: _xbmc-jsonrpc._tcp name:Kodi (LibreELEC) port:9090
764
16:18:20.538 T:3843027808 DEBUG: CZeroconfAvahi::addService() named: Kodi (LibreELEC) type: _http._tcp port:8080
765
16:18:20.542 T:3843027808 DEBUG: CZeroconfAvahi::doPublishService identifier: servers.eventserver type: _xbmc-events._udp name:Kodi (LibreELEC) port:9777
766
16:18:20.543 T:3843027808 DEBUG: CZeroconfAvahi::addService() named: Kodi (LibreELEC) type: _xbmc-events._udp port:9777
767
16:18:20.547 T:3843027808 DEBUG: CZeroconfAvahi::doPublishService identifier: servers.airtunes type: _raop._tcp name:0681806256B9@Kodi (LibreELEC) port:36666
768
16:18:20.547 T:3853513568 DEBUG: CZeroconfAvahi::addService() named: Kodi (LibreELEC) type: _xbmc-jsonrpc._tcp port:9090
769
16:18:20.548 T:4096643072 INFO: Found input device /dev/input/event4
770
16:18:20.548 T:4096643072 INFO: opened device 'flirc.tv flirc' (file name /dev/input/event4), m_bSkipNonKeyEvents 0
771
16:18:20.549 T:3601306464 DEBUG: Thread CLinuxInputDevicesCheckHotplugged start, auto delete: false
772
16:18:20.553 T:3853513568 DEBUG: CZeroconfAvahi::doPublishService identifier: servers.airplay type: _airplay._tcp name:Kodi (LibreELEC) port:36667
773
16:18:20.554 T:3843027808 DEBUG: CZeroconfAvahi::addService() named: 0681806256B9@Kodi (LibreELEC) type: _raop._tcp port:36666
774
16:18:20.560 T:3853513568 DEBUG: CZeroconfAvahi::addService() named: Kodi (LibreELEC) type: _airplay._tcp port:36667
775
16:18:20.579 T:3726246752 DEBUG: Thread PVRManager start, auto delete: false
776
16:18:20.579 T:3726246752 DEBUG: PVRManager - Load - active clients found. continue to start
777
16:18:20.964 T:3584529248 DEBUG: Thread JobWorker start, auto delete: true
778
16:18:20.979 T:3853513568 DEBUG: ffmpeg[E5AFF360]: [swscaler] No accelerated colorspace conversion found from yuv420p to bgra.
779
16:18:20.982 T:4096643072 DEBUG: ------ Window Init (Pointer.xml) ------
780
16:18:20.982 T:3584529248 DEBUG: ffmpeg[D5A79360]: [swscaler] No accelerated colorspace conversion found from yuv420p to bgra.
781
16:18:20.988 T:3843027808 DEBUG: ffmpeg[E50FF360]: [swscaler] No accelerated colorspace conversion found from yuv420p to bgra.
782
16:18:21.004 T:3584529248 DEBUG: ffmpeg[D5A79360]: [swscaler] No accelerated colorspace conversion found from yuv420p to bgra.
783
16:18:21.014 T:3853513568 DEBUG: ffmpeg[E5AFF360]: [swscaler] No accelerated colorspace conversion found from yuv420p to bgra.
784
16:18:21.019 T:3843027808 DEBUG: ffmpeg[E50FF360]: [swscaler] No accelerated colorspace conversion found from yuv420p to bgra.
785
16:18:21.030 T:3584529248 DEBUG: ffmpeg[D5A79360]: [swscaler] No accelerated colorspace conversion found from yuv420p to bgra.
786
16:18:21.037 T:3853513568 DEBUG: ffmpeg[E5AFF360]: [swscaler] No accelerated colorspace conversion found from yuv420p to bgra.
787
16:18:21.042 T:3843027808 DEBUG: ffmpeg[E50FF360]: [swscaler] No accelerated colorspace conversion found from yuv420p to bgra.
788
16:18:21.092 T:3726246752 DEBUG: CPVRChannelGroups - Load - loading all TV channel groups
789
16:18:21.092 T:4096643072 DEBUG: LogindUPowerSyscall - Received unknown signal NameAcquired
790
16:18:21.143 T:4005552992 DEBUG: VideoInfoScanner: Rescanning dir 'smb://NAS/Movies/' due to change (EC2D025C5E244D18989EECB10DE14BE9 != B2D097EF1AD24EABFEBBCD9D0C17304A)
791
16:18:21.167 T:4005552992 DEBUG: GetMovieId (smb://NAS/Movies/Air Strike.mkv), query = select idMovie from movie where idFile=92
792
16:18:21.173 T:4005552992 DEBUG: GetMovieId (smb://NAS/Movies/Bel Canto.mkv), query = select idMovie from movie where idFile=1
793
16:18:21.179 T:4005552992 DEBUG: GetMovieId (smb://NAS/Movies/Between Worlds.mkv), query = select idMovie from movie where idFile=2
794
16:18:21.185 T:4005552992 DEBUG: GetMovieId (smb://NAS/Movies/Black 47.mkv), query = select idMovie from movie where idFile=96
795
16:18:21.190 T:4005552992 DEBUG: GetMovieId (smb://NAS/Movies/Breaking In.mkv), query = select idMovie from movie where idFile=6
796
16:18:21.194 T:4005552992 DEBUG: GetMovieId (smb://NAS/Movies/Dark Crimes.avi), query = select idMovie from movie where idFile=8
797
16:18:21.199 T:4005552992 DEBUG: GetMovieId (smb://NAS/Movies/Dolby_Amaze_Lossless-ATMOS-thedigitaltheater.mkv), query = select idMovie from movie where idFile=40
798
16:18:21.200 T:4005552992 DEBUG: VideoInfoScanner: No NFO file found. Using title search for 'smb://NAS/Movies/Dolby_Amaze_Lossless-ATMOS-thedigitaltheater.mkv'
799
16:18:21.201 T:4005552992 DEBUG: FindMovie: Searching for 'Dolby Amaze Lossless-ATMOS-thedigitaltheater' using The Movie Database scraper (path: '/storage/.kodi/addons/metadata.themoviedb.org', content: 'movies', version: '5.1.4')
800
16:18:21.226 T:4005552992 DEBUG: scraper: CreateSearchUrl returned <url>https://api.tmdb.org/3/search/movie?api_key=f090bb54758cabf231fb605d3e3e0468&query=Dolby%20Amaze%20Lossless-ATMOS-thedigitaltheater&year=&language=en</url>
801
16:18:21.227 T:3832378208 DEBUG: DoScan Skipping dir 'smb://NAS/Music/' due to no change
802
16:18:21.227 T:4005552992 DEBUG: CurlFile::Open(0xf2d80c08) https://api.tmdb.org/3/search/movie?api_key=f090bb54758cabf231fb605d3e3e0468&query=Dolby%20Amaze%20Lossless-ATMOS-thedigitaltheater&year=&language=en
803
16:18:21.228 T:4005552992 INFO: easy_aquire - Created session to https://api.tmdb.org
804
16:18:21.248 T:3832378208 DEBUG: DoScan Skipping dir 'smb://NAS/Music/ABBA/' due to no change
805
16:18:21.375 T:3726246752 DEBUG: PVR - Get - group 'All channels' loaded from the database
806
16:18:21.375 T:3726246752 DEBUG: CPVRChannelGroups - Load - 1 TV groups fetched from the database
807
16:18:21.377 T:3726246752 DEBUG: PVRChannelGroup - Load - 26 channels loaded from the database for group 'All channels'
808
16:18:21.380 T:3726246752 DEBUG: CPVRChannelGroups - LoadUserDefinedChannelGroups - 'synchannelgroups' is disabled; skipping groups from clients
809
16:18:21.380 T:3726246752 DEBUG: CPVRChannelGroups - Load - 1 TV channel groups loaded
810
16:18:21.380 T:3726246752 DEBUG: CPVRChannelGroups - Load - loading all radio channel groups
811
16:18:21.380 T:3726246752 DEBUG: PVR - Get - group 'All channels' loaded from the database
812
16:18:21.381 T:3726246752 DEBUG: CPVRChannelGroups - Load - 1 radio groups fetched from the database
813
16:18:21.382 T:3726246752 DEBUG: PVRChannelGroup - Load - 13 channels loaded from the database for group 'All channels'
814
16:18:21.382 T:3726246752 INFO: PVRChannelGroup - RemoveDeletedChannels - deleted radio channel '7 Sydney' from group 'All channels'
815
16:18:21.382 T:3726246752 DEBUG: PVR - Delete - deleting channel '7 Sydney' from the database
816
16:18:21.422 T:3832378208 DEBUG: DoScan Skipping dir 'smb://NAS/Music/ABBA/ABBA Gold/' due to no change
817
16:18:21.452 T:4005552992 DEBUG: Get: Using "UTF-8" charset for "https://api.tmdb.org/3/search/movie?api_key=f090bb54758cabf231fb605d3e3e0468&query=Dolby%20Amaze%20Lossless-ATMOS-thedigitaltheater&year=&language=en"
818
16:18:21.455 T:4005552992 DEBUG: scraper: GetSearchResults returned <results></results>
819
16:18:21.455 T:4005552992 DEBUG: FindMovie: Searching for 'Dolby_Amaze_Lossless-ATMOS-thedigitaltheater' using The Movie Database scraper (path: '/storage/.kodi/addons/metadata.themoviedb.org', content: 'movies', version: '5.1.4')
820
16:18:21.456 T:4005552992 DEBUG: scraper: CreateSearchUrl returned <url>https://api.tmdb.org/3/search/movie?api_key=f090bb54758cabf231fb605d3e3e0468&query=Dolby_Amaze_Lossless%20ATMOS%20thedigitaltheater&year=&language=en</url>
821
16:18:21.456 T:4005552992 DEBUG: CurlFile::Open(0xf2d80c08) https://api.tmdb.org/3/search/movie?api_key=f090bb54758cabf231fb605d3e3e0468&query=Dolby_Amaze_Lossless%20ATMOS%20thedigitaltheater&year=&language=en
822
16:18:21.461 T:3832378208 DEBUG: DoScan Skipping dir 'smb://NAS/Music/Automatically Add to iTunes/' due to no change
823
16:18:21.467 T:4005552992 DEBUG: Get: Using "UTF-8" charset for "https://api.tmdb.org/3/search/movie?api_key=f090bb54758cabf231fb605d3e3e0468&query=Dolby_Amaze_Lossless%20ATMOS%20thedigitaltheater&year=&language=en"
824
16:18:21.470 T:4005552992 DEBUG: scraper: GetSearchResults returned <results></results>
825
16:18:21.470 T:4005552992 WARNING: No information found for item 'smb://NAS/Movies/Dolby_Amaze_Lossless-ATMOS-thedigitaltheater.mkv', it won't be added to the library.
826
16:18:21.479 T:4005552992 DEBUG: GetMovieId (smb://NAS/Movies/DOLBY_NATURES_FURY_1920x1080_DD _ATMOS-thedigitaltheater.mkv), query = select idMovie from movie where idFile=39
827
16:18:21.480 T:4005552992 DEBUG: VideoInfoScanner: No NFO file found. Using title search for 'smb://NAS/Movies/DOLBY_NATURES_FURY_1920x1080_DD _ATMOS-thedigitaltheater.mkv'
828
16:18:21.480 T:3832378208 DEBUG: DoScan Skipping dir 'smb://NAS/Music/Barbra Streisand/' due to no change
829
16:18:21.481 T:4005552992 DEBUG: FindMovie: Searching for 'DOLBY NATURES FURY' using The Movie Database scraper (path: '/storage/.kodi/addons/metadata.themoviedb.org', content: 'movies', version: '5.1.4')
830
16:18:21.511 T:4005552992 DEBUG: scraper: CreateSearchUrl returned <url>https://api.tmdb.org/3/search/movie?api_key=f090bb54758cabf231fb605d3e3e0468&query=DOLBY%20NATURES%20FURY&year=1920&language=en</url>
831
16:18:21.512 T:4005552992 DEBUG: CurlFile::Open(0xf2dae3e8) https://api.tmdb.org/3/search/movie?api_key=f090bb54758cabf231fb605d3e3e0468&query=DOLBY%20NATURES%20FURY&year=1920&language=en
832
16:18:21.513 T:3802497888 DEBUG: CZeroconfAvahi::groupCallback: Service successfully established
833
16:18:21.521 T:4005552992 DEBUG: Previous line repeats 1 times.
834
16:18:21.521 T:4005552992 DEBUG: Get: Using "UTF-8" charset for "https://api.tmdb.org/3/search/movie?api_key=f090bb54758cabf231fb605d3e3e0468&query=DOLBY%20NATURES%20FURY&year=1920&language=en"
835
16:18:21.523 T:3802497888 DEBUG: CZeroconfAvahi::groupCallback: Service successfully established
836
16:18:21.524 T:4005552992 DEBUG: scraper: GetSearchResults returned <results></results>
837
16:18:21.524 T:4005552992 DEBUG: FindMovie: Searching for 'DOLBY_NATURES_FURY' using The Movie Database scraper (path: '/storage/.kodi/addons/metadata.themoviedb.org', content: 'movies', version: '5.1.4')
838
16:18:21.525 T:4005552992 DEBUG: scraper: CreateSearchUrl returned <url>https://api.tmdb.org/3/search/movie?api_key=f090bb54758cabf231fb605d3e3e0468&query=DOLBY_NATURES_FURY&year=&language=en</url>
839
16:18:21.525 T:4005552992 DEBUG: CurlFile::Open(0xf2dae3e8) https://api.tmdb.org/3/search/movie?api_key=f090bb54758cabf231fb605d3e3e0468&query=DOLBY_NATURES_FURY&year=&language=en
840
16:18:21.529 T:3802497888 DEBUG: CZeroconfAvahi::groupCallback: Service successfully established
841
16:18:21.532 T:3726246752 INFO: PVRChannelGroup - RemoveDeletedChannels - deleted radio channel 'BOSS Newcastle' from group 'All channels'
842
16:18:21.532 T:3726246752 DEBUG: PVR - Delete - deleting channel 'BOSS Newcastle' from the database
843
16:18:21.535 T:3802497888 DEBUG: CZeroconfAvahi::groupCallback: Service successfully established
844
16:18:21.537 T:4005552992 DEBUG: Get: Using "UTF-8" charset for "https://api.tmdb.org/3/search/movie?api_key=f090bb54758cabf231fb605d3e3e0468&query=DOLBY_NATURES_FURY&year=&language=en"
845
16:18:21.540 T:4005552992 DEBUG: scraper: GetSearchResults returned <results></results>
846
16:18:21.540 T:4005552992 WARNING: No information found for item 'smb://NAS/Movies/DOLBY_NATURES_FURY_1920x1080_DD _ATMOS-thedigitaltheater.mkv', it won't be added to the library.
847
16:18:21.545 T:3802497888 DEBUG: CZeroconfAvahi::groupCallback: Service successfully established
848
16:18:21.549 T:4005552992 DEBUG: GetMovieId (smb://NAS/Movies/Don't Worry, He Won't Get Far on Foot.mkv), query = select idMovie from movie where idFile=9
849
16:18:21.555 T:4005552992 DEBUG: GetMovieId (smb://NAS/Movies/Eighth Grade.mkv), query = select idMovie from movie where idFile=11
850
16:18:21.597 T:3832378208 DEBUG: DoScan Skipping dir 'smb://NAS/Music/Barbra Streisand/Encore Movie Partners Sing Broadway/' due to no change
851
16:18:21.603 T:4005552992 DEBUG: GetMovieId (smb://NAS/Movies/First Reformed.mkv), query = select idMovie from movie where idFile=12
852
16:18:21.609 T:4005552992 DEBUG: GetMovieId (smb://NAS/Movies/Galveston.mkv), query = select idMovie from movie where idFile=57
853
16:18:21.614 T:4005552992 DEBUG: GetMovieId (smb://NAS/Movies/Hold the Dark.mkv), query = select idMovie from movie where idFile=13
854
16:18:21.618 T:3832378208 DEBUG: DoScan Skipping dir 'smb://NAS/Music/Boys Don't Cry/' due to no change
855
16:18:21.620 T:4005552992 DEBUG: GetMovieId (smb://NAS/Movies/Leave No Trace.mkv), query = select idMovie from movie where idFile=14
856
16:18:21.626 T:4005552992 DEBUG: GetMovieId (smb://NAS/Movies/The Equalizer 2.mkv), query = select idMovie from movie where idFile=106
857
16:18:21.632 T:4005552992 DEBUG: GetMovieId (smb://NAS/Movies/The Spy Who Dumped Me.mkv), query = select idMovie from movie where idFile=58
858
16:18:21.634 T:4096643072 DEBUG: ------ Window Deinit (Pointer.xml) ------
859
16:18:21.637 T:3832378208 DEBUG: DoScan Skipping dir 'smb://NAS/Music/Boys Don't Cry/Boys Don't Cry/' due to no change
860
16:18:21.638 T:4005552992 DEBUG: GetMovieId (smb://NAS/Movies/The Wife.mkv), query = select idMovie from movie where idFile=88
861
16:18:21.656 T:3832378208 DEBUG: DoScan Skipping dir 'smb://NAS/Music/Bruce Springsteen/' due to no change
862
16:18:21.675 T:3726246752 INFO: PVRChannelGroup - RemoveDeletedChannels - deleted radio channel '9HD Sydney' from group 'All channels'
863
16:18:21.675 T:3726246752 DEBUG: PVR - Delete - deleting channel '9HD Sydney' from the database
864
16:18:21.775 T:3832378208 DEBUG: DoScan Skipping dir 'smb://NAS/Music/Bruce Springsteen/Born In The USA/' due to no change
865
16:18:21.795 T:3832378208 DEBUG: DoScan Skipping dir 'smb://NAS/Music/Catherine Duc/' due to no change
866
16:18:21.818 T:3726246752 INFO: PVRChannelGroup - RemoveDeletedChannels - deleted radio channel 'SBS ONE' from group 'All channels'
867
16:18:21.818 T:3726246752 DEBUG: PVR - Delete - deleting channel 'SBS ONE' from the database
868
16:18:21.880 T:3832378208 DEBUG: DoScan Skipping dir 'smb://NAS/Music/Catherine Duc/Visions and Dreams/' due to no change
869
16:18:21.902 T:3832378208 DEBUG: DoScan Skipping dir 'smb://NAS/Music/Celine Dion/' due to no change
870
16:18:21.954 T:4005552992 DEBUG: VideoInfoScanner: Finished adding information from dir smb://NAS/Movies/
871
16:18:22.033 T:3726246752 INFO: PVRChannelGroup - RemoveDeletedChannels - deleted radio channel 'ABC HD' from group 'All channels'
872
