16:40:57.713 T:3534230368 DEBUG: AddOnLog: Tvheadend HTSP Client: pvr.hts - demux read idx :2 pts 1425200.000000 len 1024
2491
16:40:57.714 T:3639599968 DEBUG: AddOnLog: Tvheadend HTSP Client: pvr.hts - demux pkt idx 2:2 type _ pts 1489200.000000 len 1024
2492
16:40:57.714 T:3534230368 DEBUG: AddOnLog: Tvheadend HTSP Client: pvr.hts - demux read idx :2 pts 1457200.000000 len 1024
2493
16:40:57.714 T:3534230368 DEBUG: AddOnLog: Tvheadend HTSP Client: pvr.hts - demux read idx :2 pts 1489200.000000 len 1024
2494
16:40:57.746 T:3639599968 DEBUG: AddOnLog: Tvheadend HTSP Client: pvr.hts - receive message [muxpkt]
2495
16:40:57.746 T:3639599968 DEBUG: AddOnLog: Tvheadend HTSP Client: pvr.hts - demux pkt idx 3:3 type _ pts 1497777.000000 len 139
2496
16:40:57.746 T:3534230368 DEBUG: AddOnLog: Tvheadend HTSP Client: pvr.hts - demux read idx :3 pts 1497777.000000 len 139
2497
16:40:57.746 T:3639599968 DEBUG: AddOnLog: Tvheadend HTSP Client: pvr.hts - receive message [muxpkt]
2498
16:40:57.746 T:3639599968 DEBUG: AddOnLog: Tvheadend HTSP Client: pvr.hts - demux pkt idx 1:1 type P pts 2777777.000000 len 24830
2499
16:40:57.746 T:3534230368 DEBUG: AddOnLog: Tvheadend HTSP Client: pvr.hts - demux read idx :1 pts 2777777.000000 len 24830
2500
16:40:57.747 T:3639599968 DEBUG: AddOnLog: Tvheadend HTSP Client: pvr.hts - receive message [muxpkt]
2501
16:40:57.747 T:3639599968 DEBUG: AddOnLog: Tvheadend HTSP Client: pvr.hts - demux pkt idx 3:3 type _ pts 1517777.000000 len 139
2502
16:40:57.747 T:3525841760 DEBUG: CVideoPlayerVideo::CalcDropRequirement - hurry: 0
2503
16:40:57.747 T:3534230368 DEBUG: AddOnLog: Tvheadend HTSP Client: pvr.hts - demux read idx :3 pts 1517777.000000 len 139
2504
16:40:57.752 T:3525841760 DEBUG: CAMLCodec::Decode: ret: 2, sz: 24830, dts_in: 2.5778[38A40], pts_in: 2.7778[3D090], adj:0, ptsOut:1.7778, amlpts:160000, idx:4294967295, timesize:0.0000, drain: 0
2505
16:40:57.778 T:3639599968 DEBUG: AddOnLog: Tvheadend HTSP Client: pvr.hts - receive message [muxpkt]
2506
16:40:57.779 T:3639599968 DEBUG: AddOnLog: Tvheadend HTSP Client: pvr.hts - demux pkt idx 3:3 type _ pts 1537777.000000 len 139
2507
16:40:57.779 T:3534230368 DEBUG: AddOnLog: Tvheadend HTSP Client: pvr.hts - demux read idx :3 pts 1537777.000000 len 139
2508
16:40:57.779 T:3639599968 DEBUG: AddOnLog: Tvheadend HTSP Client: pvr.hts - receive message [muxpkt]
2509
16:40:57.779 T:3639599968 DEBUG: AddOnLog: Tvheadend HTSP Client: pvr.hts - demux pkt idx 1:1 type P pts 2797777.000000 len 21855
2510
16:40:57.779 T:3534230368 DEBUG: AddOnLog: Tvheadend HTSP Client: pvr.hts - demux read idx :1 pts 2797777.000000 len 21855
2511
16:40:57.779 T:3639599968 DEBUG: AddOnLog: Tvheadend HTSP Client: pvr.hts - receive message [muxpkt]
2512
16:40:57.779 T:3639599968 DEBUG: AddOnLog: Tvheadend HTSP Client: pvr.hts - demux pkt idx 3:3 type _ pts 1557777.000000 len 139
2513
16:40:57.779 T:3525841760 DEBUG: CVideoPlayerVideo::CalcDropRequirement - hurry: 0
2514
16:40:57.779 T:3534230368 DEBUG: AddOnLog: Tvheadend HTSP Client: pvr.hts - demux read idx :3 pts 1557777.000000 len 139
2515
16:40:57.780 T:3639599968 DEBUG: AddOnLog: Tvheadend HTSP Client: pvr.hts - receive message [muxpkt]
2516
16:40:57.780 T:3639599968 DEBUG: AddOnLog: Tvheadend HTSP Client: pvr.hts - demux pkt idx 1:1 type B pts 2697777.000000 len 3908
2517
16:40:57.780 T:3534230368 DEBUG: AddOnLog: Tvheadend HTSP Client: pvr.hts - demux read idx :1 pts 2697777.000000 len 3908
2518
16:40:57.785 T:3525841760 DEBUG: CAMLCodec::Decode: ret: 2, sz: 21855, dts_in: 2.5978[39148], pts_in: 2.7978[3D798], adj:0, ptsOut:1.7778, amlpts:160000, idx:4294967295, timesize:0.0000, drain: 0
2519
16:40:57.785 T:3525841760 DEBUG: CVideoPlayerVideo::CalcDropRequirement - hurry: 0
2520
16:40:57.790 T:3525841760 DEBUG: CAMLCodec::Decode: ret: 2, sz: 3908, dts_in: 2.6178[39850], pts_in: 2.6978[3B470], adj:0, ptsOut:1.7778, amlpts:160000, idx:4294967295, timesize:0.0000, drain: 0
2521
16:40:57.811 T:3639599968 DEBUG: AddOnLog: Tvheadend HTSP Client: pvr.hts - receive message [muxpkt]
2522
16:40:57.811 T:3639599968 DEBUG: AddOnLog: Tvheadend HTSP Client: pvr.hts - demux pkt idx 1:1 type B pts 2717777.000000 len 3869
2523
16:40:57.811 T:3534230368 DEBUG: AddOnLog: Tvheadend HTSP Client: pvr.hts - demux read idx :1 pts 2717777.000000 len 3869
2524
16:40:57.811 T:3525841760 DEBUG: CVideoPlayerVideo::CalcDropRequirement - hurry: 0
2525
16:40:57.812 T:3639599968 DEBUG: AddOnLog: Tvheadend HTSP Client: pvr.hts - receive message [muxpkt]
2526
16:40:57.812 T:3639599968 DEBUG: AddOnLog: Tvheadend HTSP Client: pvr.hts - demux pkt idx 1:1 type B pts 2657777.000000 len 3003
2527
16:40:57.812 T:3534230368 DEBUG: AddOnLog: Tvheadend HTSP Client: pvr.hts - demux read idx :1 pts 2657777.000000 len 3003
2528
16:40:57.812 T:3639599968 DEBUG: AddOnLog: Tvheadend HTSP Client: pvr.hts - receive message [muxpkt]
2529
16:40:57.812 T:3639599968 DEBUG: AddOnLog: Tvheadend HTSP Client: pvr.hts - demux pkt idx 3:3 type _ pts 1577777.000000 len 139
2530
16:40:57.812 T:3534230368 DEBUG: AddOnLog: Tvheadend HTSP Client: pvr.hts - demux read idx :3 pts 1577777.000000 len 139
2531
16:40:57.812 T:3639599968 DEBUG: AddOnLog: Tvheadend HTSP Client: pvr.hts - receive message [muxpkt]
2532
16:40:57.813 T:3639599968 DEBUG: AddOnLog: Tvheadend HTSP Client: pvr.hts - demux pkt idx 1:1 type B pts 2677777.000000 len 3043
2533
16:40:57.813 T:3534230368 DEBUG: AddOnLog: Tvheadend HTSP Client: pvr.hts - demux read idx :1 pts 2677777.000000 len 3043
2534
16:40:57.813 T:3639599968 DEBUG: AddOnLog: Tvheadend HTSP Client: pvr.hts - receive message [muxpkt]
2535
16:40:57.813 T:3639599968 DEBUG: AddOnLog: Tvheadend HTSP Client: pvr.hts - demux pkt idx 1:1 type B pts 2737777.000000 len 2902
2536
16:40:57.813 T:3534230368 DEBUG: AddOnLog: Tvheadend HTSP Client: pvr.hts - demux read idx :1 pts 2737777.000000 len 2902
2537
16:40:57.813 T:3639599968 DEBUG: AddOnLog: Tvheadend HTSP Client: pvr.hts - receive message [muxpkt]
2538
16:40:57.813 T:3639599968 DEBUG: AddOnLog: Tvheadend HTSP Client: pvr.hts - demux pkt idx 1:1 type B pts 2757777.000000 len 2862
2539
16:40:57.813 T:3534230368 DEBUG: AddOnLog: Tvheadend HTSP Client: pvr.hts - demux read idx :1 pts 2757777.000000 len 2862
2540
16:40:57.817 T:3525841760 DEBUG: CAMLCodec::Decode: ret: 2, sz: 3869, dts_in: 2.6378[39F58], pts_in: 2.7178[3BB78], adj:0, ptsOut:1.7778, amlpts:160000, idx:4294967295, timesize:0.0000, drain: 0
2541
16:40:57.817 T:3525841760 DEBUG: CVideoPlayerVideo::CalcDropRequirement - hurry: 0
2542
16:40:57.822 T:3525841760 DEBUG: CAMLCodec::Decode: ret: 2, sz: 3003, dts_in: 2.6578[3A660], pts_in: 2.6578[3A660], adj:0, ptsOut:1.7778, amlpts:160000, idx:4294967295, timesize:0.0000, drain: 0
2543
16:40:57.822 T:3525841760 DEBUG: CVideoPlayerVideo::CalcDropRequirement - hurry: 0
2544
16:40:57.827 T:3639599968 DEBUG: AddOnLog: Tvheadend HTSP Client: pvr.hts - receive message [muxpkt]
2545
16:40:57.827 T:3639599968 DEBUG: AddOnLog: Tvheadend HTSP Client: pvr.hts - demux pkt idx 3:3 type _ pts 1597777.000000 len 139
2546
16:40:57.827 T:3534230368 DEBUG: AddOnLog: Tvheadend HTSP Client: pvr.hts - demux read idx :3 pts 1597777.000000 len 139
2547
16:40:57.827 T:3525841760 DEBUG: CAMLCodec::Decode: ret: 2, sz: 3043, dts_in: 2.6778[3AD68], pts_in: 2.6778[3AD68], adj:0, ptsOut:1.7778, amlpts:160000, idx:4294967295, timesize:0.0000, drain: 0
2548
16:40:57.828 T:3525841760 DEBUG: CVideoPlayerVideo::CalcDropRequirement - hurry: 0
2549
16:40:57.833 T:3525841760 DEBUG: CAMLCodec::Decode: ret: 2, sz: 2902, dts_in: 2.6978[3B470], pts_in: 2.7378[3C280], adj:0, ptsOut:1.7778, amlpts:160000, idx:4294967295, timesize:0.0400, drain: 0
2550
16:40:57.833 T:3525841760 DEBUG: CVideoPlayerVideo::CalcDropRequirement - hurry: 0
2551
16:40:57.838 T:3525841760 DEBUG: CAMLCodec::Decode: ret: 2, sz: 2862, dts_in: 2.7178[3BB78], pts_in: 2.7578[3C988], adj:0, ptsOut:1.7778, amlpts:160000, idx:4294967295, timesize:0.0800, drain: 0
2552
16:40:57.858 T:3639599968 DEBUG: AddOnLog: Tvheadend HTSP Client: pvr.hts - receive message [muxpkt]
2553
16:40:57.858 T:3639599968 DEBUG: AddOnLog: Tvheadend HTSP Client: pvr.hts - demux pkt idx 3:3 type _ pts 1617777.000000 len 139
2554
16:40:57.858 T:3534230368 DEBUG: AddOnLog: Tvheadend HTSP Client: pvr.hts - demux read idx :3 pts 1617777.000000 len 139
2555
16:40:57.883 T:3639599968 DEBUG: AddOnLog: Tvheadend HTSP Client: pvr.hts - receive message [signalStatus]
2556
16:40:57.883 T:3639599968 DEBUG: AddOnLog: Tvheadend HTSP Client: pvr.hts - signalStatus:
2557
16:40:57.883 T:3639599968 DEBUG: AddOnLog: Tvheadend HTSP Client: pvr.hts - status : GOOD
2558
16:40:57.883 T:3639599968 DEBUG: AddOnLog: Tvheadend HTSP Client: pvr.hts - ber : 0
2559
16:40:57.883 T:3639599968 DEBUG: AddOnLog: Tvheadend HTSP Client: pvr.hts - unc : 0
2560
16:40:57.892 T:3639599968 DEBUG: AddOnLog: Tvheadend HTSP Client: pvr.hts - receive message [queueStatus]
2561
16:40:57.892 T:3639599968 DEBUG: AddOnLog: Tvheadend HTSP Client: pvr.hts - stream stats:
2562
16:40:57.892 T:3639599968 DEBUG: AddOnLog: Tvheadend HTSP Client: pvr.hts - idx:1 num:48
2563
16:40:57.892 T:3639599968 DEBUG: AddOnLog: Tvheadend HTSP Client: pvr.hts - idx:2 num:47
2564
16:40:57.892 T:3639599968 DEBUG: AddOnLog: Tvheadend HTSP Client: pvr.hts - idx:3 num:81
2565
16:40:57.892 T:3639599968 DEBUG: AddOnLog: Tvheadend HTSP Client: pvr.hts - idx:4 num:1
2566
16:40:57.892 T:3639599968 DEBUG: AddOnLog: Tvheadend HTSP Client: pvr.hts - queue stats:
2567
16:40:57.892 T:3639599968 DEBUG: AddOnLog: Tvheadend HTSP Client: pvr.hts - pkts 1
2568
16:40:57.892 T:3639599968 DEBUG: AddOnLog: Tvheadend HTSP Client: pvr.hts - bytes 139
2569
16:40:57.892 T:3639599968 DEBUG: AddOnLog: Tvheadend HTSP Client: pvr.hts - delay 0
2570
16:40:57.892 T:3639599968 DEBUG: AddOnLog: Tvheadend HTSP Client: pvr.hts - Idrop 0
2571
16:40:57.892 T:3639599968 DEBUG: AddOnLog: Tvheadend HTSP Client: pvr.hts - Pdrop 0
2572
16:40:57.892 T:3639599968 DEBUG: AddOnLog: Tvheadend HTSP Client: pvr.hts - Bdrop 0
2573
16:40:57.893 T:3639599968 DEBUG: AddOnLog: Tvheadend HTSP Client: pvr.hts - receive message [muxpkt]
2574
16:40:57.893 T:3639599968 DEBUG: AddOnLog: Tvheadend HTSP Client: pvr.hts - demux pkt idx 3:3 type _ pts 1637777.000000 len 139
2575
16:40:57.893 T:3534230368 DEBUG: AddOnLog: Tvheadend HTSP Client: pvr.hts - demux read idx :3 pts 1637777.000000 len 139
2576
16:40:57.893 T:3639599968 DEBUG: AddOnLog: Tvheadend HTSP Client: pvr.hts - receive message [muxpkt]
2577
16:40:57.893 T:3639599968 DEBUG: AddOnLog: Tvheadend HTSP Client: pvr.hts - demux pkt idx 1:1 type P pts 2937777.000000 len 25876
2578
16:40:57.893 T:3639599968 DEBUG: AddOnLog: Tvheadend HTSP Client: pvr.hts - receive message [muxpkt]
2579
16:40:57.893 T:3534230368 DEBUG: AddOnLog: Tvheadend HTSP Client: pvr.hts - demux read idx :1 pts 2937777.000000 len 25876
2580
16:40:57.893 T:3639599968 DEBUG: AddOnLog: Tvheadend HTSP Client: pvr.hts - demux pkt idx 2:2 type _ pts 1521200.000000 len 1024
2581
16:40:57.893 T:3525841760 DEBUG: CVideoPlayerVideo::CalcDropRequirement - hurry: 0
2582
16:40:57.894 T:3639599968 DEBUG: AddOnLog: Tvheadend HTSP Client: pvr.hts - receive message [muxpkt]
2583
16:40:57.894 T:3639599968 DEBUG: AddOnLog: Tvheadend HTSP Client: pvr.hts - demux pkt idx 2:2 type _ pts 1553200.000000 len 1024
2584
16:40:57.894 T:3639599968 DEBUG: AddOnLog: Tvheadend HTSP Client: pvr.hts - receive message [muxpkt]
2585
16:40:57.894 T:3639599968 DEBUG: AddOnLog: Tvheadend HTSP Client: pvr.hts - demux pkt idx 2:2 type _ pts 1585200.000000 len 1024
2586
16:40:57.894 T:3639599968 DEBUG: AddOnLog: Tvheadend HTSP Client: pvr.hts - receive message [muxpkt]
2587
16:40:57.894 T:3639599968 DEBUG: AddOnLog: Tvheadend HTSP Client: pvr.hts - demux pkt idx 2:2 type _ pts 1617200.000000 len 1024
2588
16:40:57.894 T:3639599968 DEBUG: AddOnLog: Tvheadend HTSP Client: pvr.hts - receive message [muxpkt]
2589
16:40:57.894 T:3639599968 DEBUG: AddOnLog: Tvheadend HTSP Client: pvr.hts - demux pkt idx 2:2 type _ pts 1649200.000000 len 1024
2590
16:40:57.895 T:3639599968 DEBUG: AddOnLog: Tvheadend HTSP Client: pvr.hts - receive message [muxpkt]
2591
16:40:57.895 T:3639599968 DEBUG: AddOnLog: Tvheadend HTSP Client: pvr.hts - demux pkt idx 3:3 type _ pts 1657777.000000 len 139
2592
16:40:57.895 T:3534230368 DEBUG: AddOnLog: Tvheadend HTSP Client: pvr.hts - demux read idx :2 pts 1521200.000000 len 1024
2593
16:40:57.895 T:3534230368 DEBUG: AddOnLog: Tvheadend HTSP Client: pvr.hts - demux read idx :2 pts 1553200.000000 len 1024
2594
16:40:57.895 T:3534230368 DEBUG: AddOnLog: Tvheadend HTSP Client: pvr.hts - demux read idx :2 pts 1585200.000000 len 1024
2595
16:40:57.895 T:3534230368 DEBUG: AddOnLog: Tvheadend HTSP Client: pvr.hts - demux read idx :2 pts 1617200.000000 len 1024
2596
16:40:57.896 T:3534230368 DEBUG: AddOnLog: Tvheadend HTSP Client: pvr.hts - demux read idx :2 pts 1649200.000000 len 1024
2597
16:40:57.896 T:3534230368 DEBUG: AddOnLog: Tvheadend HTSP Client: pvr.hts - demux read idx :3 pts 1657777.000000 len 139
2598
16:40:57.899 T:3525841760 DEBUG: CAMLCodec::Decode: ret: 2, sz: 25876, dts_in: 2.7378[3C280], pts_in: 2.9378[408D0], adj:0, ptsOut:1.7778, amlpts:160000, idx:4294967295, timesize:0.0000, drain: 0
2599
16:40:57.912 T:3639599968 DEBUG: AddOnLog: Tvheadend HTSP Client: pvr.hts - receive message [timeshiftStatus]
2600
16:40:57.912 T:3639599968 DEBUG: AddOnLog: Tvheadend HTSP Client: pvr.hts - timeshiftStatus:
2601
16:40:57.912 T:3639599968 DEBUG: AddOnLog: Tvheadend HTSP Client: pvr.hts - full : 0
2602
16:40:57.912 T:3639599968 DEBUG: AddOnLog: Tvheadend HTSP Client: pvr.hts - shift : 0
2603
16:40:57.912 T:3639599968 DEBUG: AddOnLog: Tvheadend HTSP Client: pvr.hts - start : 1977766
2604
16:40:57.912 T:3639599968 DEBUG: AddOnLog: Tvheadend HTSP Client: pvr.hts - end : 2937766
2605
16:40:57.923 T:3639599968 DEBUG: AddOnLog: Tvheadend HTSP Client: pvr.hts - receive message [muxpkt]
2606
16:40:57.923 T:3639599968 DEBUG: AddOnLog: Tvheadend HTSP Client: pvr.hts - demux pkt idx 3:3 type _ pts 1677777.000000 len 139
2607
16:40:57.923 T:3534230368 DEBUG: AddOnLog: Tvheadend HTSP Client: pvr.hts - demux read idx :3 pts 1677777.000000 len 139
2608
16:40:57.924 T:3639599968 DEBUG: AddOnLog: Tvheadend HTSP Client: pvr.hts - receive message [muxpkt]
2609
16:40:57.924 T:3639599968 DEBUG: AddOnLog: Tvheadend HTSP Client: pvr.hts - demux pkt idx 1:1 type P pts 2957777.000000 len 21278
2610
16:40:57.924 T:3534230368 DEBUG: AddOnLog: Tvheadend HTSP Client: pvr.hts - demux read idx :1 pts 2957777.000000 len 21278
2611
16:40:57.924 T:3639599968 DEBUG: AddOnLog: Tvheadend HTSP Client: pvr.hts - receive message [muxpkt]
2612
16:40:57.924 T:3525841760 DEBUG: CVideoPlayerVideo::CalcDropRequirement - hurry: 0
2613
16:40:57.924 T:3639599968 DEBUG: AddOnLog: Tvheadend HTSP Client: pvr.hts - demux pkt idx 1:1 type B pts 2857777.000000 len 4192
2614
16:40:57.924 T:3534230368 DEBUG: AddOnLog: Tvheadend HTSP Client: pvr.hts - demux read idx :1 pts 2857777.000000 len 4192
2615
16:40:57.924 T:3639599968 DEBUG: AddOnLog: Tvheadend HTSP Client: pvr.hts - receive message [muxpkt]
2616
16:40:57.924 T:3639599968 DEBUG: AddOnLog: Tvheadend HTSP Client: pvr.hts - demux pkt idx 3:3 type _ pts 1697777.000000 len 139
2617
16:40:57.924 T:3534230368 DEBUG: AddOnLog: Tvheadend HTSP Client: pvr.hts - demux read idx :3 pts 1697777.000000 len 139
2618
16:40:57.924 T:3639599968 DEBUG: AddOnLog: Tvheadend HTSP Client: pvr.hts - receive message [muxpkt]
2619
16:40:57.925 T:3639599968 DEBUG: AddOnLog: Tvheadend HTSP Client: pvr.hts - demux pkt idx 1:1 type B pts 2877777.000000 len 3611
2620
16:40:57.925 T:3534230368 DEBUG: AddOnLog: Tvheadend HTSP Client: pvr.hts - demux read idx :1 pts 2877777.000000 len 3611
2621
16:40:57.929 T:3525841760 DEBUG: CAMLCodec::Decode: ret: 2, sz: 21278, dts_in: 2.7578[3C988], pts_in: 2.9578[40FD8], adj:0, ptsOut:1.7778, amlpts:160000, idx:4294967295, timesize:0.0400, drain: 0
2622
16:40:57.929 T:3525841760 DEBUG: CVideoPlayerVideo::CalcDropRequirement - hurry: 0
2623
16:40:57.935 T:3525841760 DEBUG: CAMLCodec::Decode: ret: 2, sz: 4192, dts_in: 2.7778[3D090], pts_in: 2.8578[3ECB0], adj:0, ptsOut:1.7778, amlpts:160000, idx:4294967295, timesize:0.0800, drain: 0
2624
16:40:57.935 T:3525841760 DEBUG: CVideoPlayerVideo::CalcDropRequirement - hurry: 0
2625
16:40:57.940 T:3525841760 DEBUG: CAMLCodec::Decode: ret: 2, sz: 3611, dts_in: 2.7978[3D798], pts_in: 2.8778[3F3B8], adj:0, ptsOut:1.7778, amlpts:160000, idx:4294967295, timesize:0.1200, drain: 0
2626
16:40:57.956 T:3639599968 DEBUG: AddOnLog: Tvheadend HTSP Client: pvr.hts - receive message [muxpkt]
2627
16:40:57.956 T:3639599968 DEBUG: AddOnLog: Tvheadend HTSP Client: pvr.hts - demux pkt idx 1:1 type B pts 2817777.000000 len 3260
2628
16:40:57.956 T:3534230368 DEBUG: AddOnLog: Tvheadend HTSP Client: pvr.hts - demux read idx :1 pts 2817777.000000 len 3260
2629
16:40:57.956 T:3639599968 DEBUG: AddOnLog: Tvheadend HTSP Client: pvr.hts - receive message [muxpkt]
2630
16:40:57.956 T:3639599968 DEBUG: AddOnLog: Tvheadend HTSP Client: pvr.hts - demux pkt idx 1:1 type B pts 2837777.000000 len 3015
2631
16:40:57.956 T:3525841760 DEBUG: CVideoPlayerVideo::CalcDropRequirement - hurry: 0
2632
16:40:57.956 T:3639599968 DEBUG: AddOnLog: Tvheadend HTSP Client: pvr.hts - receive message [muxpkt]
2633
16:40:57.956 T:3639599968 DEBUG: AddOnLog: Tvheadend HTSP Client: pvr.hts - demux pkt idx 3:3 type _ pts 1717777.000000 len 139
2634
16:40:57.956 T:3534230368 DEBUG: AddOnLog: Tvheadend HTSP Client: pvr.hts - demux read idx :1 pts 2837777.000000 len 3015
2635
16:40:57.956 T:3639599968 DEBUG: AddOnLog: Tvheadend HTSP Client: pvr.hts - receive message [muxpkt]
2636
16:40:57.956 T:3639599968 DEBUG: AddOnLog: Tvheadend HTSP Client: pvr.hts - demux pkt idx 1:1 type B pts 2897777.000000 len 2937
2637
16:40:57.957 T:3534230368 DEBUG: AddOnLog: Tvheadend HTSP Client: pvr.hts - demux read idx :3 pts 1717777.000000 len 139
2638
16:40:57.957 T:3639599968 DEBUG: AddOnLog: Tvheadend HTSP Client: pvr.hts - receive message [muxpkt]
2639
16:40:57.957 T:3639599968 DEBUG: AddOnLog: Tvheadend HTSP Client: pvr.hts - demux pkt idx 1:1 type B pts 2917777.000000 len 2858
2640
16:40:57.957 T:3534230368 DEBUG: AddOnLog: Tvheadend HTSP Client: pvr.hts - demux read idx :1 pts 2897777.000000 len 2937
2641
16:40:57.957 T:3534230368 DEBUG: AddOnLog: Tvheadend HTSP Client: pvr.hts - demux read idx :1 pts 2917777.000000 len 2858
2642
16:40:57.961 T:3525841760 DEBUG: CAMLCodec::Decode: ret: 2, sz: 3260, dts_in: 2.8178[3DEA0], pts_in: 2.8178[3DEA0], adj:0, ptsOut:1.7778, amlpts:160000, idx:4294967295, timesize:0.1600, drain: 0
2643
16:40:57.962 T:3525841760 DEBUG: CVideoPlayerVideo::CalcDropRequirement - hurry: 0
2644
16:40:57.967 T:3525841760 DEBUG: CAMLCodec::Decode: ret: 2, sz: 3015, dts_in: 2.8378[3E5A8], pts_in: 2.8378[3E5A8], adj:0, ptsOut:1.7778, amlpts:160000, idx:4294967295, timesize:0.2000, drain: 0
2645
16:40:57.967 T:3525841760 DEBUG: CVideoPlayerVideo::CalcDropRequirement - hurry: 0
2646
16:40:57.972 T:3525841760 DEBUG: CAMLCodec::Decode: ret: 2, sz: 2937, dts_in: 2.8578[3ECB0], pts_in: 2.8978[3FAC0], adj:0, ptsOut:1.7778, amlpts:160000, idx:4294967295, timesize:0.2400, drain: 0
2647
16:40:57.972 T:3525841760 DEBUG: CVideoPlayerVideo::CalcDropRequirement - hurry: 0
2648
16:40:57.978 T:3525841760 DEBUG: CAMLCodec::Decode: ret: 2, sz: 2858, dts_in: 2.8778[3F3B8], pts_in: 2.9178[401C8], adj:0, ptsOut:1.7778, amlpts:160000, idx:4294967295, timesize:0.2800, drain: 0
2649
16:40:57.987 T:3639599968 DEBUG: AddOnLog: Tvheadend HTSP Client: pvr.hts - receive message [muxpkt]
2650
16:40:57.988 T:3639599968 DEBUG: AddOnLog: Tvheadend HTSP Client: pvr.hts - demux pkt idx 3:3 type _ pts 1737777.000000 len 139
2651
16:40:57.988 T:3534230368 DEBUG: AddOnLog: Tvheadend HTSP Client: pvr.hts - demux read idx :3 pts 1737777.000000 len 139
2652
16:40:57.988 T:3639599968 DEBUG: AddOnLog: Tvheadend HTSP Client: pvr.hts - receive message [muxpkt]
2653
16:40:57.988 T:3639599968 DEBUG: AddOnLog: Tvheadend HTSP Client: pvr.hts - demux pkt idx 3:3 type _ pts 1757777.000000 len 139
2654
16:40:57.988 T:3534230368 DEBUG: AddOnLog: Tvheadend HTSP Client: pvr.hts - demux read idx :3 pts 1757777.000000 len 139
2655
16:40:58.000 T:3639599968 DEBUG: AddOnLog: Tvheadend HTSP Client: pvr.hts - receive message [channelUpdate]
2656
16:40:58.020 T:3639599968 DEBUG: Previous line repeats 1 times.
2657
16:40:58.020 T:3639599968 DEBUG: AddOnLog: Tvheadend HTSP Client: pvr.hts - receive message [muxpkt]
2658
16:40:58.020 T:3639599968 DEBUG: AddOnLog: Tvheadend HTSP Client: pvr.hts - demux pkt idx 1:1 type P pts 3097777.000000 len 22760
2659
16:40:58.020 T:3534230368 DEBUG: AddOnLog: Tvheadend HTSP Client: pvr.hts - demux read idx :1 pts 3097777.000000 len 22760
2660
16:40:58.020 T:3639599968 DEBUG: AddOnLog: Tvheadend HTSP Client: pvr.hts - receive message [muxpkt]
2661
16:40:58.020 T:3639599968 DEBUG: AddOnLog: Tvheadend HTSP Client: pvr.hts - demux pkt idx 3:3 type _ pts 1777777.000000 len 139
2662
16:40:58.021 T:3525841760 DEBUG: CVideoPlayerVideo::CalcDropRequirement - hurry: 0
2663
16:40:58.021 T:3534230368 DEBUG: AddOnLog: Tvheadend HTSP Client: pvr.hts - demux read idx :3 pts 1777777.000000 len 139
2664
16:40:58.021 T:3639599968 DEBUG: AddOnLog: Tvheadend HTSP Client: pvr.hts - receive message [muxpkt]
2665
16:40:58.021 T:3639599968 DEBUG: AddOnLog: Tvheadend HTSP Client: pvr.hts - demux pkt idx 3:3 type _ pts 1797777.000000 len 139
2666
16:40:58.021 T:3534230368 DEBUG: AddOnLog: Tvheadend HTSP Client: pvr.hts - demux read idx :3 pts 1797777.000000 len 139
2667
16:40:58.026 T:3525841760 DEBUG: CAMLCodec::Decode: ret: 2, sz: 22760, dts_in: 2.8978[3FAC0], pts_in: 3.0978[44110], adj:0, ptsOut:1.7778, amlpts:160000, idx:4294967295, timesize:0.3200, drain: 0
2668
16:40:58.052 T:3639599968 DEBUG: AddOnLog: Tvheadend HTSP Client: pvr.hts - receive message [muxpkt]
2669
16:40:58.053 T:3639599968 DEBUG: AddOnLog: Tvheadend HTSP Client: pvr.hts - demux pkt idx 2:2 type _ pts 1681200.000000 len 1024
2670
16:40:58.053 T:3639599968 DEBUG: AddOnLog: Tvheadend HTSP Client: pvr.hts - receive message [muxpkt]
2671
16:40:58.053 T:3534230368 DEBUG: AddOnLog: Tvheadend HTSP Client: pvr.hts - demux read idx :2 pts 1681200.000000 len 1024
2672
16:40:58.054 T:3639599968 DEBUG: AddOnLog: Tvheadend HTSP Client: pvr.hts - demux pkt idx 2:2 type _ pts 1713200.000000 len 1024
2673
16:40:58.054 T:3534230368 DEBUG: AddOnLog: Tvheadend HTSP Client: pvr.hts - demux read idx :2 pts 1713200.000000 len 1024
2674
16:40:58.054 T:3639599968 DEBUG: AddOnLog: Tvheadend HTSP Client: pvr.hts - receive message [muxpkt]
2675
16:40:58.054 T:3639599968 DEBUG: AddOnLog: Tvheadend HTSP Client: pvr.hts - demux pkt idx 2:2 type _ pts 1745200.000000 len 1024
2676
16:40:58.054 T:3639599968 DEBUG: AddOnLog: Tvheadend HTSP Client: pvr.hts - receive message [muxpkt]
2677
16:40:58.054 T:3534230368 DEBUG: AddOnLog: Tvheadend HTSP Client: pvr.hts - demux read idx :2 pts 1745200.000000 len 1024
2678
16:40:58.054 T:3639599968 DEBUG: AddOnLog: Tvheadend HTSP Client: pvr.hts - demux pkt idx 2:2 type _ pts 1777200.000000 len 1024
2679
16:40:58.054 T:3639599968 DEBUG: AddOnLog: Tvheadend HTSP Client: pvr.hts - receive message [muxpkt]
2680
16:40:58.055 T:3639599968 DEBUG: AddOnLog: Tvheadend HTSP Client: pvr.hts - demux pkt idx 2:2 type _ pts 1809200.000000 len 1024
2681
16:40:58.055 T:3534230368 DEBUG: AddOnLog: Tvheadend HTSP Client: pvr.hts - demux read idx :2 pts 1777200.000000 len 1024
2682
16:40:58.055 T:3639599968 DEBUG: AddOnLog: Tvheadend HTSP Client: pvr.hts - receive message [muxpkt]
2683
16:40:58.055 T:3639599968 DEBUG: AddOnLog: Tvheadend HTSP Client: pvr.hts - demux pkt idx 1:1 type P pts 3117777.000000 len 18838
2684
16:40:58.055 T:3534230368 DEBUG: AddOnLog: Tvheadend HTSP Client: pvr.hts - demux read idx :2 pts 1809200.000000 len 1024
2685
16:40:58.055 T:3639599968 DEBUG: AddOnLog: Tvheadend HTSP Client: pvr.hts - receive message [muxpkt]
2686
16:40:58.055 T:3639599968 DEBUG: AddOnLog: Tvheadend HTSP Client: pvr.hts - demux pkt idx 1:1 type B pts 3017777.000000 len 4447
2687
16:40:58.055 T:3534230368 DEBUG: AddOnLog: Tvheadend HTSP Client: pvr.hts - demux read idx :1 pts 3117777.000000 len 18838
2688
16:40:58.055 T:3639599968 DEBUG: AddOnLog: Tvheadend HTSP Client: pvr.hts - receive message [muxpkt]
2689
16:40:58.055 T:3639599968 DEBUG: AddOnLog: Tvheadend HTSP Client: pvr.hts - demux pkt idx 3:3 type _ pts 1817777.000000 len 139
2690
16:40:58.055 T:3525841760 DEBUG: CVideoPlayerVideo::CalcDropRequirement - hurry: 0
2691
16:40:58.056 T:3534230368 DEBUG: AddOnLog: Tvheadend HTSP Client: pvr.hts - demux read idx :1 pts 3017777.000000 len 4447
2692
16:40:58.056 T:3639599968 DEBUG: AddOnLog: Tvheadend HTSP Client: pvr.hts - receive message [muxpkt]
2693
16:40:58.056 T:3639599968 DEBUG: AddOnLog: Tvheadend HTSP Client: pvr.hts - demux pkt idx 1:1 type B pts 3037777.000000 len 3906
2694
16:40:58.056 T:3534230368 DEBUG: AddOnLog: Tvheadend HTSP Client: pvr.hts - demux read idx :3 pts 1817777.000000 len 139
2695
16:40:58.056 T:3639599968 DEBUG: AddOnLog: Tvheadend HTSP Client: pvr.hts - receive message [muxpkt]
2696
16:40:58.056 T:3639599968 DEBUG: AddOnLog: Tvheadend HTSP Client: pvr.hts - demux pkt idx 1:1 type B pts 2977777.000000 len 2968
2697
16:40:58.056 T:3534230368 DEBUG: AddOnLog: Tvheadend HTSP Client: pvr.hts - demux read idx :1 pts 3037777.000000 len 3906
2698
16:40:58.056 T:3534230368 DEBUG: AddOnLog: Tvheadend HTSP Client: pvr.hts - demux read idx :1 pts 2977777.000000 len 2968
2699
16:40:58.061 T:3525841760 DEBUG: CAMLCodec::Decode: ret: 2, sz: 18838, dts_in: 2.9178[401C8], pts_in: 3.1178[44818], adj:0, ptsOut:1.7778, amlpts:160000, idx:4294967295, timesize:0.3600, drain: 0
2700
16:40:58.061 T:3525841760 DEBUG: CVideoPlayerVideo::CalcDropRequirement - hurry: 0
2701
16:40:58.066 T:3525841760 DEBUG: CAMLCodec::Decode: ret: 2, sz: 4447, dts_in: 2.9378[408D0], pts_in: 3.0178[424F0], adj:0, ptsOut:1.7778, amlpts:160000, idx:4294967295, timesize:0.4000, drain: 0
2702
16:40:58.066 T:3525841760 DEBUG: CVideoPlayerVideo::CalcDropRequirement - hurry: 0
2703
16:40:58.072 T:3525841760 DEBUG: CAMLCodec::Decode: ret: 2, sz: 3906, dts_in: 2.9578[40FD8], pts_in: 3.0378[42BF8], adj:0, ptsOut:1.7778, amlpts:160000, idx:4294967295, timesize:0.4400, drain: 0
2704
16:40:58.072 T:3525841760 DEBUG: CVideoPlayerVideo::CalcDropRequirement - hurry: 0
2705
16:40:58.077 T:3525841760 DEBUG: CAMLCodec::Decode: ret: 2, sz: 2968, dts_in: 2.9778[416E0], pts_in: 2.9778[416E0], adj:0, ptsOut:1.7778, amlpts:160000, idx:4294967295, timesize:0.4800, drain: 0
2706
16:40:58.086 T:3639599968 DEBUG: AddOnLog: Tvheadend HTSP Client: pvr.hts - receive message [muxpkt]
2707
16:40:58.086 T:3639599968 DEBUG: AddOnLog: Tvheadend HTSP Client: pvr.hts - demux pkt idx 1:1 type B pts 2997777.000000 len 3243
2708
16:40:58.086 T:3639599968 DEBUG: AddOnLog: Tvheadend HTSP Client: pvr.hts - receive message [muxpkt]
2709
16:40:58.086 T:3534230368 DEBUG: AddOnLog: Tvheadend HTSP Client: pvr.hts - demux read idx :1 pts 2997777.000000 len 3243
2710
16:40:58.086 T:3639599968 DEBUG: AddOnLog: Tvheadend HTSP Client: pvr.hts - demux pkt idx 3:3 type _ pts 1837777.000000 len 139
2711
16:40:58.087 T:3525841760 DEBUG: CVideoPlayerVideo::CalcDropRequirement - hurry: 0
2712
16:40:58.087 T:3639599968 DEBUG: AddOnLog: Tvheadend HTSP Client: pvr.hts - receive message [muxpkt]
2713
16:40:58.087 T:3534230368 DEBUG: AddOnLog: Tvheadend HTSP Client: pvr.hts - demux read idx :3 pts 1837777.000000 len 139
2714
16:40:58.087 T:3639599968 DEBUG: AddOnLog: Tvheadend HTSP Client: pvr.hts - demux pkt idx 1:1 type B pts 3057777.000000 len 2425
2715
16:40:58.087 T:3639599968 DEBUG: AddOnLog: Tvheadend HTSP Client: pvr.hts - receive message [muxpkt]
2716
16:40:58.087 T:3534230368 DEBUG: AddOnLog: Tvheadend HTSP Client: pvr.hts - demux read idx :1 pts 3057777.000000 len 2425
2717
16:40:58.087 T:3639599968 DEBUG: AddOnLog: Tvheadend HTSP Client: pvr.hts - demux pkt idx 1:1 type B pts 3077777.000000 len 2212
2718
16:40:58.087 T:3534230368 DEBUG: AddOnLog: Tvheadend HTSP Client: pvr.hts - demux read idx :1 pts 3077777.000000 len 2212
2719
16:40:58.087 T:3639599968 DEBUG: AddOnLog: Tvheadend HTSP Client: pvr.hts - receive message [muxpkt]
2720
16:40:58.087 T:3639599968 DEBUG: AddOnLog: Tvheadend HTSP Client: pvr.hts - demux pkt idx 3:3 type _ pts 1857777.000000 len 139
2721
16:40:58.087 T:3534230368 DEBUG: AddOnLog: Tvheadend HTSP Client: pvr.hts - demux read idx :3 pts 1857777.000000 len 139
2722
16:40:58.092 T:3525841760 DEBUG: CAMLCodec::Decode: ret: 6, sz: 3243, dts_in: 2.9978[41DE8], pts_in: 2.9978[41DE8], adj:0, ptsOut:2.0178, amlpts:181599, idx:4124113, timesize:0.5200, drain: 0
2723
16:40:58.092 T:3525841760 DEBUG: CRenderManager::Configure - change configuration. 1920x1080. display: 1920x1080. framerate: 25.00. format: AMLCODEC
2724
16:40:58.116 T:3639599968 DEBUG: AddOnLog: Tvheadend HTSP Client: pvr.hts - receive message [muxpkt]
2725
16:40:58.116 T:3639599968 DEBUG: AddOnLog: Tvheadend HTSP Client: pvr.hts - demux pkt idx 3:3 type _ pts 1877777.000000 len 139
2726
16:40:58.116 T:3534230368 DEBUG: AddOnLog: Tvheadend HTSP Client: pvr.hts - demux read idx :3 pts 1877777.000000 len 139
2727
16:40:58.127 T:4096643072 DEBUG: DeleteRenderer - deleting renderer
2728
16:40:58.127 T:4096643072 DEBUG: LinuxRendererGL: Cleaning up GL resources
2729
16:40:58.127 T:4096643072 DEBUG: CRenderManager::Configure - 4
2730
16:40:58.136 T:4096643072 DEBUG: CAMLCodec::ReleaseFrame idx:4124113
2731
16:40:58.137 T:4096643072 DEBUG: CAMLCodec::SetVideo3dMode:mode3d(0x0)
2732
16:40:58.137 T:4096643072 DEBUG: CAMLCodec::SetVideoRect:display(0,0,1920,1080)
2733
16:40:58.137 T:4096643072 DEBUG: CAMLCodec::SetVideoRect:gui(0,0,1920,1080)
2734
16:40:58.137 T:4096643072 DEBUG: CAMLCodec::SetVideoRect:m_dst_rect(0,0,1920,1080)
2735
16:40:58.137 T:4096643072 DEBUG: CAMLCodec::SetVideoRect:dst_rect(0,0,1920,1080)
2736
16:40:58.137 T:4096643072 DEBUG: CAMLCodec::SetVideoRect:m_stereo_mode(0)
2737
16:40:58.137 T:4096643072 DEBUG: CAMLCodec::SetVideoRect:m_stereo_view(0)
2738
16:40:58.150 T:3639599968 DEBUG: AddOnLog: Tvheadend HTSP Client: pvr.hts - receive message [muxpkt]
2739
16:40:58.150 T:3639599968 DEBUG: AddOnLog: Tvheadend HTSP Client: pvr.hts - demux pkt idx 3:3 type _ pts 1897777.000000 len 139
2740
16:40:58.150 T:3534230368 DEBUG: AddOnLog: Tvheadend HTSP Client: pvr.hts - demux read idx :3 pts 1897777.000000 len 139
2741
16:40:58.150 T:3639599968 DEBUG: AddOnLog: Tvheadend HTSP Client: pvr.hts - receive message [muxpkt]
2742
16:40:58.150 T:3639599968 DEBUG: AddOnLog: Tvheadend HTSP Client: pvr.hts - demux pkt idx 3:3 type _ pts 1917777.000000 len 139
2743
16:40:58.150 T:3534230368 DEBUG: CVideoPlayer::HandleMessages - player started 2
2744
16:40:58.150 T:3534230368 DEBUG: CVideoPlayer::SetCaching - caching state 3
2745
16:40:58.150 T:3534230368 DEBUG: CDVDClock::SetSpeedAdjust - adjusted:0.000000
2746
16:40:58.150 T:3534230368 DEBUG: CVideoPlayer::SetCaching - caching state 0
2747
16:40:58.150 T:3534230368 DEBUG: CDVDClock::SetSpeedAdjust - adjusted:0.000000
2748
16:40:58.150 T:3534230368 DEBUG: VideoPlayer::Sync - Audio - pts: 113200.000000, cache: 308974.469992, totalcache: 570666.670799
2749
16:40:58.150 T:3534230368 DEBUG: VideoPlayer::Sync - Video - pts: 2017766.666667, cache: 50000.000000, totalcache: 100000.000000
2750
16:40:58.150 T:3490251616 DEBUG: CVideoPlayerAudio - CDVDMsg::GENERAL_RESYNC(-857466.670799)
2751
16:40:58.150 T:3525841760 DEBUG: CVideoPlayerVideo - CDVDMsg::GENERAL_RESYNC(-857466.670799)
2752
16:40:58.150 T:3534230368 DEBUG: AddOnLog: Tvheadend HTSP Client: pvr.hts - demux read idx :3 pts 1917777.000000 len 139
2753
16:40:58.151 T:3490251616 DEBUG: CDVDAudio::Resume - resume audio stream
2754
16:40:58.151 T:3525841760 DEBUG: CVideoPlayerVideo::CalcDropRequirement - hurry: 0
2755
16:40:58.151 T:4071166816 DEBUG: ActiveAE - start sync of audio stream
2756
16:40:58.156 T:3525841760 DEBUG: CAMLCodec::Decode: ret: 6, sz: 2425, dts_in: 3.0178[424F0], pts_in: 3.0578[43300], adj:0, ptsOut:2.0378, amlpts:183399, idx:4124114, timesize:0.5600, drain: 0
2757
16:40:58.156 T:3525841760 DEBUG: CVideoPlayerVideo::CalcDropRequirement - hurry: 1
2758
16:40:58.161 T:3525841760 DEBUG: CAMLCodec::Decode: ret: 6, sz: 2212, dts_in: 3.0378[42BF8], pts_in: 3.0778[43A08], adj:0, ptsOut:2.0578, amlpts:185199, idx:4124115, timesize:0.6000, drain: 0
2759
16:40:58.164 T:4096643072 DEBUG: Activating window ID: 12005
2760
16:40:58.165 T:4096643072 DEBUG: ------ Window Deinit (Home.xml) ------
2761
16:40:58.166 T:4096643072 DEBUG: ------ Window Init (VideoFullScreen.xml) ------
2762
16:40:58.166 T:4096643072 INFO: Loading skin file: VideoFullScreen.xml, load type: KEEP_IN_MEMORY
2763
16:40:58.173 T:4096643072 NOTICE: Display resolution ADJUST : 1920x1080 @ 50.00 - Full Screen (16) (weight: 0.000)
2764
16:40:58.182 T:3639599968 DEBUG: AddOnLog: Tvheadend HTSP Client: pvr.hts - receive message [muxpkt]
2765
16:40:58.182 T:3639599968 DEBUG: AddOnLog: Tvheadend HTSP Client: pvr.hts - demux pkt idx 3:3 type _ pts 1937777.000000 len 139
2766
16:40:58.182 T:3534230368 DEBUG: AddOnLog: Tvheadend HTSP Client: pvr.hts - demux read idx :3 pts 1937777.000000 len 139
2767
16:40:58.182 T:3639599968 DEBUG: AddOnLog: Tvheadend HTSP Client: pvr.hts - receive message [muxpkt]
2768
16:40:58.183 T:3639599968 DEBUG: AddOnLog: Tvheadend HTSP Client: pvr.hts - demux pkt idx 3:3 type _ pts 1957777.000000 len 139
2769
16:40:58.183 T:3534230368 DEBUG: AddOnLog: Tvheadend HTSP Client: pvr.hts - demux read idx :3 pts 1957777.000000 len 139
2770
16:40:58.217 T:3639599968 DEBUG: AddOnLog: Tvheadend HTSP Client: pvr.hts - receive message [muxpkt]
2771
16:40:58.217 T:3639599968 DEBUG: AddOnLog: Tvheadend HTSP Client: pvr.hts - demux pkt idx 2:2 type _ pts 1841200.000000 len 1024
2772
16:40:58.217 T:3534230368 DEBUG: AddOnLog: Tvheadend HTSP Client: pvr.hts - demux read idx :2 pts 1841200.000000 len 1024
2773
16:40:58.217 T:3639599968 DEBUG: AddOnLog: Tvheadend HTSP Client: pvr.hts - receive message [muxpkt]
2774
16:40:58.217 T:3639599968 DEBUG: AddOnLog: Tvheadend HTSP Client: pvr.hts - demux pkt idx 2:2 type _ pts 1873200.000000 len 1024
2775
16:40:58.217 T:3534230368 DEBUG: AddOnLog: Tvheadend HTSP Client: pvr.hts - demux read idx :2 pts 1873200.000000 len 1024
2776
16:40:58.217 T:3639599968 DEBUG: AddOnLog: Tvheadend HTSP Client: pvr.hts - receive message [muxpkt]
2777
16:40:58.217 T:3639599968 DEBUG: AddOnLog: Tvheadend HTSP Client: pvr.hts - demux pkt idx 2:2 type _ pts 1905200.000000 len 1024
2778
16:40:58.218 T:3639599968 DEBUG: AddOnLog: Tvheadend HTSP Client: pvr.hts - receive message [muxpkt]
2779
16:40:58.218 T:3534230368 DEBUG: AddOnLog: Tvheadend HTSP Client: pvr.hts - demux read idx :2 pts 1905200.000000 len 1024
2780
16:40:58.218 T:3639599968 DEBUG: AddOnLog: Tvheadend HTSP Client: pvr.hts - demux pkt idx 2:2 type _ pts 1937200.000000 len 1024
2781
16:40:58.218 T:3639599968 DEBUG: AddOnLog: Tvheadend HTSP Client: pvr.hts - receive message [muxpkt]
2782
16:40:58.218 T:3534230368 DEBUG: AddOnLog: Tvheadend HTSP Client: pvr.hts - demux read idx :2 pts 1937200.000000 len 1024
2783
16:40:58.218 T:3639599968 DEBUG: AddOnLog: Tvheadend HTSP Client: pvr.hts - demux pkt idx 2:2 type _ pts 1969200.000000 len 1024
2784
16:40:58.218 T:3534230368 DEBUG: AddOnLog: Tvheadend HTSP Client: pvr.hts - demux read idx :2 pts 1969200.000000 len 1024
2785
16:40:58.218 T:3639599968 DEBUG: AddOnLog: Tvheadend HTSP Client: pvr.hts - receive message [muxpkt]
2786
16:40:58.218 T:3639599968 DEBUG: AddOnLog: Tvheadend HTSP Client: pvr.hts - demux pkt idx 3:3 type _ pts 1977777.000000 len 139
2787
16:40:58.218 T:3534230368 DEBUG: AddOnLog: Tvheadend HTSP Client: pvr.hts - demux read idx :3 pts 1977777.000000 len 139
2788
16:40:58.252 T:3639599968 DEBUG: AddOnLog: Tvheadend HTSP Client: pvr.hts - receive message [muxpkt]
2789
16:40:58.252 T:3639599968 DEBUG: AddOnLog: Tvheadend HTSP Client: pvr.hts - demux pkt idx 3:3 type _ pts 1997777.000000 len 139
2790
16:40:58.252 T:3534230368 DEBUG: AddOnLog: Tvheadend HTSP Client: pvr.hts - demux read idx :3 pts 1997777.000000 len 139
2791
16:40:58.252 T:3639599968 DEBUG: AddOnLog: Tvheadend HTSP Client: pvr.hts - receive message [muxpkt]
2792
16:40:58.252 T:3639599968 DEBUG: AddOnLog: Tvheadend HTSP Client: pvr.hts - demux pkt idx 3:3 type _ pts 2017777.000000 len 139
2793
16:40:58.252 T:3534230368 DEBUG: AddOnLog: Tvheadend HTSP Client: pvr.hts - demux read idx :3 pts 2017777.000000 len 139
2794
16:40:58.267 T:4071166816 DEBUG: ActiveAE::SyncStream - average error of 684.422768, start adjusting
2795
16:40:58.285 T:3639599968 DEBUG: AddOnLog: Tvheadend HTSP Client: pvr.hts - receive message [muxpkt]
2796
16:40:58.285 T:3639599968 DEBUG: AddOnLog: Tvheadend HTSP Client: pvr.hts - demux pkt idx 3:3 type _ pts 2037777.000000 len 139
2797
16:40:58.286 T:3534230368 DEBUG: AddOnLog: Tvheadend HTSP Client: pvr.hts - demux read idx :3 pts 2037777.000000 len 139
2798
16:40:58.286 T:3639599968 DEBUG: AddOnLog: Tvheadend HTSP Client: pvr.hts - receive message [muxpkt]
2799
16:40:58.287 T:3639599968 DEBUG: AddOnLog: Tvheadend HTSP Client: pvr.hts - demux pkt idx 1:1 type I pts 3257777.000000 len 93852
2800
16:40:58.287 T:3534230368 DEBUG: AddOnLog: Tvheadend HTSP Client: pvr.hts - demux read idx :1 pts 3257777.000000 len 93852
2801
16:40:58.287 T:3639599968 DEBUG: AddOnLog: Tvheadend HTSP Client: pvr.hts - receive message [muxpkt]
2802
16:40:58.287 T:3639599968 DEBUG: AddOnLog: Tvheadend HTSP Client: pvr.hts - demux pkt idx 3:3 type _ pts 2057777.000000 len 139
2803
16:40:58.287 T:3534230368 DEBUG: AddOnLog: Tvheadend HTSP Client: pvr.hts - demux read idx :3 pts 2057777.000000 len 139
2804
16:40:58.292 T:3525841760 DEBUG: CAMLCodec::Decode: ret: 2, sz: 93852, dts_in: 3.0578[43300], pts_in: 3.2578[47950], adj:0, ptsOut:2.0578, amlpts:185199, idx:4124115, timesize:0.3200, drain: 0
2805
16:40:58.320 T:3639599968 DEBUG: AddOnLog: Tvheadend HTSP Client: pvr.hts - receive message [muxpkt]
2806
16:40:58.320 T:3639599968 DEBUG: AddOnLog: Tvheadend HTSP Client: pvr.hts - demux pkt idx 3:3 type _ pts 2077777.000000 len 139
2807
16:40:58.321 T:3534230368 DEBUG: AddOnLog: Tvheadend HTSP Client: pvr.hts - demux read idx :3 pts 2077777.000000 len 139
2808
16:40:58.321 T:3639599968 DEBUG: AddOnLog: Tvheadend HTSP Client: pvr.hts - receive message [muxpkt]
2809
16:40:58.321 T:3639599968 DEBUG: AddOnLog: Tvheadend HTSP Client: pvr.hts - demux pkt idx 1:1 type P pts 3277777.000000 len 26276
2810
16:40:58.321 T:3534230368 DEBUG: AddOnLog: Tvheadend HTSP Client: pvr.hts - demux read idx :1 pts 3277777.000000 len 26276
2811
16:40:58.321 T:3639599968 DEBUG: AddOnLog: Tvheadend HTSP Client: pvr.hts - receive message [muxpkt]
2812
16:40:58.321 T:3639599968 DEBUG: AddOnLog: Tvheadend HTSP Client: pvr.hts - demux pkt idx 3:3 type _ pts 2097777.000000 len 139
2813
16:40:58.321 T:3534230368 DEBUG: AddOnLog: Tvheadend HTSP Client: pvr.hts - demux read idx :3 pts 2097777.000000 len 139
2814
16:40:58.326 T:3525841760 DEBUG: CAMLCodec::Decode: ret: 2, sz: 26276, dts_in: 3.0778[43A08], pts_in: 3.2778[48058], adj:0, ptsOut:2.0578, amlpts:185199, idx:4124115, timesize:0.3600, drain: 0
2815
16:40:58.355 T:3639599968 DEBUG: AddOnLog: Tvheadend HTSP Client: pvr.hts - receive message [muxpkt]
2816
16:40:58.355 T:3639599968 DEBUG: AddOnLog: Tvheadend HTSP Client: pvr.hts - demux pkt idx 1:1 type B pts 3177777.000000 len 2422
2817
16:40:58.355 T:3534230368 DEBUG: AddOnLog: Tvheadend HTSP Client: pvr.hts - demux read idx :1 pts 3177777.000000 len 2422
2818
16:40:58.356 T:3639599968 DEBUG: AddOnLog: Tvheadend HTSP Client: pvr.hts - receive message [muxpkt]
2819
16:40:58.356 T:3639599968 DEBUG: AddOnLog: Tvheadend HTSP Client: pvr.hts - demux pkt idx 1:1 type B pts 3197777.000000 len 2515
2820
16:40:58.356 T:3534230368 DEBUG: AddOnLog: Tvheadend HTSP Client: pvr.hts - demux read idx :1 pts 3197777.000000 len 2515
2821
16:40:58.356 T:3639599968 DEBUG: AddOnLog: Tvheadend HTSP Client: pvr.hts - receive message [muxpkt]
2822
16:40:58.356 T:3639599968 DEBUG: AddOnLog: Tvheadend HTSP Client: pvr.hts - demux pkt idx 1:1 type B pts 3137777.000000 len 1945
2823
16:40:58.356 T:3534230368 DEBUG: AddOnLog: Tvheadend HTSP Client: pvr.hts - demux read idx :1 pts 3137777.000000 len 1945
2824
16:40:58.356 T:3639599968 DEBUG: AddOnLog: Tvheadend HTSP Client: pvr.hts - receive message [muxpkt]
2825
16:40:58.356 T:3639599968 DEBUG: AddOnLog: Tvheadend HTSP Client: pvr.hts - demux pkt idx 1:1 type B pts 3157777.000000 len 1847
2826
16:40:58.356 T:3534230368 DEBUG: AddOnLog: Tvheadend HTSP Client: pvr.hts - demux read idx :1 pts 3157777.000000 len 1847
2827
16:40:58.357 T:3639599968 DEBUG: AddOnLog: Tvheadend HTSP Client: pvr.hts - receive message [muxpkt]
2828
16:40:58.357 T:3639599968 DEBUG: AddOnLog: Tvheadend HTSP Client: pvr.hts - demux pkt idx 3:3 type _ pts 2117777.000000 len 139
2829
16:40:58.357 T:3534230368 DEBUG: AddOnLog: Tvheadend HTSP Client: pvr.hts - demux read idx :3 pts 2117777.000000 len 139
2830
16:40:58.357 T:3639599968 DEBUG: AddOnLog: Tvheadend HTSP Client: pvr.hts - receive message [muxpkt]
2831
16:40:58.357 T:3639599968 DEBUG: AddOnLog: Tvheadend HTSP Client: pvr.hts - demux pkt idx 1:1 type B pts 3217777.000000 len 1834
2832
16:40:58.357 T:3534230368 DEBUG: AddOnLog: Tvheadend HTSP Client: pvr.hts - demux read idx :1 pts 3217777.000000 len 1834
2833
16:40:58.357 T:3639599968 DEBUG: AddOnLog: Tvheadend HTSP Client: pvr.hts - receive message [muxpkt]
2834
16:40:58.357 T:3639599968 DEBUG: AddOnLog: Tvheadend HTSP Client: pvr.hts - demux pkt idx 2:2 type _ pts 2001200.000000 len 1024
2835
16:40:58.357 T:3534230368 DEBUG: AddOnLog: Tvheadend HTSP Client: pvr.hts - demux read idx :2 pts 2001200.000000 len 1024
2836
16:40:58.357 T:3639599968 DEBUG: AddOnLog: Tvheadend HTSP Client: pvr.hts - receive message [muxpkt]
2837
16:40:58.357 T:3639599968 DEBUG: AddOnLog: Tvheadend HTSP Client: pvr.hts - demux pkt idx 2:2 type _ pts 2033200.000000 len 1024
2838
16:40:58.357 T:3639599968 DEBUG: AddOnLog: Tvheadend HTSP Client: pvr.hts - receive message [muxpkt]
2839
16:40:58.357 T:3534230368 DEBUG: AddOnLog: Tvheadend HTSP Client: pvr.hts - demux read idx :2 pts 2033200.000000 len 1024
2840
16:40:58.357 T:3639599968 DEBUG: AddOnLog: Tvheadend HTSP Client: pvr.hts - demux pkt idx 2:2 type _ pts 2065200.000000 len 1024
2841
16:40:58.358 T:3639599968 DEBUG: AddOnLog: Tvheadend HTSP Client: pvr.hts - receive message [muxpkt]
2842
16:40:58.358 T:3534230368 DEBUG: AddOnLog: Tvheadend HTSP Client: pvr.hts - demux read idx :2 pts 2065200.000000 len 1024
2843
16:40:58.358 T:3639599968 DEBUG: AddOnLog: Tvheadend HTSP Client: pvr.hts - demux pkt idx 2:2 type _ pts 2097200.000000 len 1024
2844
16:40:58.358 T:3534230368 DEBUG: AddOnLog: Tvheadend HTSP Client: pvr.hts - demux read idx :2 pts 2097200.000000 len 1024
2845
16:40:58.358 T:3639599968 DEBUG: AddOnLog: Tvheadend HTSP Client: pvr.hts - receive message [muxpkt]
2846
16:40:58.358 T:3639599968 DEBUG: AddOnLog: Tvheadend HTSP Client: pvr.hts - demux pkt idx 2:2 type _ pts 2129200.000000 len 1024
2847
16:40:58.358 T:3534230368 DEBUG: AddOnLog: Tvheadend HTSP Client: pvr.hts - demux read idx :2 pts 2129200.000000 len 1024
2848
16:40:58.358 T:3639599968 DEBUG: AddOnLog: Tvheadend HTSP Client: pvr.hts - receive message [muxpkt]
2849
16:40:58.358 T:3639599968 DEBUG: AddOnLog: Tvheadend HTSP Client: pvr.hts - demux pkt idx 1:1 type B pts 3237777.000000 len 1884
2850
16:40:58.358 T:3534230368 DEBUG: AddOnLog: Tvheadend HTSP Client: pvr.hts - demux read idx :1 pts 3237777.000000 len 1884
2851
16:40:58.361 T:3525841760 DEBUG: CAMLCodec::Decode: ret: 2, sz: 2422, dts_in: 3.0978[44110], pts_in: 3.1778[45D30], adj:0, ptsOut:2.0578, amlpts:185199, idx:4124115, timesize:0.4000, drain: 0
2852
16:40:58.366 T:3525841760 DEBUG: CAMLCodec::Decode: ret: 2, sz: 2515, dts_in: 3.1178[44818], pts_in: 3.1978[46438], adj:0, ptsOut:2.0578, amlpts:185199, idx:4124115, timesize:0.4400, drain: 0
2853
16:40:58.372 T:3525841760 DEBUG: CAMLCodec::Decode: ret: 2, sz: 1945, dts_in: 3.1378[44F20], pts_in: 3.1378[44F20], adj:0, ptsOut:2.0578, amlpts:185199, idx:4124115, timesize:0.4800, drain: 0
2854
16:40:58.377 T:3525841760 DEBUG: CAMLCodec::Decode: ret: 6, sz: 1847, dts_in: 3.1578[45628], pts_in: 3.1578[45628], adj:0, ptsOut:2.0778, amlpts:186999, idx:4124116, timesize:0.5200, drain: 0
2855
16:40:58.382 T:3525841760 DEBUG: CAMLCodec::Decode: ret: 6, sz: 1834, dts_in: 3.1778[45D30], pts_in: 3.2178[46B40], adj:0, ptsOut:2.0978, amlpts:188799, idx:4124117, timesize:0.5600, drain: 0
2856
16:40:58.391 T:3639599968 DEBUG: AddOnLog: Tvheadend HTSP Client: pvr.hts - receive message [muxpkt]
2857
16:40:58.391 T:3639599968 DEBUG: AddOnLog: Tvheadend HTSP Client: pvr.hts - demux pkt idx 3:3 type _ pts 2137777.000000 len 139
2858
16:40:58.391 T:3534230368 DEBUG: AddOnLog: Tvheadend HTSP Client: pvr.hts - demux read idx :3 pts 2137777.000000 len 139
2859
16:40:58.392 T:3639599968 DEBUG: AddOnLog: Tvheadend HTSP Client: pvr.hts - receive message [muxpkt]
2860
16:40:58.392 T:3639599968 DEBUG: AddOnLog: Tvheadend HTSP Client: pvr.hts - demux pkt idx 1:1 type P pts 3417777.000000 len 7414
2861
16:40:58.392 T:3534230368 DEBUG: AddOnLog: Tvheadend HTSP Client: pvr.hts - demux read idx :1 pts 3417777.000000 len 7414
2862
16:40:58.392 T:3639599968 DEBUG: AddOnLog: Tvheadend HTSP Client: pvr.hts - receive message [muxpkt]
2863
16:40:58.392 T:3639599968 DEBUG: AddOnLog: Tvheadend HTSP Client: pvr.hts - demux pkt idx 3:3 type _ pts 2157777.000000 len 139
2864
16:40:58.392 T:3534230368 DEBUG: AddOnLog: Tvheadend HTSP Client: pvr.hts - demux read idx :3 pts 2157777.000000 len 139
2865
16:40:58.392 T:3639599968 DEBUG: AddOnLog: Tvheadend HTSP Client: pvr.hts - receive message [muxpkt]
2866
16:40:58.393 T:3639599968 DEBUG: AddOnLog: Tvheadend HTSP Client: pvr.hts - demux pkt idx 1:1 type P pts 3437777.000000 len 11188
2867
16:40:58.393 T:3534230368 DEBUG: AddOnLog: Tvheadend HTSP Client: pvr.hts - demux read idx :1 pts 3437777.000000 len 11188
2868
16:40:58.426 T:3639599968 DEBUG: AddOnLog: Tvheadend HTSP Client: pvr.hts - receive message [muxpkt]
2869
16:40:58.426 T:3639599968 DEBUG: AddOnLog: Tvheadend HTSP Client: pvr.hts - demux pkt idx 1:1 type B pts 3337777.000000 len 2326
2870
16:40:58.426 T:3534230368 DEBUG: AddOnLog: Tvheadend HTSP Client: pvr.hts - demux read idx :1 pts 3337777.000000 len 2326
2871
16:40:58.426 T:3639599968 DEBUG: AddOnLog: Tvheadend HTSP Client: pvr.hts - receive message [muxpkt]
2872
16:40:58.426 T:3639599968 DEBUG: AddOnLog: Tvheadend HTSP Client: pvr.hts - demux pkt idx 1:1 type B pts 3357777.000000 len 2507
2873
16:40:58.426 T:3639599968 DEBUG: AddOnLog: Tvheadend HTSP Client: pvr.hts - receive message [muxpkt]
2874
16:40:58.427 T:3534230368 DEBUG: AddOnLog: Tvheadend HTSP Client: pvr.hts - demux read idx :1 pts 3357777.000000 len 2507
2875
16:40:58.427 T:3639599968 DEBUG: AddOnLog: Tvheadend HTSP Client: pvr.hts - demux pkt idx 3:3 type _ pts 2177777.000000 len 139
2876
16:40:58.427 T:3639599968 DEBUG: AddOnLog: Tvheadend HTSP Client: pvr.hts - receive message [muxpkt]
2877
16:40:58.427 T:3534230368 DEBUG: AddOnLog: Tvheadend HTSP Client: pvr.hts - demux read idx :3 pts 2177777.000000 len 139
2878
16:40:58.427 T:3639599968 DEBUG: AddOnLog: Tvheadend HTSP Client: pvr.hts - demux pkt idx 1:1 type B pts 3297777.000000 len 1774
2879
16:40:58.427 T:3639599968 DEBUG: AddOnLog: Tvheadend HTSP Client: pvr.hts - receive message [muxpkt]
2880
16:40:58.427 T:3534230368 DEBUG: AddOnLog: Tvheadend HTSP Client: pvr.hts - demux read idx :1 pts 3297777.000000 len 1774
2881
16:40:58.427 T:3639599968 DEBUG: AddOnLog: Tvheadend HTSP Client: pvr.hts - demux pkt idx 1:1 type B pts 3317777.000000 len 2294
2882
16:40:58.427 T:3534230368 DEBUG: AddOnLog: Tvheadend HTSP Client: pvr.hts - demux read idx :1 pts 3317777.000000 len 2294
2883
16:40:58.427 T:3639599968 DEBUG: AddOnLog: Tvheadend HTSP Client: pvr.hts - receive message [muxpkt]
2884
16:40:58.427 T:3639599968 DEBUG: AddOnLog: Tvheadend HTSP Client: pvr.hts - demux pkt idx 1:1 type B pts 3377777.000000 len 2649
2885
16:40:58.427 T:3534230368 DEBUG: AddOnLog: Tvheadend HTSP Client: pvr.hts - demux read idx :1 pts 3377777.000000 len 2649
2886
16:40:58.427 T:3639599968 DEBUG: AddOnLog: Tvheadend HTSP Client: pvr.hts - receive message [muxpkt]
2887
16:40:58.428 T:3639599968 DEBUG: AddOnLog: Tvheadend HTSP Client: pvr.hts - demux pkt idx 3:3 type _ pts 2197777.000000 len 139
2888
16:40:58.428 T:3534230368 DEBUG: AddOnLog: Tvheadend HTSP Client: pvr.hts - demux read idx :3 pts 2197777.000000 len 139
2889
16:40:58.428 T:3639599968 DEBUG: AddOnLog: Tvheadend HTSP Client: pvr.hts - receive message [muxpkt]
2890
16:40:58.428 T:3639599968 DEBUG: AddOnLog: Tvheadend HTSP Client: pvr.hts - demux pkt idx 1:1 type B pts 3397777.000000 len 3024
2891
16:40:58.428 T:3534230368 DEBUG: AddOnLog: Tvheadend HTSP Client: pvr.hts - demux read idx :1 pts 3397777.000000 len 3024
2892
16:40:58.463 T:3639599968 DEBUG: AddOnLog: Tvheadend HTSP Client: pvr.hts - receive message [muxpkt]
2893
16:40:58.463 T:3639599968 DEBUG: AddOnLog: Tvheadend HTSP Client: pvr.hts - demux pkt idx 3:3 type _ pts 2217777.000000 len 139
2894
16:40:58.464 T:3534230368 DEBUG: AddOnLog: Tvheadend HTSP Client: pvr.hts - demux read idx :3 pts 2217777.000000 len 139
2895
16:40:58.464 T:3639599968 DEBUG: AddOnLog: Tvheadend HTSP Client: pvr.hts - receive message [muxpkt]
2896
16:40:58.464 T:3639599968 DEBUG: AddOnLog: Tvheadend HTSP Client: pvr.hts - demux pkt idx 1:1 type P pts 3577777.000000 len 11656
2897
16:40:58.464 T:3534230368 DEBUG: AddOnLog: Tvheadend HTSP Client: pvr.hts - demux read idx :1 pts 3577777.000000 len 11656
2898
16:40:58.464 T:3639599968 DEBUG: AddOnLog: Tvheadend HTSP Client: pvr.hts - receive message [muxpkt]
2899
