16:35:46.649 T:3639599968 DEBUG: AddOnLog: Tvheadend HTSP Client: pvr.hts - receive message [channelUpdate]
1637
16:35:48.494 T:3639599968 DEBUG: AddOnLog: Tvheadend HTSP Client: pvr.hts - receive message [dvrEntryUpdate]
1638
16:38:24.880 T:3609695072 DEBUG: Previous line repeats 31 times.
1639
16:38:24.880 T:3609695072 DEBUG: EPG - UpdateFromScraper - updating EPG for channel 'GLENGARA TV 45' from client '2146250725'
1640
16:38:24.880 T:3609695072 DEBUG: AddOnLog: Tvheadend HTSP Client: pvr.hts - get epg channel 2140215536 start 1540964304 stop 1540964304
1641
16:38:24.880 T:3609695072 DEBUG: AddOnLog: Tvheadend HTSP Client: pvr.hts - sending message [getEvents : 35]
1642
16:38:24.880 T:3639599968 DEBUG: AddOnLog: Tvheadend HTSP Client: pvr.hts - received response [35]
1643
16:38:24.881 T:3609695072 DEBUG: AddOnLog: Tvheadend HTSP Client: pvr.hts - get epg channel 2140215536 events 0
1644
16:38:24.881 T:3726246752 DEBUG: CPVRTimers - Update - updating timers
1645
16:38:24.883 T:3726246752 DEBUG: PVRTimers - UpdateEntries - updated timer 1 on client 2146250725
1646
16:38:24.884 T:3726246752 DEBUG: PVRTimers - UpdateEntries - updated timer 1325521870 on client 2146250725
1647
16:38:24.884 T:3726246752 DEBUG: PVRTimers - UpdateEntries - updated timer 1316043131 on client 2146250725
1648
16:38:24.884 T:3726246752 DEBUG: PVRTimers - UpdateEntries - updated timer 1394376593 on client 2146250725
1649
16:38:24.884 T:3726246752 DEBUG: PVRTimers - UpdateEntries - updated timer 198397657 on client 2146250725
1650
16:38:24.884 T:3726246752 DEBUG: PVRTimers - UpdateEntries - updated timer 1742123704 on client 2146250725
1651
16:38:24.884 T:3726246752 DEBUG: PVRTimers - UpdateEntries - updated timer 1497349156 on client 2146250725
1652
16:38:28.629 T:3639599968 DEBUG: AddOnLog: Tvheadend HTSP Client: pvr.hts - receive message [dvrEntryUpdate]
1653
16:40:44.744 T:4096643072 DEBUG: Previous line repeats 27 times.
1654
16:40:44.744 T:4096643072 DEBUG: Keyboard: scancode: 0x6c, sym: 0x0112, unicode: 0x0000, modifier: 0x0
1655
16:40:44.744 T:4096643072 DEBUG: OnKey: down (0xf081) pressed, action is Down
1656
16:40:44.744 T:4061131616 INFO: CActiveAESink::OpenSink - initialize sink
1657
16:40:44.745 T:4061131616 DEBUG: CActiveAESink::OpenSink - trying to open device ALSA:default
1658
16:40:44.745 T:4061131616 INFO: CAESinkALSA::Initialize - Requested layout: FL,FR
1659
16:40:44.745 T:4061131616 INFO: CAESinkALSA::Initialize - set digital_codec 0
1660
16:40:44.745 T:4061131616 DEBUG: CAESinkALSA::Initialize -- unmuting HDMI
1661
16:40:44.745 T:4061131616 INFO: CAESinkALSA::Initialize - Attempting to open device "@:CARD=AMLM8AUDIO,DEV=0"
1662
16:40:44.747 T:4096643072 DEBUG: CDirectoryProvider[special://skin/playlists/recent_unwatched_episodes.xsp]: refreshing..
1663
16:40:44.747 T:3843027808 DEBUG: Thread JobWorker start, auto delete: true
1664
16:40:44.747 T:4096643072 DEBUG: CDirectoryProvider[special://skin/playlists/unwatched_tvshows.xsp]: refreshing..
1665
16:40:44.747 T:3853513568 DEBUG: Thread JobWorker start, auto delete: true
1666
16:40:44.747 T:4096643072 DEBUG: CDirectoryProvider[videodb://tvshows/genres/]: refreshing..
1667
16:40:44.748 T:3584529248 DEBUG: Thread JobWorker start, auto delete: true
1668
16:40:44.748 T:4096643072 DEBUG: CDirectoryProvider[videodb://tvshows/studios/]: refreshing..
1669
16:40:44.751 T:4061131616 INFO: CAESinkALSA::Initialize - Opened device "sysdefault:CARD=AMLM8AUDIO"
1670
16:40:44.752 T:4061131616 INFO: CAESinkALSA::InitializeHW - Your hardware does not support AE_FMT_FLOAT, trying other formats
1671
16:40:44.753 T:4061131616 INFO: CAESinkALSA::InitializeHW - Using data format AE_FMT_S32NE
1672
16:40:44.753 T:4061131616 DEBUG: CAESinkALSA::InitializeHW - Request: periodSize 2048, bufferSize 8192
1673
16:40:44.754 T:4061131616 DEBUG: CAESinkALSA::InitializeHW - Got: periodSize 2048, bufferSize 8192
1674
16:40:44.754 T:4061131616 DEBUG: CAESinkALSA::InitializeHW - Setting timeout to 186 ms
1675
16:40:44.754 T:4061131616 INFO: CAESinkALSA::Initialize - setting default aud_ch to 0
1676
16:40:44.754 T:4061131616 DEBUG: CAESinkALSA::GetChannelLayout - Input Channel Count: 2 Output Channel Count: 2
1677
16:40:44.754 T:4061131616 DEBUG: CAESinkALSA::GetChannelLayout - Requested Layout: FL,FR
1678
16:40:44.754 T:4061131616 DEBUG: CAESinkALSA::GetChannelLayout - Got Layout: FL,FR (ALSA: none) (CEA: 0)
1679
16:40:44.755 T:4061131616 DEBUG: CActiveAESink::OpenSink - ALSA Initialized:
1680
16:40:44.755 T:4061131616 DEBUG: Output Device : Default (AML-M8AUDIO Analog)
1681
16:40:44.755 T:4061131616 DEBUG: Sample Rate : 44100
1682
16:40:44.755 T:4061131616 DEBUG: Sample Format : AE_FMT_S32NE
1683
16:40:44.755 T:4061131616 DEBUG: Channel Count : 2
1684
16:40:44.755 T:4061131616 DEBUG: Channel Layout: FL,FR
1685
16:40:44.755 T:4061131616 DEBUG: Frames : 2048
1686
16:40:44.755 T:4061131616 DEBUG: Frame Size : 8
1687
16:40:44.778 T:3584529248 DEBUG: RunQuery took 4 ms for 4 items query: SELECT genre.genre_id, genre.name FROM genre JOIN genre_link ON genre.genre_id = genre_link.genre_id JOIN tvshow_view ON genre_link.media_id = tvshow_view.idShow AND genre_link.media_type='tvshow' GROUP BY genre.genre_id
1688
16:40:44.783 T:3843027808 DEBUG: RunQuery took 3 ms for 3 items query: select * from episode_view WHERE ((episode_view.dateAdded > '1900-01-01')) AND ((episode_view.playCount IS NULL OR episode_view.playCount < 1))
1689
16:40:44.791 T:3853513568 DEBUG: RunQuery took 8 ms for 1 items query: SELECT * FROM tvshow_view WHERE ((tvshow_view.watchedcount = 0)) AND ((tvshow_view.totalCount > 0))
1690
16:40:44.835 T:3584529248 DEBUG: RunQuery took 4 ms for 6 items query: SELECT studio.studio_id, studio.name FROM studio JOIN studio_link ON studio.studio_id = studio_link.studio_id JOIN tvshow_view ON studio_link.media_id = tvshow_view.idShow AND studio_link.media_type='tvshow' GROUP BY studio.studio_id
1691
16:40:44.852 T:4005552992 DEBUG: Thread JobWorker start, auto delete: true
1692
16:40:44.876 T:3584529248 DEBUG: ffmpeg[D5A79360]: [swscaler] No accelerated colorspace conversion found from yuv420p to bgra.
1693
16:40:44.907 T:4096643072 DEBUG: [Warning] CGUITextureManager::GetTexturePath: could not find texture 'DefaultStudio.png'
1694
16:40:45.004 T:4096643072 DEBUG: Previous line repeats 5 times.
1695
16:40:45.004 T:4096643072 DEBUG: Keyboard: scancode: 0x6c, sym: 0x0112, unicode: 0x0000, modifier: 0x0
1696
16:40:45.384 T:4096643072 DEBUG: Previous line repeats 1 times.
1697
16:40:45.384 T:4096643072 DEBUG: OnKey: down (0xf081) pressed, action is Down
1698
16:40:45.386 T:4096643072 DEBUG: CDirectoryProvider[musicdb://recentlyaddedalbums/]: refreshing..
1699
16:40:45.387 T:4096643072 DEBUG: CDirectoryProvider[special://skin/playlists/random_albums.xsp]: refreshing..
1700
16:40:45.387 T:4096643072 DEBUG: CDirectoryProvider[special://skin/playlists/random_artists.xsp]: refreshing..
1701
16:40:45.387 T:4096643072 DEBUG: CDirectoryProvider[special://skin/playlists/unplayed_albums.xsp]: refreshing..
1702
16:40:45.401 T:3843027808 DEBUG: GetRecentlyAddedAlbums query: SELECT albumview.*, albumartistview.* FROM (SELECT idAlbum FROM album WHERE strAlbum != '' ORDER BY idAlbum DESC LIMIT 25) AS recentalbums JOIN albumview ON albumview.idAlbum = recentalbums.idAlbum JOIN albumartistview ON albumview.idAlbum = albumartistview.idAlbum ORDER BY albumview.idAlbum desc, albumartistview.iOrder
1703
16:40:45.404 T:3584529248 DEBUG: GetAlbumsByWhere query: SELECT albumview.* FROM albumview WHERE albumview.strReleaseType = 'album'
1704
16:40:45.406 T:4005552992 DEBUG: GetArtistsByWhere query: SELECT artistview.* FROM artistview WHERE ((EXISTS (SELECT 1 FROM song_artist WHERE song_artist.idArtist = artistview.idArtist AND song_artist.idRole = 1) OR EXISTS (SELECT 1 FROM album_artist WHERE album_artist.idArtist = artistview.idArtist)) AND (artistview.strArtist != '')) AND (artistview.strArtist <> 'Various artists')
1705
16:40:45.429 T:3584529248 DEBUG: GetAlbumsByWhere - query took 24 ms
1706
16:40:45.454 T:4005552992 DEBUG: Time to retrieve artists from dataset = 50
1707
16:40:45.468 T:3843027808 DEBUG: GetAlbumsByWhere query: SELECT albumview.* FROM albumview WHERE (((CAST(albumview.iTimesPlayed as DECIMAL(5,1)) = 0))) AND (albumview.strReleaseType = 'album')
1708
16:40:45.496 T:3843027808 DEBUG: GetAlbumsByWhere - query took 29 ms
1709
16:40:45.502 T:3853513568 DEBUG: CSMBFile::Open - opened smb://NAS/Music/The Irish Ramblers/The Irish National Anthem (A Soldier's S/10 Amhrán Na Bhfiann - Long Version.m4a, fd=10001
1710
16:40:45.520 T:3584529248 DEBUG: ffmpeg[D5A79360]: [swscaler] No accelerated colorspace conversion found from yuv420p to bgra.
1711
16:40:45.531 T:4005552992 DEBUG: CSMBFile::Open - opened smb://NAS/Music/Compilations/The Very Best of Celtic Thunder/20 Ireland's Call.m4a, fd=10002
1712
16:40:45.545 T:3843027808 DEBUG: ffmpeg[E50FF360]: [swscaler] No accelerated colorspace conversion found from yuv420p to bgra.
1713
16:40:45.551 T:3584529248 DEBUG: ffmpeg[D5A79360]: [swscaler] No accelerated colorspace conversion found from yuv420p to bgra.
1714
16:40:45.568 T:3843027808 DEBUG: ffmpeg[E50FF360]: [swscaler] No accelerated colorspace conversion found from yuv420p to bgra.
1715
16:40:45.625 T:3584529248 DEBUG: Previous line repeats 1 times.
1716
16:40:45.625 T:3584529248 DEBUG: ffmpeg[D5A79360]: [swscaler] No accelerated colorspace conversion found from yuv420p to bgra.
1717
16:40:45.655 T:3843027808 DEBUG: ffmpeg[E50FF360]: [swscaler] No accelerated colorspace conversion found from yuv420p to bgra.
1718
16:40:45.664 T:4096643072 DEBUG: Keyboard: scancode: 0x6c, sym: 0x0112, unicode: 0x0000, modifier: 0x0
1719
16:40:45.664 T:3584529248 DEBUG: ffmpeg[D5A79360]: [swscaler] No accelerated colorspace conversion found from yuv420p to bgra.
1720
16:40:45.701 T:3843027808 DEBUG: ffmpeg[E50FF360]: [swscaler] No accelerated colorspace conversion found from yuv420p to bgra.
1721
16:40:45.736 T:3584529248 DEBUG: Previous line repeats 1 times.
1722
16:40:45.736 T:3584529248 DEBUG: ffmpeg[D5A79360]: [swscaler] No accelerated colorspace conversion found from yuv420p to bgra.
1723
16:40:45.740 T:3843027808 DEBUG: ffmpeg[E50FF360]: [swscaler] No accelerated colorspace conversion found from yuv420p to bgra.
1724
16:40:45.819 T:3853513568 DEBUG: CSMBFile::Close closing fd 10001
1725
16:40:45.842 T:4005552992 DEBUG: CSMBFile::Close closing fd 10002
1726
16:40:46.163 T:4005552992 DEBUG: Caching image 'smb://NAS/Music/Compilations/The Very Best of Celtic Thunder/20 Ireland's Call.m4a' to '5/5f8c61e7.jpg':
1727
16:40:46.163 T:3853513568 DEBUG: Caching image 'smb://NAS/Music/The Irish Ramblers/The Irish National Anthem (A Soldier's S/10 Amhrán Na Bhfiann - Long Version.m4a' to '3/34aafbbb.jpg':
1728
16:40:46.224 T:4096643072 DEBUG: Keyboard: scancode: 0x6c, sym: 0x0112, unicode: 0x0000, modifier: 0x0
1729
16:40:46.224 T:4096643072 DEBUG: OnKey: down (0xf081) pressed, action is Down
1730
16:40:46.227 T:4096643072 DEBUG: CDirectoryProvider[pvr://channels/tv/*?view=lastplayed]: refreshing..
1731
16:40:46.227 T:4096643072 DEBUG: CDirectoryProvider[pvr://recordings/tv/active?view=flat]: refreshing..
1732
16:40:46.228 T:3584529248 DEBUG: CPVRDirectory::GetDirectory(pvr://channels/tv/*?view=lastplayed)
1733
16:40:46.256 T:3584529248 DEBUG: CPVRDirectory::GetDirectory(pvr://recordings/tv/active?view=flat)
1734
16:40:46.504 T:4096643072 DEBUG: Keyboard: scancode: 0x6c, sym: 0x0112, unicode: 0x0000, modifier: 0x0
1735
16:40:46.572 T:4005552992 DEBUG: cached image 'special://masterprofile/Thumbnails/5/5f8c61e7.jpg' size 725x720
1736
16:40:46.612 T:3853513568 DEBUG: cached image 'special://masterprofile/Thumbnails/3/34aafbbb.jpg' size 720x720
1737
16:40:48.404 T:4096643072 DEBUG: Keyboard: scancode: 0x6a, sym: 0x0113, unicode: 0x0000, modifier: 0x0
1738
16:40:48.404 T:4096643072 DEBUG: OnKey: right (0xf083) pressed, action is Right
1739
16:40:48.740 T:3639599968 DEBUG: AddOnLog: Tvheadend HTSP Client: pvr.hts - receive message [dvrEntryUpdate]
1740
16:40:48.764 T:4096643072 DEBUG: Keyboard: scancode: 0x6a, sym: 0x0113, unicode: 0x0000, modifier: 0x0
1741
16:40:50.524 T:4096643072 DEBUG: Keyboard: scancode: 0x6c, sym: 0x0112, unicode: 0x0000, modifier: 0x0
1742
16:40:50.524 T:4096643072 DEBUG: OnKey: down (0xf081) pressed, action is Down
1743
16:40:50.764 T:4096643072 DEBUG: Keyboard: scancode: 0x6c, sym: 0x0112, unicode: 0x0000, modifier: 0x0
1744
16:40:51.644 T:4096643072 DEBUG: Keyboard: scancode: 0x6a, sym: 0x0113, unicode: 0x0000, modifier: 0x0
1745
16:40:51.644 T:4096643072 DEBUG: OnKey: right (0xf083) pressed, action is Right
1746
16:40:51.884 T:4096643072 DEBUG: Keyboard: scancode: 0x6a, sym: 0x0113, unicode: 0x0000, modifier: 0x0
1747
16:40:53.773 T:3639599968 DEBUG: AddOnLog: Tvheadend HTSP Client: pvr.hts - receive message [dvrEntryUpdate]
1748
16:40:54.644 T:4096643072 DEBUG: Keyboard: scancode: 0x1c, sym: 0x000d, unicode: 0x0000, modifier: 0x0
1749
16:40:54.884 T:4096643072 DEBUG: OnKey: return (0xf00d) pressed, action is Select
1750
16:40:54.896 T:4096643072 DEBUG: Loading settings for pvr://channels/tv/All channels/pvr.hts_365774006.pvr
1751
16:40:54.904 T:4096643072 DEBUG: Radio UECP (RDS) Processor - new CDVDRadioRDSData
1752
16:40:54.904 T:4096643072 NOTICE: VideoPlayer: Opening: pvr://channels/tv/All channels/pvr.hts_365774006.pvr
1753
16:40:54.904 T:4096643072 WARNING: CDVDMessageQueue(player)::Put MSGQ_NOT_INITIALIZED
1754
16:40:54.904 T:4096643072 DEBUG: LinuxRendererGL: Cleaning up GL resources
1755
16:40:54.905 T:3534230368 DEBUG: Thread VideoPlayer start, auto delete: false
1756
16:40:54.905 T:3534230368 NOTICE: Creating InputStream
1757
16:40:54.906 T:3534230368 DEBUG: PVRManager - OpenLiveStream - opening live stream on channel 'PRIME7 HD Central Coast'
1758
16:40:54.906 T:3534230368 DEBUG: opening live stream for channel 'PRIME7 HD Central Coast'
1759
16:40:54.907 T:3534230368 DEBUG: AddOnLog: Tvheadend HTSP Client: pvr.hts - demux open
1760
16:40:54.907 T:3534230368 DEBUG: AddOnLog: Tvheadend HTSP Client: pvr.hts - demux flush
1761
16:40:54.909 T:3534230368 DEBUG: AddOnLog: Tvheadend HTSP Client: pvr.hts - demux subscribe to 365774006
1762
16:40:54.909 T:3534230368 DEBUG: AddOnLog: Tvheadend HTSP Client: pvr.hts - sending message [subscribe : 36]
1763
16:40:54.910 T:3639599968 DEBUG: AddOnLog: Tvheadend HTSP Client: pvr.hts - received response [36]
1764
16:40:54.910 T:3534230368 DEBUG: AddOnLog: Tvheadend HTSP Client: pvr.hts - demux successfully subscribed to channel id 365774006, subscription id 1
1765
16:40:54.910 T:3639599968 DEBUG: AddOnLog: Tvheadend HTSP Client: pvr.hts - receive message [subscriptionGrace]
1766
16:40:54.911 T:3639599968 DEBUG: AddOnLog: Tvheadend HTSP Client: pvr.hts - demux unhandled subscription message [subscriptionGrace]
1767
16:40:55.052 T:3534230368 DEBUG: CDVDInputStreamPVRManager - Open - playback has started on filename pvr://channels/tv/All channels/pvr.hts_365774006.pvr
1768
16:40:55.053 T:3534230368 DEBUG: CDVDInputStreamPVRManager::Open - stream opened: pvr://channels/tv/All channels/pvr.hts_365774006.pvr
1769
16:40:55.053 T:3534230368 NOTICE: Creating Demuxer
1770
16:40:55.054 T:3534230368 DEBUG: OnPlayBackStarted: play state was 1, starting 1
1771
16:40:55.054 T:3534230368 DEBUG: CVideoPlayer::SetCaching - caching state 2
1772
16:40:55.054 T:3534230368 DEBUG: CDVDClock::SetSpeedAdjust - adjusted:0.000000
1773
16:40:55.054 T:4096643072 DEBUG: PlayFile: OpenFile succeed, play state 2
1774
16:40:55.054 T:4096643072 DEBUG: OnPlayBackStarted: play state was 2, starting 0
1775
16:40:55.055 T:4096643072 DEBUG: Keyboard: scancode: 0x1c, sym: 0x000d, unicode: 0x0000, modifier: 0x0
1776
16:40:55.084 T:4092748640 DEBUG: CAnnouncementManager - Announcement: OnPlay from xbmc
1777
16:40:55.084 T:3584529248 DEBUG: CGUIInfoManager::SetCurrentMovie(pvr://channels/tv/All channels/pvr.hts_365774006.pvr)
1778
16:40:55.084 T:4092748640 DEBUG: GOT ANNOUNCEMENT, type: 1, from xbmc, message OnPlay
1779
16:40:55.085 T:4096643072 DEBUG: CDirectoryProvider[pvr://channels/tv/*?view=lastplayed]: refreshing..
1780
16:40:55.087 T:3853513568 DEBUG: CPVRDirectory::GetDirectory(pvr://channels/tv/*?view=lastplayed)
1781
16:40:55.910 T:3639599968 DEBUG: AddOnLog: Tvheadend HTSP Client: pvr.hts - receive message [timeshiftStatus]
1782
16:40:55.910 T:3639599968 DEBUG: AddOnLog: Tvheadend HTSP Client: pvr.hts - timeshiftStatus:
1783
16:40:55.910 T:3639599968 DEBUG: AddOnLog: Tvheadend HTSP Client: pvr.hts - full : 0
1784
16:40:55.910 T:3639599968 DEBUG: AddOnLog: Tvheadend HTSP Client: pvr.hts - shift : 0
1785
16:40:55.911 T:3639599968 DEBUG: AddOnLog: Tvheadend HTSP Client: pvr.hts - receive message [subscriptionStatus]
1786
16:40:56.000 T:3639599968 DEBUG: AddOnLog: Tvheadend HTSP Client: pvr.hts - receive message [channelUpdate]
1787
16:40:56.055 T:3534230368 DEBUG: AddOnLog: Tvheadend HTSP Client: pvr.hts - demux read nothing
1788
16:40:56.872 T:3639599968 DEBUG: AddOnLog: Tvheadend HTSP Client: pvr.hts - receive message [signalStatus]
1789
16:40:56.872 T:3639599968 DEBUG: AddOnLog: Tvheadend HTSP Client: pvr.hts - signalStatus:
1790
16:40:56.872 T:3639599968 DEBUG: AddOnLog: Tvheadend HTSP Client: pvr.hts - status : GOOD
1791
16:40:56.872 T:3639599968 DEBUG: AddOnLog: Tvheadend HTSP Client: pvr.hts - ber : 0
1792
16:40:56.872 T:3639599968 DEBUG: AddOnLog: Tvheadend HTSP Client: pvr.hts - unc : 0
1793
16:40:56.911 T:3639599968 DEBUG: AddOnLog: Tvheadend HTSP Client: pvr.hts - receive message [timeshiftStatus]
1794
16:40:56.911 T:3639599968 DEBUG: AddOnLog: Tvheadend HTSP Client: pvr.hts - timeshiftStatus:
1795
16:40:56.911 T:3639599968 DEBUG: AddOnLog: Tvheadend HTSP Client: pvr.hts - full : 0
1796
16:40:56.911 T:3639599968 DEBUG: AddOnLog: Tvheadend HTSP Client: pvr.hts - shift : 0
1797
16:40:57.000 T:3639599968 DEBUG: AddOnLog: Tvheadend HTSP Client: pvr.hts - receive message [channelUpdate]
1798
16:40:57.055 T:3534230368 DEBUG: AddOnLog: Tvheadend HTSP Client: pvr.hts - demux read nothing
1799
16:40:57.059 T:3639599968 DEBUG: AddOnLog: Tvheadend HTSP Client: pvr.hts - receive message [subscriptionStart]
1800
16:40:57.059 T:3639599968 DEBUG: AddOnLog: Tvheadend HTSP Client: pvr.hts - demux subscription start
1801
16:40:57.061 T:3639599968 DEBUG: AddOnLog: Tvheadend HTSP Client: pvr.hts - id: 1, type H264, codec: 28
1802
16:40:57.061 T:3639599968 DEBUG: AddOnLog: Tvheadend HTSP Client: pvr.hts - demux subscription start
1803
16:40:57.061 T:3639599968 DEBUG: AddOnLog: Tvheadend HTSP Client: pvr.hts - id: 2, type AC3, codec: 86019
1804
16:40:57.061 T:3639599968 DEBUG: AddOnLog: Tvheadend HTSP Client: pvr.hts - demux subscription start
1805
16:40:57.061 T:3639599968 DEBUG: AddOnLog: Tvheadend HTSP Client: pvr.hts - id: 3, type TELETEXT, codec: 94215
1806
16:40:57.061 T:3639599968 DEBUG: AddOnLog: Tvheadend HTSP Client: pvr.hts - demux subscription start
1807
16:40:57.062 T:3639599968 DEBUG: AddOnLog: Tvheadend HTSP Client: pvr.hts - id: 4, type TEXTSUB, codec: 94210
1808
16:40:57.062 T:3639599968 DEBUG: AddOnLog: Tvheadend HTSP Client: pvr.hts - demux stream change
1809
16:40:57.062 T:3534230368 DEBUG: AddOnLog: Tvheadend HTSP Client: pvr.hts - demux read idx :-11 pts 18442240474082181120.000000 len 0
1810
16:40:57.062 T:3639599968 DEBUG: AddOnLog: Tvheadend HTSP Client: pvr.hts - demux sourceInfo:
1811
16:40:57.062 T:3639599968 DEBUG: AddOnLog: Tvheadend HTSP Client: pvr.hts - mux : 655.5MHz
1812
16:40:57.062 T:3639599968 DEBUG: AddOnLog: Tvheadend HTSP Client: pvr.hts - adapter : DiBcom 7000PC #0 : DVB-T #0
1813
16:40:57.062 T:3639599968 DEBUG: AddOnLog: Tvheadend HTSP Client: pvr.hts - network : DVB-T Network
1814
16:40:57.062 T:3639599968 DEBUG: AddOnLog: Tvheadend HTSP Client: pvr.hts - provider : PRIME
1815
16:40:57.062 T:3639599968 DEBUG: AddOnLog: Tvheadend HTSP Client: pvr.hts - service : PRIME7 HD Central Coast
1816
16:40:57.062 T:3534230368 DEBUG: CDVDDemuxClient::RequestStreams(): added/updated stream 1 with codec_id 28
1817
16:40:57.063 T:3534230368 DEBUG: CDVDDemuxClient::RequestStreams(): added/updated stream 2 with codec_id 86019
1818
16:40:57.063 T:3639599968 DEBUG: AddOnLog: Tvheadend HTSP Client: pvr.hts - receive message [queueStatus]
1819
16:40:57.063 T:3534230368 DEBUG: CDVDDemuxClient::RequestStreams(): added/updated stream 3 with codec_id 94215
1820
16:40:57.063 T:3534230368 DEBUG: CDVDDemuxClient::RequestStreams(): added/updated stream 4 with codec_id 94210
1821
16:40:57.063 T:3639599968 DEBUG: AddOnLog: Tvheadend HTSP Client: pvr.hts - stream stats:
1822
16:40:57.063 T:3639599968 DEBUG: AddOnLog: Tvheadend HTSP Client: pvr.hts - idx:1 num:0
1823
16:40:57.063 T:3639599968 DEBUG: AddOnLog: Tvheadend HTSP Client: pvr.hts - idx:2 num:0
1824
16:40:57.063 T:3639599968 DEBUG: AddOnLog: Tvheadend HTSP Client: pvr.hts - idx:3 num:0
1825
16:40:57.063 T:3639599968 DEBUG: AddOnLog: Tvheadend HTSP Client: pvr.hts - idx:4 num:0
1826
16:40:57.063 T:3534230368 NOTICE: Opening stream: 1 source: 256
1827
16:40:57.063 T:3639599968 DEBUG: AddOnLog: Tvheadend HTSP Client: pvr.hts - queue stats:
1828
16:40:57.063 T:3639599968 DEBUG: AddOnLog: Tvheadend HTSP Client: pvr.hts - pkts 1
1829
16:40:57.063 T:3639599968 DEBUG: AddOnLog: Tvheadend HTSP Client: pvr.hts - bytes 139
1830
16:40:57.063 T:3534230368 NOTICE: Creating video codec with codec id: 28
1831
16:40:57.063 T:3639599968 DEBUG: AddOnLog: Tvheadend HTSP Client: pvr.hts - delay 0
1832
16:40:57.063 T:3534230368 DEBUG: FactoryCodec - Video: amcodec - Opening
1833
16:40:57.063 T:3639599968 DEBUG: AddOnLog: Tvheadend HTSP Client: pvr.hts - Idrop 0
1834
16:40:57.064 T:3639599968 DEBUG: AddOnLog: Tvheadend HTSP Client: pvr.hts - Pdrop 0
1835
16:40:57.064 T:3639599968 DEBUG: AddOnLog: Tvheadend HTSP Client: pvr.hts - Bdrop 0
1836
16:40:57.064 T:3639599968 DEBUG: AddOnLog: Tvheadend HTSP Client: pvr.hts - receive message [muxpkt]
1837
16:40:57.064 T:3639599968 DEBUG: AddOnLog: Tvheadend HTSP Client: pvr.hts - demux pkt idx 3:3 type _ pts 17777.000000 len 139
1838
16:40:57.064 T:3534230368 DEBUG: SECTION:LoadDLL(libamplayer.so)
1839
16:40:57.064 T:3639599968 DEBUG: AddOnLog: Tvheadend HTSP Client: pvr.hts - receive message [muxpkt]
1840
16:40:57.065 T:3639599968 DEBUG: AddOnLog: Tvheadend HTSP Client: pvr.hts - demux pkt idx 2:2 type _ pts 17200.000000 len 1024
1841
16:40:57.065 T:3639599968 DEBUG: AddOnLog: Tvheadend HTSP Client: pvr.hts - receive message [muxpkt]
1842
16:40:57.065 T:3639599968 DEBUG: AddOnLog: Tvheadend HTSP Client: pvr.hts - demux pkt idx 2:2 type _ pts 49200.000000 len 1024
1843
16:40:57.065 T:3639599968 DEBUG: AddOnLog: Tvheadend HTSP Client: pvr.hts - receive message [muxpkt]
1844
16:40:57.065 T:3639599968 DEBUG: AddOnLog: Tvheadend HTSP Client: pvr.hts - demux pkt idx 3:3 type _ pts 37777.000000 len 139
1845
16:40:57.065 T:3639599968 DEBUG: AddOnLog: Tvheadend HTSP Client: pvr.hts - receive message [muxpkt]
1846
16:40:57.065 T:3639599968 DEBUG: AddOnLog: Tvheadend HTSP Client: pvr.hts - demux pkt idx 3:3 type _ pts 57777.000000 len 139
1847
16:40:57.065 T:3639599968 DEBUG: AddOnLog: Tvheadend HTSP Client: pvr.hts - receive message [muxpkt]
1848
16:40:57.065 T:3639599968 DEBUG: AddOnLog: Tvheadend HTSP Client: pvr.hts - demux pkt idx 3:3 type _ pts 77777.000000 len 139
1849
16:40:57.065 T:3639599968 DEBUG: AddOnLog: Tvheadend HTSP Client: pvr.hts - receive message [muxpkt]
1850
16:40:57.065 T:3639599968 DEBUG: AddOnLog: Tvheadend HTSP Client: pvr.hts - demux pkt idx 3:3 type _ pts 97777.000000 len 139
1851
16:40:57.065 T:3639599968 DEBUG: AddOnLog: Tvheadend HTSP Client: pvr.hts - receive message [muxpkt]
1852
16:40:57.065 T:3639599968 DEBUG: AddOnLog: Tvheadend HTSP Client: pvr.hts - demux pkt idx 3:3 type _ pts 117777.000000 len 139
1853
16:40:57.065 T:3639599968 DEBUG: AddOnLog: Tvheadend HTSP Client: pvr.hts - receive message [muxpkt]
1854
16:40:57.066 T:3639599968 DEBUG: AddOnLog: Tvheadend HTSP Client: pvr.hts - demux pkt idx 3:3 type _ pts 137777.000000 len 139
1855
16:40:57.066 T:3639599968 DEBUG: AddOnLog: Tvheadend HTSP Client: pvr.hts - receive message [muxpkt]
1856
16:40:57.066 T:3639599968 DEBUG: AddOnLog: Tvheadend HTSP Client: pvr.hts - demux pkt idx 3:3 type _ pts 157777.000000 len 139
1857
16:40:57.066 T:3639599968 DEBUG: AddOnLog: Tvheadend HTSP Client: pvr.hts - receive message [muxpkt]
1858
16:40:57.066 T:3639599968 DEBUG: AddOnLog: Tvheadend HTSP Client: pvr.hts - demux pkt idx 3:3 type _ pts 177777.000000 len 139
1859
16:40:57.066 T:3639599968 DEBUG: AddOnLog: Tvheadend HTSP Client: pvr.hts - receive message [muxpkt]
1860
16:40:57.066 T:3639599968 DEBUG: AddOnLog: Tvheadend HTSP Client: pvr.hts - demux pkt idx 2:2 type _ pts 81200.000000 len 1024
1861
16:40:57.066 T:3639599968 DEBUG: AddOnLog: Tvheadend HTSP Client: pvr.hts - receive message [muxpkt]
1862
16:40:57.066 T:3639599968 DEBUG: AddOnLog: Tvheadend HTSP Client: pvr.hts - demux pkt idx 2:2 type _ pts 113200.000000 len 1024
1863
16:40:57.066 T:3639599968 DEBUG: AddOnLog: Tvheadend HTSP Client: pvr.hts - receive message [muxpkt]
1864
16:40:57.066 T:3639599968 DEBUG: AddOnLog: Tvheadend HTSP Client: pvr.hts - demux pkt idx 2:2 type _ pts 145200.000000 len 1024
1865
16:40:57.066 T:3639599968 DEBUG: AddOnLog: Tvheadend HTSP Client: pvr.hts - receive message [muxpkt]
1866
16:40:57.066 T:3639599968 DEBUG: AddOnLog: Tvheadend HTSP Client: pvr.hts - demux pkt idx 2:2 type _ pts 177200.000000 len 1024
1867
16:40:57.066 T:3639599968 DEBUG: AddOnLog: Tvheadend HTSP Client: pvr.hts - receive message [muxpkt]
1868
16:40:57.067 T:3639599968 DEBUG: AddOnLog: Tvheadend HTSP Client: pvr.hts - demux pkt idx 2:2 type _ pts 209200.000000 len 1024
1869
16:40:57.067 T:3639599968 DEBUG: AddOnLog: Tvheadend HTSP Client: pvr.hts - receive message [muxpkt]
1870
16:40:57.067 T:3639599968 DEBUG: AddOnLog: Tvheadend HTSP Client: pvr.hts - demux pkt idx 3:3 type _ pts 197777.000000 len 139
1871
16:40:57.067 T:3639599968 DEBUG: AddOnLog: Tvheadend HTSP Client: pvr.hts - receive message [muxpkt]
1872
16:40:57.067 T:3639599968 DEBUG: AddOnLog: Tvheadend HTSP Client: pvr.hts - demux pkt idx 3:3 type _ pts 217777.000000 len 139
1873
16:40:57.067 T:3639599968 DEBUG: AddOnLog: Tvheadend HTSP Client: pvr.hts - receive message [muxpkt]
1874
16:40:57.067 T:3639599968 DEBUG: AddOnLog: Tvheadend HTSP Client: pvr.hts - demux pkt idx 3:3 type _ pts 237777.000000 len 139
1875
16:40:57.067 T:3639599968 DEBUG: AddOnLog: Tvheadend HTSP Client: pvr.hts - receive message [muxpkt]
1876
16:40:57.067 T:3534230368 DEBUG: Loading: libamplayer.so
1877
16:40:57.067 T:3639599968 DEBUG: AddOnLog: Tvheadend HTSP Client: pvr.hts - demux pkt idx 3:3 type _ pts 257777.000000 len 139
1878
16:40:57.067 T:3639599968 DEBUG: AddOnLog: Tvheadend HTSP Client: pvr.hts - receive message [muxpkt]
1879
16:40:57.067 T:3639599968 DEBUG: AddOnLog: Tvheadend HTSP Client: pvr.hts - demux pkt idx 3:3 type _ pts 277777.000000 len 139
1880
16:40:57.067 T:3639599968 DEBUG: AddOnLog: Tvheadend HTSP Client: pvr.hts - receive message [muxpkt]
1881
16:40:57.067 T:3639599968 DEBUG: AddOnLog: Tvheadend HTSP Client: pvr.hts - demux pkt idx 3:3 type _ pts 297777.000000 len 139
1882
16:40:57.067 T:3639599968 DEBUG: AddOnLog: Tvheadend HTSP Client: pvr.hts - receive message [muxpkt]
1883
16:40:57.068 T:3639599968 DEBUG: AddOnLog: Tvheadend HTSP Client: pvr.hts - demux pkt idx 3:3 type _ pts 317777.000000 len 139
1884
16:40:57.068 T:3639599968 DEBUG: AddOnLog: Tvheadend HTSP Client: pvr.hts - receive message [muxpkt]
1885
16:40:57.068 T:3639599968 DEBUG: AddOnLog: Tvheadend HTSP Client: pvr.hts - demux pkt idx 3:3 type _ pts 337777.000000 len 139
1886
16:40:57.068 T:3639599968 DEBUG: AddOnLog: Tvheadend HTSP Client: pvr.hts - receive message [muxpkt]
1887
16:40:57.068 T:3639599968 DEBUG: AddOnLog: Tvheadend HTSP Client: pvr.hts - demux pkt idx 3:3 type _ pts 357777.000000 len 139
1888
16:40:57.068 T:3639599968 DEBUG: AddOnLog: Tvheadend HTSP Client: pvr.hts - receive message [muxpkt]
1889
16:40:57.068 T:3639599968 DEBUG: AddOnLog: Tvheadend HTSP Client: pvr.hts - demux pkt idx 2:2 type _ pts 241200.000000 len 1024
1890
16:40:57.068 T:3639599968 DEBUG: AddOnLog: Tvheadend HTSP Client: pvr.hts - receive message [muxpkt]
1891
16:40:57.068 T:3639599968 DEBUG: AddOnLog: Tvheadend HTSP Client: pvr.hts - demux pkt idx 2:2 type _ pts 273200.000000 len 1024
1892
16:40:57.068 T:3639599968 DEBUG: AddOnLog: Tvheadend HTSP Client: pvr.hts - receive message [muxpkt]
1893
16:40:57.068 T:3639599968 DEBUG: AddOnLog: Tvheadend HTSP Client: pvr.hts - demux pkt idx 2:2 type _ pts 305200.000000 len 1024
1894
16:40:57.069 T:3639599968 DEBUG: AddOnLog: Tvheadend HTSP Client: pvr.hts - receive message [muxpkt]
1895
16:40:57.069 T:3639599968 DEBUG: AddOnLog: Tvheadend HTSP Client: pvr.hts - demux pkt idx 2:2 type _ pts 337200.000000 len 1024
1896
16:40:57.069 T:3639599968 DEBUG: AddOnLog: Tvheadend HTSP Client: pvr.hts - receive message [muxpkt]
1897
16:40:57.069 T:3639599968 DEBUG: AddOnLog: Tvheadend HTSP Client: pvr.hts - demux pkt idx 2:2 type _ pts 369200.000000 len 1024
1898
16:40:57.069 T:3639599968 DEBUG: AddOnLog: Tvheadend HTSP Client: pvr.hts - receive message [muxpkt]
1899
16:40:57.069 T:3639599968 DEBUG: AddOnLog: Tvheadend HTSP Client: pvr.hts - demux pkt idx 3:3 type _ pts 377777.000000 len 139
1900
16:40:57.069 T:3639599968 DEBUG: AddOnLog: Tvheadend HTSP Client: pvr.hts - receive message [muxpkt]
1901
16:40:57.069 T:3639599968 DEBUG: AddOnLog: Tvheadend HTSP Client: pvr.hts - demux pkt idx 3:3 type _ pts 397777.000000 len 139
1902
16:40:57.069 T:3639599968 DEBUG: AddOnLog: Tvheadend HTSP Client: pvr.hts - receive message [muxpkt]
1903
16:40:57.069 T:3639599968 DEBUG: AddOnLog: Tvheadend HTSP Client: pvr.hts - demux pkt idx 3:3 type _ pts 417777.000000 len 139
1904
16:40:57.069 T:3639599968 DEBUG: AddOnLog: Tvheadend HTSP Client: pvr.hts - receive message [muxpkt]
1905
16:40:57.069 T:3639599968 DEBUG: AddOnLog: Tvheadend HTSP Client: pvr.hts - demux pkt idx 3:3 type _ pts 437777.000000 len 139
1906
16:40:57.069 T:3639599968 DEBUG: AddOnLog: Tvheadend HTSP Client: pvr.hts - receive message [muxpkt]
1907
16:40:57.070 T:3639599968 DEBUG: AddOnLog: Tvheadend HTSP Client: pvr.hts - demux pkt idx 3:3 type _ pts 457777.000000 len 139
1908
16:40:57.070 T:3639599968 DEBUG: AddOnLog: Tvheadend HTSP Client: pvr.hts - receive message [muxpkt]
1909
16:40:57.070 T:3639599968 DEBUG: AddOnLog: Tvheadend HTSP Client: pvr.hts - demux pkt idx 3:3 type _ pts 477777.000000 len 139
1910
16:40:57.070 T:3639599968 DEBUG: AddOnLog: Tvheadend HTSP Client: pvr.hts - receive message [muxpkt]
1911
16:40:57.070 T:3639599968 DEBUG: AddOnLog: Tvheadend HTSP Client: pvr.hts - demux pkt idx 3:3 type _ pts 497777.000000 len 139
1912
16:40:57.070 T:3639599968 DEBUG: AddOnLog: Tvheadend HTSP Client: pvr.hts - receive message [muxpkt]
1913
16:40:57.070 T:3639599968 DEBUG: AddOnLog: Tvheadend HTSP Client: pvr.hts - demux pkt idx 3:3 type _ pts 517777.000000 len 139
1914
16:40:57.070 T:3639599968 DEBUG: AddOnLog: Tvheadend HTSP Client: pvr.hts - receive message [muxpkt]
1915
16:40:57.070 T:3639599968 DEBUG: AddOnLog: Tvheadend HTSP Client: pvr.hts - demux pkt idx 2:2 type _ pts 401200.000000 len 1024
1916
16:40:57.070 T:3639599968 DEBUG: AddOnLog: Tvheadend HTSP Client: pvr.hts - receive message [muxpkt]
1917
16:40:57.070 T:3639599968 DEBUG: AddOnLog: Tvheadend HTSP Client: pvr.hts - demux pkt idx 2:2 type _ pts 433200.000000 len 1024
1918
16:40:57.070 T:3639599968 DEBUG: AddOnLog: Tvheadend HTSP Client: pvr.hts - receive message [muxpkt]
1919
16:40:57.070 T:3639599968 DEBUG: AddOnLog: Tvheadend HTSP Client: pvr.hts - demux pkt idx 2:2 type _ pts 465200.000000 len 1024
1920
16:40:57.071 T:3639599968 DEBUG: AddOnLog: Tvheadend HTSP Client: pvr.hts - receive message [muxpkt]
1921
16:40:57.071 T:3639599968 DEBUG: AddOnLog: Tvheadend HTSP Client: pvr.hts - demux pkt idx 2:2 type _ pts 497200.000000 len 1024
1922
16:40:57.071 T:3639599968 DEBUG: AddOnLog: Tvheadend HTSP Client: pvr.hts - receive message [muxpkt]
1923
16:40:57.071 T:3639599968 DEBUG: AddOnLog: Tvheadend HTSP Client: pvr.hts - demux pkt idx 2:2 type _ pts 529200.000000 len 1024
1924
16:40:57.071 T:3639599968 DEBUG: AddOnLog: Tvheadend HTSP Client: pvr.hts - receive message [muxpkt]
1925
16:40:57.071 T:3639599968 DEBUG: AddOnLog: Tvheadend HTSP Client: pvr.hts - demux pkt idx 3:3 type _ pts 537777.000000 len 139
1926
16:40:57.071 T:3639599968 DEBUG: AddOnLog: Tvheadend HTSP Client: pvr.hts - receive message [muxpkt]
1927
16:40:57.071 T:3639599968 DEBUG: AddOnLog: Tvheadend HTSP Client: pvr.hts - demux pkt idx 3:3 type _ pts 557777.000000 len 139
1928
16:40:57.071 T:3639599968 DEBUG: AddOnLog: Tvheadend HTSP Client: pvr.hts - receive message [muxpkt]
1929
16:40:57.071 T:3639599968 DEBUG: AddOnLog: Tvheadend HTSP Client: pvr.hts - demux pkt idx 3:3 type _ pts 577777.000000 len 139
1930
16:40:57.071 T:3639599968 DEBUG: AddOnLog: Tvheadend HTSP Client: pvr.hts - receive message [muxpkt]
1931
16:40:57.071 T:3639599968 DEBUG: AddOnLog: Tvheadend HTSP Client: pvr.hts - demux pkt idx 3:3 type _ pts 597777.000000 len 139
1932
16:40:57.071 T:3639599968 DEBUG: AddOnLog: Tvheadend HTSP Client: pvr.hts - receive message [muxpkt]
1933
16:40:57.071 T:3639599968 DEBUG: AddOnLog: Tvheadend HTSP Client: pvr.hts - demux pkt idx 3:3 type _ pts 617777.000000 len 139
1934
16:40:57.072 T:3639599968 DEBUG: AddOnLog: Tvheadend HTSP Client: pvr.hts - receive message [muxpkt]
1935
16:40:57.072 T:3639599968 DEBUG: AddOnLog: Tvheadend HTSP Client: pvr.hts - demux pkt idx 3:3 type _ pts 637777.000000 len 139
1936
16:40:57.072 T:3639599968 DEBUG: AddOnLog: Tvheadend HTSP Client: pvr.hts - receive message [muxpkt]
1937
16:40:57.072 T:3639599968 DEBUG: AddOnLog: Tvheadend HTSP Client: pvr.hts - demux pkt idx 3:3 type _ pts 657777.000000 len 139
1938
16:40:57.072 T:3639599968 DEBUG: AddOnLog: Tvheadend HTSP Client: pvr.hts - receive message [muxpkt]
1939
16:40:57.072 T:3639599968 DEBUG: AddOnLog: Tvheadend HTSP Client: pvr.hts - demux pkt idx 3:3 type _ pts 677777.000000 len 139
1940
16:40:57.072 T:3639599968 DEBUG: AddOnLog: Tvheadend HTSP Client: pvr.hts - receive message [muxpkt]
1941
16:40:57.072 T:3639599968 DEBUG: AddOnLog: Tvheadend HTSP Client: pvr.hts - demux pkt idx 2:2 type _ pts 561200.000000 len 1024
1942
16:40:57.072 T:3639599968 DEBUG: AddOnLog: Tvheadend HTSP Client: pvr.hts - receive message [muxpkt]
1943
16:40:57.072 T:3639599968 DEBUG: AddOnLog: Tvheadend HTSP Client: pvr.hts - demux pkt idx 2:2 type _ pts 593200.000000 len 1024
1944
16:40:57.074 T:3639599968 DEBUG: AddOnLog: Tvheadend HTSP Client: pvr.hts - receive message [muxpkt]
1945
16:40:57.074 T:3639599968 DEBUG: AddOnLog: Tvheadend HTSP Client: pvr.hts - demux pkt idx 2:2 type _ pts 625200.000000 len 1024
1946
16:40:57.074 T:3639599968 DEBUG: AddOnLog: Tvheadend HTSP Client: pvr.hts - receive message [muxpkt]
1947
16:40:57.074 T:3639599968 DEBUG: AddOnLog: Tvheadend HTSP Client: pvr.hts - demux pkt idx 2:2 type _ pts 657200.000000 len 1024
1948
16:40:57.074 T:3639599968 DEBUG: AddOnLog: Tvheadend HTSP Client: pvr.hts - receive message [muxpkt]
1949
16:40:57.074 T:3639599968 DEBUG: AddOnLog: Tvheadend HTSP Client: pvr.hts - demux pkt idx 2:2 type _ pts 689200.000000 len 1024
1950
16:40:57.074 T:3639599968 DEBUG: AddOnLog: Tvheadend HTSP Client: pvr.hts - receive message [muxpkt]
1951
16:40:57.074 T:3639599968 DEBUG: AddOnLog: Tvheadend HTSP Client: pvr.hts - demux pkt idx 3:3 type _ pts 697777.000000 len 139
1952
16:40:57.074 T:3639599968 DEBUG: AddOnLog: Tvheadend HTSP Client: pvr.hts - receive message [muxpkt]
1953
16:40:57.074 T:3639599968 DEBUG: AddOnLog: Tvheadend HTSP Client: pvr.hts - demux pkt idx 3:3 type _ pts 717777.000000 len 139
1954
16:40:57.074 T:3639599968 DEBUG: AddOnLog: Tvheadend HTSP Client: pvr.hts - receive message [muxpkt]
1955
16:40:57.074 T:3639599968 DEBUG: AddOnLog: Tvheadend HTSP Client: pvr.hts - demux pkt idx 3:3 type _ pts 737777.000000 len 139
1956
16:40:57.075 T:3639599968 DEBUG: AddOnLog: Tvheadend HTSP Client: pvr.hts - receive message [muxpkt]
1957
16:40:57.075 T:3639599968 DEBUG: AddOnLog: Tvheadend HTSP Client: pvr.hts - demux pkt idx 3:3 type _ pts 757777.000000 len 139
1958
16:40:57.075 T:3639599968 DEBUG: AddOnLog: Tvheadend HTSP Client: pvr.hts - receive message [muxpkt]
1959
16:40:57.075 T:3639599968 DEBUG: AddOnLog: Tvheadend HTSP Client: pvr.hts - demux pkt idx 3:3 type _ pts 777777.000000 len 139
1960
16:40:57.075 T:3639599968 DEBUG: AddOnLog: Tvheadend HTSP Client: pvr.hts - receive message [muxpkt]
1961
16:40:57.075 T:3639599968 DEBUG: AddOnLog: Tvheadend HTSP Client: pvr.hts - demux pkt idx 3:3 type _ pts 797777.000000 len 139
1962
16:40:57.075 T:3639599968 DEBUG: AddOnLog: Tvheadend HTSP Client: pvr.hts - receive message [muxpkt]
1963
16:40:57.075 T:3639599968 DEBUG: AddOnLog: Tvheadend HTSP Client: pvr.hts - demux pkt idx 1:1 type I pts 1977777.000000 len 63299
1964
16:40:57.075 T:3639599968 DEBUG: AddOnLog: Tvheadend HTSP Client: pvr.hts - receive message [muxpkt]
1965
16:40:57.075 T:3639599968 DEBUG: AddOnLog: Tvheadend HTSP Client: pvr.hts - demux pkt idx 3:3 type _ pts 817777.000000 len 139
1966
16:40:57.081 T:3534230368 INFO: DVDVideoCodecAmlogic: Opened Amlogic Codec
1967
16:40:57.081 T:3534230368 DEBUG: FactoryCodec - Video: am-h264 - Opened
1968
16:40:57.081 T:3534230368 DEBUG: CVideoPlayerVideo::OpenStream - open stream with codec id: 28
1969
16:40:57.081 T:3534230368 NOTICE: Creating video thread
1970
16:40:57.082 T:3534230368 NOTICE: Opening stream: 2 source: 256
1971
16:40:57.082 T:3525841760 DEBUG: Thread VideoPlayerVideo start, auto delete: false
1972
16:40:57.082 T:3534230368 NOTICE: Finding audio codec for: 86019
1973
16:40:57.082 T:3525841760 NOTICE: running thread: video_thread
1974
16:40:57.082 T:3525841760 DEBUG: CAMLCodec::SetSpeed, speed(0)
1975
16:40:57.082 T:3534230368 DEBUG: FactoryCodec - Audio: passthrough - Opening
1976
16:40:57.082 T:3534230368 DEBUG: FactoryCodec - Audio: passthrough - Failed
1977
16:40:57.082 T:3534230368 DEBUG: FactoryCodec - Audio: FFmpeg - Opening
1978
16:40:57.084 T:3534230368 DEBUG: FactoryCodec - Audio: FFmpeg - Opened
1979
16:40:57.084 T:3534230368 NOTICE: Creating audio thread
1980
16:40:57.084 T:3490251616 DEBUG: Thread VideoPlayerAudio start, auto delete: false
1981
16:40:57.084 T:3534230368 NOTICE: Opening stream: 4 source: 256
1982
16:40:57.084 T:3490251616 NOTICE: running thread: CVideoPlayerAudio::Process()
1983
16:40:57.084 T:3534230368 DEBUG: FactoryCodec - Overlay: Text Subtitle Decoder - Opening
1984
16:40:57.084 T:3534230368 DEBUG: FactoryCodec - Overlay: Text Subtitle Decoder - Opened
1985
16:40:57.084 T:3490251616 DEBUG: CDVDAudio::Pause - pausing audio stream
1986
16:40:57.084 T:3534230368 NOTICE: Opening stream: 3 source: 256
1987
16:40:57.084 T:3534230368 NOTICE: waiting for teletext data thread to exit
1988
16:40:57.087 T:3534230368 NOTICE: Creating teletext data thread
1989
16:40:57.087 T:3481863008 DEBUG: Thread DVDTeletextData start, auto delete: false
1990
16:40:57.087 T:3481863008 NOTICE: running thread: CDVDTeletextData
1991
16:40:57.087 T:3534230368 DEBUG: AddOnLog: Tvheadend HTSP Client: pvr.hts - demux read idx :3 pts 17777.000000 len 139
1992
16:40:57.087 T:3534230368 DEBUG: AddOnLog: Tvheadend HTSP Client: pvr.hts - demux read idx :2 pts 17200.000000 len 1024
1993
16:40:57.088 T:3534230368 DEBUG: CDVDDemuxClient::ParsePacket - {2} samplerate changed from 3 to 48000
1994
16:40:57.088 T:3534230368 NOTICE: Opening stream: 1 source: 256
1995
16:40:57.088 T:3534230368 NOTICE: Opening stream: 2 source: 256
1996
16:40:57.088 T:3534230368 NOTICE: Finding audio codec for: 86019
1997
16:40:57.089 T:3534230368 DEBUG: FactoryCodec - Audio: passthrough - Opening
1998
16:40:57.089 T:3534230368 DEBUG: FactoryCodec - Audio: passthrough - Opened
1999
16:40:57.089 T:3534230368 NOTICE: Closing stream player 3
2000
16:40:57.089 T:3534230368 NOTICE: Opening stream: 4 source: 256
2001
16:40:57.089 T:3534230368 DEBUG: FactoryCodec - Overlay: Text Subtitle Decoder - Opening
2002
16:40:57.089 T:3534230368 DEBUG: FactoryCodec - Overlay: Text Subtitle Decoder - Opened
2003
16:40:57.089 T:3534230368 NOTICE: Opening stream: 3 source: 256
2004
16:40:57.089 T:3534230368 DEBUG: AddOnLog: Tvheadend HTSP Client: pvr.hts - demux read idx :2 pts 49200.000000 len 1024
2005
16:40:57.089 T:3534230368 DEBUG: AddOnLog: Tvheadend HTSP Client: pvr.hts - demux read idx :3 pts 37777.000000 len 139
2006
16:40:57.090 T:3534230368 DEBUG: AddOnLog: Tvheadend HTSP Client: pvr.hts - demux read idx :3 pts 57777.000000 len 139
2007
16:40:57.090 T:3534230368 DEBUG: AddOnLog: Tvheadend HTSP Client: pvr.hts - demux read idx :3 pts 77777.000000 len 139
2008
16:40:57.090 T:3534230368 DEBUG: AddOnLog: Tvheadend HTSP Client: pvr.hts - demux read idx :3 pts 97777.000000 len 139
2009
16:40:57.090 T:3534230368 DEBUG: AddOnLog: Tvheadend HTSP Client: pvr.hts - demux read idx :3 pts 117777.000000 len 139
2010
16:40:57.090 T:3534230368 DEBUG: AddOnLog: Tvheadend HTSP Client: pvr.hts - demux read idx :3 pts 137777.000000 len 139
2011
16:40:57.090 T:3534230368 DEBUG: AddOnLog: Tvheadend HTSP Client: pvr.hts - demux read idx :3 pts 157777.000000 len 139
2012
16:40:57.090 T:3534230368 DEBUG: AddOnLog: Tvheadend HTSP Client: pvr.hts - demux read idx :3 pts 177777.000000 len 139
2013
16:40:57.090 T:3534230368 DEBUG: AddOnLog: Tvheadend HTSP Client: pvr.hts - demux read idx :2 pts 81200.000000 len 1024
2014
16:40:57.091 T:3534230368 DEBUG: AddOnLog: Tvheadend HTSP Client: pvr.hts - demux read idx :2 pts 113200.000000 len 1024
2015
16:40:57.091 T:3534230368 DEBUG: AddOnLog: Tvheadend HTSP Client: pvr.hts - demux read idx :2 pts 145200.000000 len 1024
2016
16:40:57.091 T:3534230368 DEBUG: AddOnLog: Tvheadend HTSP Client: pvr.hts - demux read idx :2 pts 177200.000000 len 1024
2017
16:40:57.091 T:3534230368 DEBUG: AddOnLog: Tvheadend HTSP Client: pvr.hts - demux read idx :2 pts 209200.000000 len 1024
2018
16:40:57.091 T:3534230368 DEBUG: AddOnLog: Tvheadend HTSP Client: pvr.hts - demux read idx :3 pts 197777.000000 len 139
2019
16:40:57.091 T:3534230368 DEBUG: AddOnLog: Tvheadend HTSP Client: pvr.hts - demux read idx :3 pts 217777.000000 len 139
2020
16:40:57.091 T:3534230368 DEBUG: AddOnLog: Tvheadend HTSP Client: pvr.hts - demux read idx :3 pts 237777.000000 len 139
2021
16:40:57.091 T:3534230368 DEBUG: AddOnLog: Tvheadend HTSP Client: pvr.hts - demux read idx :3 pts 257777.000000 len 139
2022
16:40:57.092 T:3534230368 DEBUG: AddOnLog: Tvheadend HTSP Client: pvr.hts - demux read idx :3 pts 277777.000000 len 139
2023
16:40:57.092 T:3534230368 DEBUG: AddOnLog: Tvheadend HTSP Client: pvr.hts - demux read idx :3 pts 297777.000000 len 139
2024
16:40:57.092 T:3534230368 DEBUG: AddOnLog: Tvheadend HTSP Client: pvr.hts - demux read idx :3 pts 317777.000000 len 139
2025
16:40:57.092 T:3534230368 DEBUG: AddOnLog: Tvheadend HTSP Client: pvr.hts - demux read idx :3 pts 337777.000000 len 139
2026
16:40:57.092 T:3639599968 DEBUG: AddOnLog: Tvheadend HTSP Client: pvr.hts - receive message [muxpkt]
2027
16:40:57.092 T:3534230368 DEBUG: AddOnLog: Tvheadend HTSP Client: pvr.hts - demux read idx :3 pts 357777.000000 len 139
2028
16:40:57.092 T:3639599968 DEBUG: AddOnLog: Tvheadend HTSP Client: pvr.hts - demux pkt idx 3:3 type _ pts 837777.000000 len 139
2029
16:40:57.093 T:3534230368 DEBUG: AddOnLog: Tvheadend HTSP Client: pvr.hts - demux read idx :2 pts 241200.000000 len 1024
2030
16:40:57.093 T:3534230368 DEBUG: AddOnLog: Tvheadend HTSP Client: pvr.hts - demux read idx :2 pts 273200.000000 len 1024
2031
16:40:57.093 T:3639599968 DEBUG: AddOnLog: Tvheadend HTSP Client: pvr.hts - receive message [muxpkt]
2032
16:40:57.093 T:3534230368 DEBUG: AddOnLog: Tvheadend HTSP Client: pvr.hts - demux read idx :2 pts 305200.000000 len 1024
2033
16:40:57.093 T:3639599968 DEBUG: AddOnLog: Tvheadend HTSP Client: pvr.hts - demux pkt idx 2:2 type _ pts 721200.000000 len 1024
2034
16:40:57.093 T:3534230368 DEBUG: AddOnLog: Tvheadend HTSP Client: pvr.hts - demux read idx :2 pts 337200.000000 len 1024
2035
16:40:57.093 T:3534230368 DEBUG: AddOnLog: Tvheadend HTSP Client: pvr.hts - demux read idx :2 pts 369200.000000 len 1024
2036
16:40:57.093 T:3639599968 DEBUG: AddOnLog: Tvheadend HTSP Client: pvr.hts - receive message [muxpkt]
2037
16:40:57.093 T:3534230368 DEBUG: AddOnLog: Tvheadend HTSP Client: pvr.hts - demux read idx :3 pts 377777.000000 len 139
2038
16:40:57.093 T:3639599968 DEBUG: AddOnLog: Tvheadend HTSP Client: pvr.hts - demux pkt idx 2:2 type _ pts 753200.000000 len 1024
2039
16:40:57.093 T:3534230368 DEBUG: AddOnLog: Tvheadend HTSP Client: pvr.hts - demux read idx :3 pts 397777.000000 len 139
2040
16:40:57.093 T:3639599968 DEBUG: AddOnLog: Tvheadend HTSP Client: pvr.hts - receive message [muxpkt]
2041
16:40:57.093 T:3534230368 DEBUG: AddOnLog: Tvheadend HTSP Client: pvr.hts - demux read idx :3 pts 417777.000000 len 139
2042
16:40:57.093 T:3639599968 DEBUG: AddOnLog: Tvheadend HTSP Client: pvr.hts - demux pkt idx 2:2 type _ pts 785200.000000 len 1024
2043
16:40:57.094 T:3534230368 DEBUG: AddOnLog: Tvheadend HTSP Client: pvr.hts - demux read idx :3 pts 437777.000000 len 139
2044
16:40:57.094 T:3639599968 DEBUG: AddOnLog: Tvheadend HTSP Client: pvr.hts - receive message [muxpkt]
2045
16:40:57.094 T:3534230368 DEBUG: AddOnLog: Tvheadend HTSP Client: pvr.hts - demux read idx :3 pts 457777.000000 len 139
2046
16:40:57.094 T:3639599968 DEBUG: AddOnLog: Tvheadend HTSP Client: pvr.hts - demux pkt idx 2:2 type _ pts 817200.000000 len 1024
2047
16:40:57.094 T:3534230368 DEBUG: AddOnLog: Tvheadend HTSP Client: pvr.hts - demux read idx :3 pts 477777.000000 len 139
2048
16:40:57.094 T:3639599968 DEBUG: AddOnLog: Tvheadend HTSP Client: pvr.hts - receive message [muxpkt]
2049
16:40:57.094 T:3534230368 DEBUG: AddOnLog: Tvheadend HTSP Client: pvr.hts - demux read idx :3 pts 497777.000000 len 139
2050
16:40:57.094 T:3639599968 DEBUG: AddOnLog: Tvheadend HTSP Client: pvr.hts - demux pkt idx 2:2 type _ pts 849200.000000 len 1024
2051
16:40:57.094 T:3639599968 DEBUG: AddOnLog: Tvheadend HTSP Client: pvr.hts - receive message [muxpkt]
2052
16:40:57.094 T:3534230368 DEBUG: AddOnLog: Tvheadend HTSP Client: pvr.hts - demux read idx :3 pts 517777.000000 len 139
2053
16:40:57.094 T:3639599968 DEBUG: AddOnLog: Tvheadend HTSP Client: pvr.hts - demux pkt idx 1:1 type P pts 1997777.000000 len 21200
2054
16:40:57.094 T:3534230368 DEBUG: AddOnLog: Tvheadend HTSP Client: pvr.hts - demux read idx :2 pts 401200.000000 len 1024
2055
16:40:57.094 T:3639599968 DEBUG: AddOnLog: Tvheadend HTSP Client: pvr.hts - receive message [muxpkt]
2056
16:40:57.094 T:3490251616 DEBUG: CDVDAudio::Pause - pausing audio stream
2057
16:40:57.094 T:3534230368 DEBUG: AddOnLog: Tvheadend HTSP Client: pvr.hts - demux read idx :2 pts 433200.000000 len 1024
2058
16:40:57.095 T:3639599968 DEBUG: AddOnLog: Tvheadend HTSP Client: pvr.hts - demux pkt idx 3:3 type _ pts 857777.000000 len 139
2059
16:40:57.095 T:3534230368 DEBUG: AddOnLog: Tvheadend HTSP Client: pvr.hts - demux read idx :2 pts 465200.000000 len 1024
2060
16:40:57.095 T:3639599968 DEBUG: AddOnLog: Tvheadend HTSP Client: pvr.hts - receive message [muxpkt]
2061
16:40:57.095 T:3490251616 INFO: CAEStreamParser::SyncAC3 - AC3 stream detected (2 channels, 48000Hz)
2062
16:40:57.095 T:3639599968 DEBUG: AddOnLog: Tvheadend HTSP Client: pvr.hts - demux pkt idx 1:1 type B pts 1897777.000000 len 5499
2063
16:40:57.095 T:3534230368 DEBUG: AddOnLog: Tvheadend HTSP Client: pvr.hts - demux read idx :2 pts 497200.000000 len 1024
2064
16:40:57.095 T:3534230368 DEBUG: AddOnLog: Tvheadend HTSP Client: pvr.hts - demux read idx :2 pts 529200.000000 len 1024
2065
16:40:57.095 T:3534230368 DEBUG: AddOnLog: Tvheadend HTSP Client: pvr.hts - demux read idx :3 pts 537777.000000 len 139
2066
16:40:57.095 T:3534230368 DEBUG: AddOnLog: Tvheadend HTSP Client: pvr.hts - demux read idx :3 pts 557777.000000 len 139
2067
16:40:57.095 T:3534230368 DEBUG: AddOnLog: Tvheadend HTSP Client: pvr.hts - demux read idx :3 pts 577777.000000 len 139
2068
16:40:57.095 T:3490251616 NOTICE: Creating audio stream (codec id: 86019, channels: 2, sample rate: 48000, pass-through)
2069
16:40:57.096 T:3534230368 DEBUG: AddOnLog: Tvheadend HTSP Client: pvr.hts - demux read idx :3 pts 597777.000000 len 139
2070
16:40:57.096 T:3490251616 DEBUG: CVideoPlayerAudio:: synctype set to 0: clock feedback
2071
16:40:57.096 T:3534230368 DEBUG: AddOnLog: Tvheadend HTSP Client: pvr.hts - demux read idx :3 pts 617777.000000 len 139
2072
16:40:57.096 T:3534230368 DEBUG: AddOnLog: Tvheadend HTSP Client: pvr.hts - demux read idx :3 pts 637777.000000 len 139
2073
16:40:57.096 T:3534230368 DEBUG: AddOnLog: Tvheadend HTSP Client: pvr.hts - demux read idx :3 pts 657777.000000 len 139
2074
16:40:57.096 T:3534230368 DEBUG: AddOnLog: Tvheadend HTSP Client: pvr.hts - demux read idx :3 pts 677777.000000 len 139
2075
16:40:57.096 T:3534230368 DEBUG: AddOnLog: Tvheadend HTSP Client: pvr.hts - demux read idx :2 pts 561200.000000 len 1024
2076
16:40:57.096 T:3534230368 DEBUG: AddOnLog: Tvheadend HTSP Client: pvr.hts - demux read idx :2 pts 593200.000000 len 1024
2077
16:40:57.096 T:3534230368 DEBUG: AddOnLog: Tvheadend HTSP Client: pvr.hts - demux read idx :2 pts 625200.000000 len 1024
2078
16:40:57.096 T:4061131616 INFO: CActiveAESink::OpenSink - initialize sink
2079
16:40:57.097 T:3534230368 DEBUG: AddOnLog: Tvheadend HTSP Client: pvr.hts - demux read idx :2 pts 657200.000000 len 1024
2080
16:40:57.097 T:3534230368 DEBUG: AddOnLog: Tvheadend HTSP Client: pvr.hts - demux read idx :2 pts 689200.000000 len 1024
2081
16:40:57.097 T:3534230368 DEBUG: AddOnLog: Tvheadend HTSP Client: pvr.hts - demux read idx :3 pts 697777.000000 len 139
2082
16:40:57.097 T:3534230368 DEBUG: AddOnLog: Tvheadend HTSP Client: pvr.hts - demux read idx :3 pts 717777.000000 len 139
2083
