16:40:59.263 T:3534230368 DEBUG: AddOnLog: Tvheadend HTSP Client: pvr.hts - demux read idx :3 pts 3017777.000000 len 139
3305
16:40:59.263 T:3639599968 DEBUG: AddOnLog: Tvheadend HTSP Client: pvr.hts - demux pkt idx 1:1 type B pts 4437777.000000 len 3171
3306
16:40:59.263 T:3639599968 DEBUG: AddOnLog: Tvheadend HTSP Client: pvr.hts - receive message [muxpkt]
3307
16:40:59.263 T:3534230368 DEBUG: AddOnLog: Tvheadend HTSP Client: pvr.hts - demux read idx :1 pts 4417777.000000 len 4014
3308
16:40:59.263 T:3639599968 DEBUG: AddOnLog: Tvheadend HTSP Client: pvr.hts - demux pkt idx 3:3 type _ pts 3037777.000000 len 139
3309
16:40:59.263 T:3534230368 DEBUG: AddOnLog: Tvheadend HTSP Client: pvr.hts - demux read idx :1 pts 4437777.000000 len 3171
3310
16:40:59.263 T:3639599968 DEBUG: AddOnLog: Tvheadend HTSP Client: pvr.hts - receive message [muxpkt]
3311
16:40:59.263 T:3534230368 DEBUG: AddOnLog: Tvheadend HTSP Client: pvr.hts - demux read idx :3 pts 3037777.000000 len 139
3312
16:40:59.263 T:3639599968 DEBUG: AddOnLog: Tvheadend HTSP Client: pvr.hts - demux pkt idx 1:1 type B pts 4497777.000000 len 3349
3313
16:40:59.263 T:3534230368 DEBUG: AddOnLog: Tvheadend HTSP Client: pvr.hts - demux read idx :1 pts 4497777.000000 len 3349
3314
16:40:59.264 T:3525841760 DEBUG: CAMLCodec::Decode: ret: 0, sz: 0, dts_in: 18442240474082.1797[4AA88], pts_in: 18442240474082.1797[4F0D8], adj:0, ptsOut:2.0978, amlpts:188799, idx:4124117, timesize:1.0000, drain: 0
3315
16:40:59.302 T:3639599968 DEBUG: Previous line repeats 3 times.
3316
16:40:59.302 T:3639599968 DEBUG: AddOnLog: Tvheadend HTSP Client: pvr.hts - receive message [muxpkt]
3317
16:40:59.302 T:3639599968 DEBUG: AddOnLog: Tvheadend HTSP Client: pvr.hts - demux pkt idx 1:1 type B pts 4517777.000000 len 2898
3318
16:40:59.302 T:3534230368 DEBUG: AddOnLog: Tvheadend HTSP Client: pvr.hts - demux read idx :1 pts 4517777.000000 len 2898
3319
16:40:59.302 T:3639599968 DEBUG: AddOnLog: Tvheadend HTSP Client: pvr.hts - receive message [muxpkt]
3320
16:40:59.302 T:3639599968 DEBUG: AddOnLog: Tvheadend HTSP Client: pvr.hts - demux pkt idx 3:3 type _ pts 3057777.000000 len 139
3321
16:40:59.302 T:3534230368 DEBUG: AddOnLog: Tvheadend HTSP Client: pvr.hts - demux read idx :3 pts 3057777.000000 len 139
3322
16:40:59.302 T:3639599968 DEBUG: AddOnLog: Tvheadend HTSP Client: pvr.hts - receive message [muxpkt]
3323
16:40:59.302 T:3639599968 DEBUG: AddOnLog: Tvheadend HTSP Client: pvr.hts - demux pkt idx 3:3 type _ pts 3077777.000000 len 139
3324
16:40:59.302 T:3534230368 DEBUG: AddOnLog: Tvheadend HTSP Client: pvr.hts - demux read idx :3 pts 3077777.000000 len 139
3325
16:40:59.305 T:3525841760 DEBUG: CAMLCodec::Decode: ret: 0, sz: 0, dts_in: 18442240474082.1797[4AA88], pts_in: 18442240474082.1797[4F0D8], adj:0, ptsOut:2.0978, amlpts:188799, idx:4124117, timesize:1.0000, drain: 0
3326
16:40:59.339 T:3639599968 DEBUG: Previous line repeats 3 times.
3327
16:40:59.339 T:3639599968 DEBUG: AddOnLog: Tvheadend HTSP Client: pvr.hts - receive message [muxpkt]
3328
16:40:59.339 T:3639599968 DEBUG: AddOnLog: Tvheadend HTSP Client: pvr.hts - demux pkt idx 2:2 type _ pts 2961200.000000 len 1024
3329
16:40:59.340 T:3639599968 DEBUG: AddOnLog: Tvheadend HTSP Client: pvr.hts - receive message [muxpkt]
3330
16:40:59.340 T:3534230368 DEBUG: AddOnLog: Tvheadend HTSP Client: pvr.hts - demux read idx :2 pts 2961200.000000 len 1024
3331
16:40:59.340 T:3639599968 DEBUG: AddOnLog: Tvheadend HTSP Client: pvr.hts - demux pkt idx 2:2 type _ pts 2993200.000000 len 1024
3332
16:40:59.340 T:3639599968 DEBUG: AddOnLog: Tvheadend HTSP Client: pvr.hts - receive message [muxpkt]
3333
16:40:59.340 T:3639599968 DEBUG: AddOnLog: Tvheadend HTSP Client: pvr.hts - demux pkt idx 2:2 type _ pts 3025200.000000 len 1024
3334
16:40:59.340 T:3534230368 DEBUG: AddOnLog: Tvheadend HTSP Client: pvr.hts - demux read idx :2 pts 2993200.000000 len 1024
3335
16:40:59.340 T:3639599968 DEBUG: AddOnLog: Tvheadend HTSP Client: pvr.hts - receive message [muxpkt]
3336
16:40:59.340 T:3639599968 DEBUG: AddOnLog: Tvheadend HTSP Client: pvr.hts - demux pkt idx 2:2 type _ pts 3057200.000000 len 1024
3337
16:40:59.340 T:3639599968 DEBUG: AddOnLog: Tvheadend HTSP Client: pvr.hts - receive message [muxpkt]
3338
16:40:59.341 T:3534230368 DEBUG: AddOnLog: Tvheadend HTSP Client: pvr.hts - demux read idx :2 pts 3025200.000000 len 1024
3339
16:40:59.341 T:3639599968 DEBUG: AddOnLog: Tvheadend HTSP Client: pvr.hts - demux pkt idx 2:2 type _ pts 3089200.000000 len 1024
3340
16:40:59.341 T:3534230368 DEBUG: AddOnLog: Tvheadend HTSP Client: pvr.hts - demux read idx :2 pts 3057200.000000 len 1024
3341
16:40:59.341 T:3639599968 DEBUG: AddOnLog: Tvheadend HTSP Client: pvr.hts - receive message [muxpkt]
3342
16:40:59.341 T:3534230368 DEBUG: AddOnLog: Tvheadend HTSP Client: pvr.hts - demux read idx :2 pts 3089200.000000 len 1024
3343
16:40:59.341 T:3639599968 DEBUG: AddOnLog: Tvheadend HTSP Client: pvr.hts - demux pkt idx 1:1 type P pts 4697777.000000 len 14744
3344
16:40:59.341 T:3534230368 DEBUG: AddOnLog: Tvheadend HTSP Client: pvr.hts - demux read idx :1 pts 4697777.000000 len 14744
3345
16:40:59.341 T:3639599968 DEBUG: AddOnLog: Tvheadend HTSP Client: pvr.hts - receive message [muxpkt]
3346
16:40:59.341 T:3639599968 DEBUG: AddOnLog: Tvheadend HTSP Client: pvr.hts - demux pkt idx 3:3 type _ pts 3097777.000000 len 139
3347
16:40:59.341 T:3534230368 DEBUG: AddOnLog: Tvheadend HTSP Client: pvr.hts - demux read idx :3 pts 3097777.000000 len 139
3348
16:40:59.341 T:3639599968 DEBUG: AddOnLog: Tvheadend HTSP Client: pvr.hts - receive message [muxpkt]
3349
16:40:59.341 T:3639599968 DEBUG: AddOnLog: Tvheadend HTSP Client: pvr.hts - demux pkt idx 1:1 type P pts 4717777.000000 len 12938
3350
16:40:59.342 T:3534230368 DEBUG: AddOnLog: Tvheadend HTSP Client: pvr.hts - demux read idx :1 pts 4717777.000000 len 12938
3351
16:40:59.342 T:3639599968 DEBUG: AddOnLog: Tvheadend HTSP Client: pvr.hts - receive message [muxpkt]
3352
16:40:59.342 T:3639599968 DEBUG: AddOnLog: Tvheadend HTSP Client: pvr.hts - demux pkt idx 3:3 type _ pts 3117777.000000 len 139
3353
16:40:59.342 T:3534230368 DEBUG: AddOnLog: Tvheadend HTSP Client: pvr.hts - demux read idx :3 pts 3117777.000000 len 139
3354
16:40:59.346 T:3525841760 DEBUG: CAMLCodec::Decode: ret: 0, sz: 0, dts_in: 18442240474082.1797[4AA88], pts_in: 18442240474082.1797[4F0D8], adj:0, ptsOut:2.0978, amlpts:188799, idx:4124117, timesize:1.0000, drain: 0
3355
16:40:59.378 T:3639599968 DEBUG: Previous line repeats 3 times.
3356
16:40:59.378 T:3639599968 DEBUG: AddOnLog: Tvheadend HTSP Client: pvr.hts - receive message [muxpkt]
3357
16:40:59.378 T:3639599968 DEBUG: AddOnLog: Tvheadend HTSP Client: pvr.hts - demux pkt idx 1:1 type B pts 4617777.000000 len 3771
3358
16:40:59.378 T:3534230368 DEBUG: AddOnLog: Tvheadend HTSP Client: pvr.hts - demux read idx :1 pts 4617777.000000 len 3771
3359
16:40:59.378 T:3639599968 DEBUG: AddOnLog: Tvheadend HTSP Client: pvr.hts - receive message [muxpkt]
3360
16:40:59.378 T:3639599968 DEBUG: AddOnLog: Tvheadend HTSP Client: pvr.hts - demux pkt idx 1:1 type B pts 4637777.000000 len 3305
3361
16:40:59.379 T:3534230368 DEBUG: AddOnLog: Tvheadend HTSP Client: pvr.hts - demux read idx :1 pts 4637777.000000 len 3305
3362
16:40:59.379 T:3639599968 DEBUG: AddOnLog: Tvheadend HTSP Client: pvr.hts - receive message [muxpkt]
3363
16:40:59.379 T:3639599968 DEBUG: AddOnLog: Tvheadend HTSP Client: pvr.hts - demux pkt idx 3:3 type _ pts 3137777.000000 len 139
3364
16:40:59.379 T:3534230368 DEBUG: AddOnLog: Tvheadend HTSP Client: pvr.hts - demux read idx :3 pts 3137777.000000 len 139
3365
16:40:59.379 T:3639599968 DEBUG: AddOnLog: Tvheadend HTSP Client: pvr.hts - receive message [muxpkt]
3366
16:40:59.379 T:3639599968 DEBUG: AddOnLog: Tvheadend HTSP Client: pvr.hts - demux pkt idx 1:1 type B pts 4577777.000000 len 3535
3367
16:40:59.379 T:3534230368 DEBUG: AddOnLog: Tvheadend HTSP Client: pvr.hts - demux read idx :1 pts 4577777.000000 len 3535
3368
16:40:59.379 T:3639599968 DEBUG: AddOnLog: Tvheadend HTSP Client: pvr.hts - receive message [muxpkt]
3369
16:40:59.379 T:3639599968 DEBUG: AddOnLog: Tvheadend HTSP Client: pvr.hts - demux pkt idx 1:1 type B pts 4597777.000000 len 3142
3370
16:40:59.379 T:3534230368 DEBUG: AddOnLog: Tvheadend HTSP Client: pvr.hts - demux read idx :1 pts 4597777.000000 len 3142
3371
16:40:59.387 T:3525841760 DEBUG: CAMLCodec::Decode: ret: 0, sz: 0, dts_in: 18442240474082.1797[4AA88], pts_in: 18442240474082.1797[4F0D8], adj:0, ptsOut:2.0978, amlpts:188799, idx:4124117, timesize:1.0000, drain: 0
3372
16:40:59.416 T:3639599968 DEBUG: Previous line repeats 2 times.
3373
16:40:59.416 T:3639599968 DEBUG: AddOnLog: Tvheadend HTSP Client: pvr.hts - receive message [muxpkt]
3374
16:40:59.416 T:3639599968 DEBUG: AddOnLog: Tvheadend HTSP Client: pvr.hts - demux pkt idx 3:3 type _ pts 3157777.000000 len 139
3375
16:40:59.416 T:3534230368 DEBUG: AddOnLog: Tvheadend HTSP Client: pvr.hts - demux read idx :3 pts 3157777.000000 len 139
3376
16:40:59.417 T:3639599968 DEBUG: AddOnLog: Tvheadend HTSP Client: pvr.hts - receive message [muxpkt]
3377
16:40:59.417 T:3639599968 DEBUG: AddOnLog: Tvheadend HTSP Client: pvr.hts - demux pkt idx 1:1 type B pts 4657777.000000 len 3866
3378
16:40:59.417 T:3534230368 DEBUG: AddOnLog: Tvheadend HTSP Client: pvr.hts - demux read idx :1 pts 4657777.000000 len 3866
3379
16:40:59.417 T:3639599968 DEBUG: AddOnLog: Tvheadend HTSP Client: pvr.hts - receive message [muxpkt]
3380
16:40:59.417 T:3639599968 DEBUG: AddOnLog: Tvheadend HTSP Client: pvr.hts - demux pkt idx 1:1 type B pts 4677777.000000 len 3578
3381
16:40:59.417 T:3534230368 DEBUG: AddOnLog: Tvheadend HTSP Client: pvr.hts - demux read idx :1 pts 4677777.000000 len 3578
3382
16:40:59.417 T:3639599968 DEBUG: AddOnLog: Tvheadend HTSP Client: pvr.hts - receive message [muxpkt]
3383
16:40:59.417 T:3639599968 DEBUG: AddOnLog: Tvheadend HTSP Client: pvr.hts - demux pkt idx 3:3 type _ pts 3177777.000000 len 139
3384
16:40:59.417 T:3534230368 DEBUG: AddOnLog: Tvheadend HTSP Client: pvr.hts - demux read idx :3 pts 3177777.000000 len 139
3385
16:40:59.418 T:3525841760 DEBUG: CAMLCodec::Decode: ret: 0, sz: 0, dts_in: 18442240474082.1797[4AA88], pts_in: 18442240474082.1797[4F0D8], adj:0, ptsOut:2.0978, amlpts:188799, idx:4124117, timesize:1.0000, drain: 0
3386
16:40:59.455 T:3639599968 DEBUG: Previous line repeats 3 times.
3387
16:40:59.455 T:3639599968 DEBUG: AddOnLog: Tvheadend HTSP Client: pvr.hts - receive message [muxpkt]
3388
16:40:59.455 T:3639599968 DEBUG: AddOnLog: Tvheadend HTSP Client: pvr.hts - demux pkt idx 3:3 type _ pts 3197777.000000 len 139
3389
16:40:59.455 T:3534230368 DEBUG: AddOnLog: Tvheadend HTSP Client: pvr.hts - demux read idx :3 pts 3197777.000000 len 139
3390
16:40:59.455 T:3639599968 DEBUG: AddOnLog: Tvheadend HTSP Client: pvr.hts - receive message [muxpkt]
3391
16:40:59.455 T:3639599968 DEBUG: AddOnLog: Tvheadend HTSP Client: pvr.hts - demux pkt idx 1:1 type P pts 4857777.000000 len 17004
3392
16:40:59.456 T:3639599968 DEBUG: AddOnLog: Tvheadend HTSP Client: pvr.hts - receive message [muxpkt]
3393
16:40:59.456 T:3534230368 DEBUG: AddOnLog: Tvheadend HTSP Client: pvr.hts - demux read idx :1 pts 4857777.000000 len 17004
3394
16:40:59.456 T:3639599968 DEBUG: AddOnLog: Tvheadend HTSP Client: pvr.hts - demux pkt idx 3:3 type _ pts 3217777.000000 len 139
3395
16:40:59.456 T:3534230368 DEBUG: AddOnLog: Tvheadend HTSP Client: pvr.hts - demux read idx :3 pts 3217777.000000 len 139
3396
16:40:59.459 T:3525841760 DEBUG: CAMLCodec::Decode: ret: 0, sz: 0, dts_in: 18442240474082.1797[4AA88], pts_in: 18442240474082.1797[4F0D8], adj:0, ptsOut:2.0978, amlpts:188799, idx:4124117, timesize:1.0000, drain: 0
3397
16:40:59.497 T:3639599968 DEBUG: Previous line repeats 3 times.
3398
16:40:59.497 T:3639599968 DEBUG: AddOnLog: Tvheadend HTSP Client: pvr.hts - receive message [muxpkt]
3399
16:40:59.497 T:3639599968 DEBUG: AddOnLog: Tvheadend HTSP Client: pvr.hts - demux pkt idx 3:3 type _ pts 3237777.000000 len 139
3400
16:40:59.498 T:3534230368 DEBUG: AddOnLog: Tvheadend HTSP Client: pvr.hts - demux read idx :3 pts 3237777.000000 len 139
3401
16:40:59.498 T:3639599968 DEBUG: AddOnLog: Tvheadend HTSP Client: pvr.hts - receive message [muxpkt]
3402
16:40:59.498 T:3639599968 DEBUG: AddOnLog: Tvheadend HTSP Client: pvr.hts - demux pkt idx 2:2 type _ pts 3121200.000000 len 1024
3403
16:40:59.498 T:3534230368 DEBUG: AddOnLog: Tvheadend HTSP Client: pvr.hts - demux read idx :2 pts 3121200.000000 len 1024
3404
16:40:59.498 T:3639599968 DEBUG: AddOnLog: Tvheadend HTSP Client: pvr.hts - receive message [muxpkt]
3405
16:40:59.498 T:3639599968 DEBUG: AddOnLog: Tvheadend HTSP Client: pvr.hts - demux pkt idx 2:2 type _ pts 3153200.000000 len 1024
3406
16:40:59.498 T:3639599968 DEBUG: AddOnLog: Tvheadend HTSP Client: pvr.hts - receive message [muxpkt]
3407
16:40:59.499 T:3534230368 DEBUG: AddOnLog: Tvheadend HTSP Client: pvr.hts - demux read idx :2 pts 3153200.000000 len 1024
3408
16:40:59.499 T:3639599968 DEBUG: AddOnLog: Tvheadend HTSP Client: pvr.hts - demux pkt idx 2:2 type _ pts 3185200.000000 len 1024
3409
16:40:59.499 T:3534230368 DEBUG: AddOnLog: Tvheadend HTSP Client: pvr.hts - demux read idx :2 pts 3185200.000000 len 1024
3410
16:40:59.499 T:3639599968 DEBUG: AddOnLog: Tvheadend HTSP Client: pvr.hts - receive message [muxpkt]
3411
16:40:59.499 T:3639599968 DEBUG: AddOnLog: Tvheadend HTSP Client: pvr.hts - demux pkt idx 2:2 type _ pts 3217200.000000 len 1024
3412
16:40:59.499 T:3534230368 DEBUG: AddOnLog: Tvheadend HTSP Client: pvr.hts - demux read idx :2 pts 3217200.000000 len 1024
3413
16:40:59.499 T:3639599968 DEBUG: AddOnLog: Tvheadend HTSP Client: pvr.hts - receive message [muxpkt]
3414
16:40:59.499 T:3639599968 DEBUG: AddOnLog: Tvheadend HTSP Client: pvr.hts - demux pkt idx 2:2 type _ pts 3249200.000000 len 1024
3415
16:40:59.499 T:3534230368 DEBUG: AddOnLog: Tvheadend HTSP Client: pvr.hts - demux read idx :2 pts 3249200.000000 len 1024
3416
16:40:59.499 T:3639599968 DEBUG: AddOnLog: Tvheadend HTSP Client: pvr.hts - receive message [muxpkt]
3417
16:40:59.499 T:3639599968 DEBUG: AddOnLog: Tvheadend HTSP Client: pvr.hts - demux pkt idx 1:1 type P pts 4877777.000000 len 15976
3418
16:40:59.499 T:3525841760 DEBUG: CAMLCodec::Decode: ret: 0, sz: 0, dts_in: 18442240474082.1797[4AA88], pts_in: 18442240474082.1797[4F0D8], adj:0, ptsOut:2.0978, amlpts:188799, idx:4124117, timesize:1.0000, drain: 0
3419
16:40:59.499 T:3639599968 DEBUG: AddOnLog: Tvheadend HTSP Client: pvr.hts - receive message [muxpkt]
3420
16:40:59.499 T:3534230368 DEBUG: AddOnLog: Tvheadend HTSP Client: pvr.hts - demux read idx :1 pts 4877777.000000 len 15976
3421
16:40:59.500 T:3639599968 DEBUG: AddOnLog: Tvheadend HTSP Client: pvr.hts - demux pkt idx 3:3 type _ pts 3257777.000000 len 139
3422
16:40:59.500 T:3534230368 DEBUG: AddOnLog: Tvheadend HTSP Client: pvr.hts - demux read idx :3 pts 3257777.000000 len 139
3423
16:40:59.500 T:3639599968 DEBUG: AddOnLog: Tvheadend HTSP Client: pvr.hts - receive message [muxpkt]
3424
16:40:59.500 T:3639599968 DEBUG: AddOnLog: Tvheadend HTSP Client: pvr.hts - demux pkt idx 1:1 type B pts 4777777.000000 len 4169
3425
16:40:59.500 T:3534230368 DEBUG: AddOnLog: Tvheadend HTSP Client: pvr.hts - demux read idx :1 pts 4777777.000000 len 4169
3426
16:40:59.500 T:3639599968 DEBUG: AddOnLog: Tvheadend HTSP Client: pvr.hts - receive message [muxpkt]
3427
16:40:59.500 T:3639599968 DEBUG: AddOnLog: Tvheadend HTSP Client: pvr.hts - demux pkt idx 1:1 type B pts 4797777.000000 len 4161
3428
16:40:59.500 T:3534230368 DEBUG: AddOnLog: Tvheadend HTSP Client: pvr.hts - demux read idx :1 pts 4797777.000000 len 4161
3429
16:40:59.510 T:3525841760 DEBUG: CAMLCodec::Decode: ret: 0, sz: 0, dts_in: 18442240474082.1797[4AA88], pts_in: 18442240474082.1797[4F0D8], adj:0, ptsOut:2.0978, amlpts:188799, idx:4124117, timesize:1.0000, drain: 0
3430
16:40:59.539 T:3639599968 DEBUG: Previous line repeats 2 times.
3431
16:40:59.539 T:3639599968 DEBUG: AddOnLog: Tvheadend HTSP Client: pvr.hts - receive message [muxpkt]
3432
16:40:59.539 T:3639599968 DEBUG: AddOnLog: Tvheadend HTSP Client: pvr.hts - demux pkt idx 3:3 type _ pts 3277777.000000 len 139
3433
16:40:59.539 T:3534230368 DEBUG: AddOnLog: Tvheadend HTSP Client: pvr.hts - demux read idx :3 pts 3277777.000000 len 139
3434
16:40:59.539 T:3639599968 DEBUG: AddOnLog: Tvheadend HTSP Client: pvr.hts - receive message [muxpkt]
3435
16:40:59.539 T:3639599968 DEBUG: AddOnLog: Tvheadend HTSP Client: pvr.hts - demux pkt idx 1:1 type B pts 4737777.000000 len 3492
3436
16:40:59.539 T:3534230368 DEBUG: AddOnLog: Tvheadend HTSP Client: pvr.hts - demux read idx :1 pts 4737777.000000 len 3492
3437
16:40:59.539 T:3639599968 DEBUG: AddOnLog: Tvheadend HTSP Client: pvr.hts - receive message [muxpkt]
3438
16:40:59.539 T:3639599968 DEBUG: AddOnLog: Tvheadend HTSP Client: pvr.hts - demux pkt idx 1:1 type B pts 4757777.000000 len 3457
3439
16:40:59.539 T:3534230368 DEBUG: AddOnLog: Tvheadend HTSP Client: pvr.hts - demux read idx :1 pts 4757777.000000 len 3457
3440
16:40:59.539 T:3639599968 DEBUG: AddOnLog: Tvheadend HTSP Client: pvr.hts - receive message [muxpkt]
3441
16:40:59.540 T:3639599968 DEBUG: AddOnLog: Tvheadend HTSP Client: pvr.hts - demux pkt idx 1:1 type B pts 4817777.000000 len 3097
3442
16:40:59.540 T:3534230368 DEBUG: AddOnLog: Tvheadend HTSP Client: pvr.hts - demux read idx :1 pts 4817777.000000 len 3097
3443
16:40:59.540 T:3639599968 DEBUG: AddOnLog: Tvheadend HTSP Client: pvr.hts - receive message [muxpkt]
3444
16:40:59.540 T:3639599968 DEBUG: AddOnLog: Tvheadend HTSP Client: pvr.hts - demux pkt idx 3:3 type _ pts 3297777.000000 len 139
3445
16:40:59.540 T:3534230368 DEBUG: AddOnLog: Tvheadend HTSP Client: pvr.hts - demux read idx :3 pts 3297777.000000 len 139
3446
16:40:59.540 T:3639599968 DEBUG: AddOnLog: Tvheadend HTSP Client: pvr.hts - receive message [muxpkt]
3447
16:40:59.540 T:3639599968 DEBUG: AddOnLog: Tvheadend HTSP Client: pvr.hts - demux pkt idx 1:1 type B pts 4837777.000000 len 3066
3448
16:40:59.540 T:3534230368 DEBUG: AddOnLog: Tvheadend HTSP Client: pvr.hts - demux read idx :1 pts 4837777.000000 len 3066
3449
16:40:59.540 T:3639599968 DEBUG: AddOnLog: Tvheadend HTSP Client: pvr.hts - receive message [muxpkt]
3450
16:40:59.540 T:3639599968 DEBUG: AddOnLog: Tvheadend HTSP Client: pvr.hts - demux pkt idx 3:3 type _ pts 3317777.000000 len 139
3451
16:40:59.540 T:3525841760 DEBUG: CAMLCodec::Decode: ret: 0, sz: 0, dts_in: 18442240474082.1797[4AA88], pts_in: 18442240474082.1797[4F0D8], adj:0, ptsOut:2.0978, amlpts:188799, idx:4124117, timesize:1.0000, drain: 0
3452
16:40:59.540 T:3534230368 DEBUG: AddOnLog: Tvheadend HTSP Client: pvr.hts - demux read idx :3 pts 3317777.000000 len 139
3453
16:40:59.551 T:3525841760 DEBUG: CAMLCodec::Decode: ret: 0, sz: 0, dts_in: 18442240474082.1797[4AA88], pts_in: 18442240474082.1797[4F0D8], adj:0, ptsOut:2.0978, amlpts:188799, idx:4124117, timesize:1.0000, drain: 0
3454
16:40:59.582 T:3639599968 DEBUG: Previous line repeats 3 times.
3455
16:40:59.582 T:3639599968 DEBUG: AddOnLog: Tvheadend HTSP Client: pvr.hts - receive message [muxpkt]
3456
16:40:59.582 T:3639599968 DEBUG: AddOnLog: Tvheadend HTSP Client: pvr.hts - demux pkt idx 3:3 type _ pts 3337777.000000 len 139
3457
16:40:59.582 T:3534230368 DEBUG: AddOnLog: Tvheadend HTSP Client: pvr.hts - demux read idx :3 pts 3337777.000000 len 139
3458
16:40:59.582 T:3639599968 DEBUG: AddOnLog: Tvheadend HTSP Client: pvr.hts - receive message [muxpkt]
3459
16:40:59.583 T:3639599968 DEBUG: AddOnLog: Tvheadend HTSP Client: pvr.hts - demux pkt idx 1:1 type P pts 5017777.000000 len 16774
3460
16:40:59.583 T:3534230368 DEBUG: AddOnLog: Tvheadend HTSP Client: pvr.hts - demux read idx :1 pts 5017777.000000 len 16774
3461
16:40:59.583 T:3639599968 DEBUG: AddOnLog: Tvheadend HTSP Client: pvr.hts - receive message [muxpkt]
3462
16:40:59.583 T:3639599968 DEBUG: AddOnLog: Tvheadend HTSP Client: pvr.hts - demux pkt idx 3:3 type _ pts 3357777.000000 len 139
3463
16:40:59.583 T:3534230368 DEBUG: AddOnLog: Tvheadend HTSP Client: pvr.hts - demux read idx :3 pts 3357777.000000 len 139
3464
16:40:59.591 T:3525841760 DEBUG: CAMLCodec::Decode: ret: 0, sz: 0, dts_in: 18442240474082.1797[4AA88], pts_in: 18442240474082.1797[4F0D8], adj:0, ptsOut:2.0978, amlpts:188799, idx:4124117, timesize:1.0000, drain: 0
3465
16:40:59.624 T:3639599968 DEBUG: Previous line repeats 3 times.
3466
16:40:59.624 T:3639599968 DEBUG: AddOnLog: Tvheadend HTSP Client: pvr.hts - receive message [muxpkt]
3467
16:40:59.625 T:3639599968 DEBUG: AddOnLog: Tvheadend HTSP Client: pvr.hts - demux pkt idx 3:3 type _ pts 3377777.000000 len 139
3468
16:40:59.625 T:3534230368 DEBUG: AddOnLog: Tvheadend HTSP Client: pvr.hts - demux read idx :3 pts 3377777.000000 len 139
3469
16:40:59.625 T:3639599968 DEBUG: AddOnLog: Tvheadend HTSP Client: pvr.hts - receive message [muxpkt]
3470
16:40:59.625 T:3639599968 DEBUG: AddOnLog: Tvheadend HTSP Client: pvr.hts - demux pkt idx 1:1 type P pts 5037777.000000 len 12109
3471
16:40:59.626 T:3534230368 DEBUG: AddOnLog: Tvheadend HTSP Client: pvr.hts - demux read idx :1 pts 5037777.000000 len 12109
3472
16:40:59.626 T:3639599968 DEBUG: AddOnLog: Tvheadend HTSP Client: pvr.hts - receive message [muxpkt]
3473
16:40:59.626 T:3639599968 DEBUG: AddOnLog: Tvheadend HTSP Client: pvr.hts - demux pkt idx 3:3 type _ pts 3397777.000000 len 139
3474
16:40:59.626 T:3534230368 DEBUG: AddOnLog: Tvheadend HTSP Client: pvr.hts - demux read idx :3 pts 3397777.000000 len 139
3475
16:40:59.626 T:3639599968 DEBUG: AddOnLog: Tvheadend HTSP Client: pvr.hts - receive message [muxpkt]
3476
16:40:59.626 T:3639599968 DEBUG: AddOnLog: Tvheadend HTSP Client: pvr.hts - demux pkt idx 1:1 type B pts 4937777.000000 len 4089
3477
16:40:59.626 T:3534230368 DEBUG: AddOnLog: Tvheadend HTSP Client: pvr.hts - demux read idx :1 pts 4937777.000000 len 4089
3478
16:40:59.626 T:3639599968 DEBUG: AddOnLog: Tvheadend HTSP Client: pvr.hts - receive message [muxpkt]
3479
16:40:59.626 T:3639599968 DEBUG: AddOnLog: Tvheadend HTSP Client: pvr.hts - demux pkt idx 2:2 type _ pts 3281200.000000 len 1024
3480
16:40:59.626 T:3534230368 DEBUG: AddOnLog: Tvheadend HTSP Client: pvr.hts - demux read idx :2 pts 3281200.000000 len 1024
3481
16:40:59.626 T:3639599968 DEBUG: AddOnLog: Tvheadend HTSP Client: pvr.hts - receive message [muxpkt]
3482
16:40:59.627 T:3639599968 DEBUG: AddOnLog: Tvheadend HTSP Client: pvr.hts - demux pkt idx 2:2 type _ pts 3313200.000000 len 1024
3483
16:40:59.627 T:3534230368 DEBUG: AddOnLog: Tvheadend HTSP Client: pvr.hts - demux read idx :2 pts 3313200.000000 len 1024
3484
16:40:59.627 T:3639599968 DEBUG: AddOnLog: Tvheadend HTSP Client: pvr.hts - receive message [muxpkt]
3485
16:40:59.627 T:3639599968 DEBUG: AddOnLog: Tvheadend HTSP Client: pvr.hts - demux pkt idx 2:2 type _ pts 3345200.000000 len 1024
3486
16:40:59.627 T:3534230368 DEBUG: AddOnLog: Tvheadend HTSP Client: pvr.hts - demux read idx :2 pts 3345200.000000 len 1024
3487
16:40:59.627 T:3639599968 DEBUG: AddOnLog: Tvheadend HTSP Client: pvr.hts - receive message [muxpkt]
3488
16:40:59.627 T:3639599968 DEBUG: AddOnLog: Tvheadend HTSP Client: pvr.hts - demux pkt idx 2:2 type _ pts 3377200.000000 len 1024
3489
16:40:59.627 T:3534230368 DEBUG: AddOnLog: Tvheadend HTSP Client: pvr.hts - demux read idx :2 pts 3377200.000000 len 1024
3490
16:40:59.627 T:3639599968 DEBUG: AddOnLog: Tvheadend HTSP Client: pvr.hts - receive message [muxpkt]
3491
16:40:59.627 T:3639599968 DEBUG: AddOnLog: Tvheadend HTSP Client: pvr.hts - demux pkt idx 2:2 type _ pts 3409200.000000 len 1024
3492
16:40:59.627 T:3534230368 DEBUG: AddOnLog: Tvheadend HTSP Client: pvr.hts - demux read idx :2 pts 3409200.000000 len 1024
3493
16:40:59.632 T:3525841760 DEBUG: CAMLCodec::Decode: ret: 0, sz: 0, dts_in: 18442240474082.1797[4AA88], pts_in: 18442240474082.1797[4F0D8], adj:0, ptsOut:2.0978, amlpts:188799, idx:4124117, timesize:1.0000, drain: 0
3494
16:40:59.666 T:3639599968 DEBUG: Previous line repeats 3 times.
3495
16:40:59.666 T:3639599968 DEBUG: AddOnLog: Tvheadend HTSP Client: pvr.hts - receive message [muxpkt]
3496
16:40:59.667 T:3639599968 DEBUG: AddOnLog: Tvheadend HTSP Client: pvr.hts - demux pkt idx 1:1 type B pts 4957777.000000 len 3764
3497
16:40:59.667 T:3534230368 DEBUG: AddOnLog: Tvheadend HTSP Client: pvr.hts - demux read idx :1 pts 4957777.000000 len 3764
3498
16:40:59.667 T:3639599968 DEBUG: AddOnLog: Tvheadend HTSP Client: pvr.hts - receive message [muxpkt]
3499
16:40:59.667 T:3639599968 DEBUG: AddOnLog: Tvheadend HTSP Client: pvr.hts - demux pkt idx 3:3 type _ pts 3417777.000000 len 139
3500
16:40:59.667 T:3534230368 DEBUG: AddOnLog: Tvheadend HTSP Client: pvr.hts - demux read idx :3 pts 3417777.000000 len 139
3501
16:40:59.667 T:3639599968 DEBUG: AddOnLog: Tvheadend HTSP Client: pvr.hts - receive message [muxpkt]
3502
16:40:59.667 T:3639599968 DEBUG: AddOnLog: Tvheadend HTSP Client: pvr.hts - demux pkt idx 1:1 type B pts 4897777.000000 len 3962
3503
16:40:59.668 T:3639599968 DEBUG: AddOnLog: Tvheadend HTSP Client: pvr.hts - receive message [muxpkt]
3504
16:40:59.668 T:3534230368 DEBUG: AddOnLog: Tvheadend HTSP Client: pvr.hts - demux read idx :1 pts 4897777.000000 len 3962
3505
16:40:59.668 T:3639599968 DEBUG: AddOnLog: Tvheadend HTSP Client: pvr.hts - demux pkt idx 1:1 type B pts 4917777.000000 len 3259
3506
16:40:59.668 T:3639599968 DEBUG: AddOnLog: Tvheadend HTSP Client: pvr.hts - receive message [muxpkt]
3507
16:40:59.668 T:3534230368 DEBUG: AddOnLog: Tvheadend HTSP Client: pvr.hts - demux read idx :1 pts 4917777.000000 len 3259
3508
16:40:59.668 T:3639599968 DEBUG: AddOnLog: Tvheadend HTSP Client: pvr.hts - demux pkt idx 3:3 type _ pts 3437777.000000 len 139
3509
16:40:59.668 T:3534230368 DEBUG: AddOnLog: Tvheadend HTSP Client: pvr.hts - demux read idx :3 pts 3437777.000000 len 139
3510
16:40:59.668 T:3639599968 DEBUG: AddOnLog: Tvheadend HTSP Client: pvr.hts - receive message [muxpkt]
3511
16:40:59.668 T:3639599968 DEBUG: AddOnLog: Tvheadend HTSP Client: pvr.hts - demux pkt idx 1:1 type B pts 4977777.000000 len 3271
3512
16:40:59.668 T:3534230368 DEBUG: AddOnLog: Tvheadend HTSP Client: pvr.hts - demux read idx :1 pts 4977777.000000 len 3271
3513
16:40:59.673 T:3525841760 DEBUG: CAMLCodec::Decode: ret: 0, sz: 0, dts_in: 18442240474082.1797[4AA88], pts_in: 18442240474082.1797[4F0D8], adj:0, ptsOut:2.0978, amlpts:188799, idx:4124117, timesize:1.0000, drain: 0
3514
16:40:59.710 T:3639599968 DEBUG: Previous line repeats 3 times.
3515
16:40:59.710 T:3639599968 DEBUG: AddOnLog: Tvheadend HTSP Client: pvr.hts - receive message [muxpkt]
3516
16:40:59.710 T:3639599968 DEBUG: AddOnLog: Tvheadend HTSP Client: pvr.hts - demux pkt idx 1:1 type B pts 4997777.000000 len 2905
3517
16:40:59.710 T:3639599968 DEBUG: AddOnLog: Tvheadend HTSP Client: pvr.hts - receive message [muxpkt]
3518
16:40:59.710 T:3534230368 DEBUG: AddOnLog: Tvheadend HTSP Client: pvr.hts - demux read idx :1 pts 4997777.000000 len 2905
3519
16:40:59.711 T:3639599968 DEBUG: AddOnLog: Tvheadend HTSP Client: pvr.hts - demux pkt idx 3:3 type _ pts 3457777.000000 len 139
3520
16:40:59.711 T:3534230368 DEBUG: AddOnLog: Tvheadend HTSP Client: pvr.hts - demux read idx :3 pts 3457777.000000 len 139
3521
16:40:59.711 T:3639599968 DEBUG: AddOnLog: Tvheadend HTSP Client: pvr.hts - receive message [muxpkt]
3522
16:40:59.711 T:3639599968 DEBUG: AddOnLog: Tvheadend HTSP Client: pvr.hts - demux pkt idx 3:3 type _ pts 3477777.000000 len 139
3523
16:40:59.711 T:3534230368 DEBUG: AddOnLog: Tvheadend HTSP Client: pvr.hts - demux read idx :3 pts 3477777.000000 len 139
3524
16:40:59.714 T:3525841760 DEBUG: CAMLCodec::Decode: ret: 0, sz: 0, dts_in: 18442240474082.1797[4AA88], pts_in: 18442240474082.1797[4F0D8], adj:0, ptsOut:2.0978, amlpts:188799, idx:4124117, timesize:1.0000, drain: 0
3525
16:40:59.754 T:3639599968 DEBUG: Previous line repeats 3 times.
3526
16:40:59.754 T:3639599968 DEBUG: AddOnLog: Tvheadend HTSP Client: pvr.hts - receive message [muxpkt]
3527
16:40:59.754 T:3639599968 DEBUG: AddOnLog: Tvheadend HTSP Client: pvr.hts - demux pkt idx 3:3 type _ pts 3497777.000000 len 139
3528
16:40:59.754 T:3534230368 DEBUG: AddOnLog: Tvheadend HTSP Client: pvr.hts - demux read idx :3 pts 3497777.000000 len 139
3529
16:40:59.754 T:3639599968 DEBUG: AddOnLog: Tvheadend HTSP Client: pvr.hts - receive message [muxpkt]
3530
16:40:59.754 T:3639599968 DEBUG: AddOnLog: Tvheadend HTSP Client: pvr.hts - demux pkt idx 1:1 type P pts 5177777.000000 len 19643
3531
16:40:59.754 T:3639599968 DEBUG: AddOnLog: Tvheadend HTSP Client: pvr.hts - receive message [muxpkt]
3532
16:40:59.755 T:3534230368 DEBUG: AddOnLog: Tvheadend HTSP Client: pvr.hts - demux read idx :1 pts 5177777.000000 len 19643
3533
16:40:59.755 T:3639599968 DEBUG: AddOnLog: Tvheadend HTSP Client: pvr.hts - demux pkt idx 3:3 type _ pts 3517777.000000 len 139
3534
16:40:59.755 T:3534230368 DEBUG: AddOnLog: Tvheadend HTSP Client: pvr.hts - demux read idx :3 pts 3517777.000000 len 139
3535
16:40:59.755 T:3525841760 DEBUG: CAMLCodec::Decode: ret: 0, sz: 0, dts_in: 18442240474082.1797[4AA88], pts_in: 18442240474082.1797[4F0D8], adj:0, ptsOut:2.0978, amlpts:188799, idx:4124117, timesize:1.0000, drain: 0
3536
16:40:59.797 T:3639599968 DEBUG: Previous line repeats 4 times.
3537
16:40:59.798 T:3639599968 DEBUG: AddOnLog: Tvheadend HTSP Client: pvr.hts - receive message [muxpkt]
3538
16:40:59.798 T:3639599968 DEBUG: AddOnLog: Tvheadend HTSP Client: pvr.hts - demux pkt idx 3:3 type _ pts 3537777.000000 len 139
3539
16:40:59.798 T:3534230368 DEBUG: AddOnLog: Tvheadend HTSP Client: pvr.hts - demux read idx :3 pts 3537777.000000 len 139
3540
16:40:59.798 T:3639599968 DEBUG: AddOnLog: Tvheadend HTSP Client: pvr.hts - receive message [muxpkt]
3541
16:40:59.798 T:3639599968 DEBUG: AddOnLog: Tvheadend HTSP Client: pvr.hts - demux pkt idx 1:1 type P pts 5197777.000000 len 13933
3542
16:40:59.798 T:3639599968 DEBUG: AddOnLog: Tvheadend HTSP Client: pvr.hts - receive message [muxpkt]
3543
16:40:59.798 T:3534230368 DEBUG: AddOnLog: Tvheadend HTSP Client: pvr.hts - demux read idx :1 pts 5197777.000000 len 13933
3544
16:40:59.799 T:3639599968 DEBUG: AddOnLog: Tvheadend HTSP Client: pvr.hts - demux pkt idx 1:1 type B pts 5097777.000000 len 5102
3545
16:40:59.799 T:3534230368 DEBUG: AddOnLog: Tvheadend HTSP Client: pvr.hts - demux read idx :1 pts 5097777.000000 len 5102
3546
16:40:59.799 T:3639599968 DEBUG: AddOnLog: Tvheadend HTSP Client: pvr.hts - receive message [muxpkt]
3547
16:40:59.799 T:3639599968 DEBUG: AddOnLog: Tvheadend HTSP Client: pvr.hts - demux pkt idx 3:3 type _ pts 3557777.000000 len 139
3548
16:40:59.799 T:3534230368 DEBUG: AddOnLog: Tvheadend HTSP Client: pvr.hts - demux read idx :3 pts 3557777.000000 len 139
3549
16:40:59.799 T:3639599968 DEBUG: AddOnLog: Tvheadend HTSP Client: pvr.hts - receive message [muxpkt]
3550
16:40:59.799 T:3639599968 DEBUG: AddOnLog: Tvheadend HTSP Client: pvr.hts - demux pkt idx 2:2 type _ pts 3441200.000000 len 1024
3551
16:40:59.799 T:3534230368 DEBUG: AddOnLog: Tvheadend HTSP Client: pvr.hts - demux read idx :2 pts 3441200.000000 len 1024
3552
16:40:59.799 T:3639599968 DEBUG: AddOnLog: Tvheadend HTSP Client: pvr.hts - receive message [muxpkt]
3553
16:40:59.799 T:3639599968 DEBUG: AddOnLog: Tvheadend HTSP Client: pvr.hts - demux pkt idx 2:2 type _ pts 3473200.000000 len 1024
3554
16:40:59.799 T:3534230368 DEBUG: AddOnLog: Tvheadend HTSP Client: pvr.hts - demux read idx :2 pts 3473200.000000 len 1024
3555
16:40:59.799 T:3639599968 DEBUG: AddOnLog: Tvheadend HTSP Client: pvr.hts - receive message [muxpkt]
3556
16:40:59.799 T:3639599968 DEBUG: AddOnLog: Tvheadend HTSP Client: pvr.hts - demux pkt idx 2:2 type _ pts 3505200.000000 len 1024
3557
16:40:59.800 T:3534230368 DEBUG: AddOnLog: Tvheadend HTSP Client: pvr.hts - demux read idx :2 pts 3505200.000000 len 1024
3558
16:40:59.800 T:3639599968 DEBUG: AddOnLog: Tvheadend HTSP Client: pvr.hts - receive message [muxpkt]
3559
16:40:59.800 T:3639599968 DEBUG: AddOnLog: Tvheadend HTSP Client: pvr.hts - demux pkt idx 2:2 type _ pts 3537200.000000 len 1024
3560
16:40:59.800 T:3534230368 DEBUG: AddOnLog: Tvheadend HTSP Client: pvr.hts - demux read idx :2 pts 3537200.000000 len 1024
3561
16:40:59.800 T:3639599968 DEBUG: AddOnLog: Tvheadend HTSP Client: pvr.hts - receive message [muxpkt]
3562
16:40:59.800 T:3639599968 DEBUG: AddOnLog: Tvheadend HTSP Client: pvr.hts - demux pkt idx 2:2 type _ pts 3569200.000000 len 1024
3563
16:40:59.800 T:3534230368 DEBUG: AddOnLog: Tvheadend HTSP Client: pvr.hts - demux read idx :2 pts 3569200.000000 len 1024
3564
16:40:59.800 T:3639599968 DEBUG: AddOnLog: Tvheadend HTSP Client: pvr.hts - receive message [muxpkt]
3565
16:40:59.800 T:3639599968 DEBUG: AddOnLog: Tvheadend HTSP Client: pvr.hts - demux pkt idx 1:1 type B pts 5117777.000000 len 5402
3566
16:40:59.800 T:3534230368 DEBUG: AddOnLog: Tvheadend HTSP Client: pvr.hts - demux read idx :1 pts 5117777.000000 len 5402
3567
16:40:59.806 T:3525841760 DEBUG: CAMLCodec::Decode: ret: 0, sz: 0, dts_in: 18442240474082.1797[4AA88], pts_in: 18442240474082.1797[4F0D8], adj:0, ptsOut:2.0978, amlpts:188799, idx:4124117, timesize:1.0000, drain: 0
3568
16:40:59.841 T:3639599968 DEBUG: Previous line repeats 3 times.
3569
16:40:59.841 T:3639599968 DEBUG: AddOnLog: Tvheadend HTSP Client: pvr.hts - receive message [muxpkt]
3570
16:40:59.842 T:3639599968 DEBUG: AddOnLog: Tvheadend HTSP Client: pvr.hts - demux pkt idx 3:3 type _ pts 3577777.000000 len 139
3571
16:40:59.842 T:3534230368 DEBUG: AddOnLog: Tvheadend HTSP Client: pvr.hts - demux read idx :3 pts 3577777.000000 len 139
3572
16:40:59.842 T:3639599968 DEBUG: AddOnLog: Tvheadend HTSP Client: pvr.hts - receive message [muxpkt]
3573
16:40:59.842 T:3639599968 DEBUG: AddOnLog: Tvheadend HTSP Client: pvr.hts - demux pkt idx 1:1 type B pts 5057777.000000 len 4170
3574
16:40:59.842 T:3534230368 DEBUG: AddOnLog: Tvheadend HTSP Client: pvr.hts - demux read idx :1 pts 5057777.000000 len 4170
3575
16:40:59.842 T:3639599968 DEBUG: AddOnLog: Tvheadend HTSP Client: pvr.hts - receive message [muxpkt]
3576
16:40:59.842 T:3639599968 DEBUG: AddOnLog: Tvheadend HTSP Client: pvr.hts - demux pkt idx 1:1 type B pts 5077777.000000 len 3707
3577
16:40:59.842 T:3534230368 DEBUG: AddOnLog: Tvheadend HTSP Client: pvr.hts - demux read idx :1 pts 5077777.000000 len 3707
3578
16:40:59.842 T:3639599968 DEBUG: AddOnLog: Tvheadend HTSP Client: pvr.hts - receive message [muxpkt]
3579
16:40:59.843 T:3639599968 DEBUG: AddOnLog: Tvheadend HTSP Client: pvr.hts - demux pkt idx 3:3 type _ pts 3597777.000000 len 139
3580
16:40:59.843 T:3534230368 DEBUG: AddOnLog: Tvheadend HTSP Client: pvr.hts - demux read idx :3 pts 3597777.000000 len 139
3581
16:40:59.843 T:3639599968 DEBUG: AddOnLog: Tvheadend HTSP Client: pvr.hts - receive message [muxpkt]
3582
16:40:59.843 T:3639599968 DEBUG: AddOnLog: Tvheadend HTSP Client: pvr.hts - demux pkt idx 1:1 type B pts 5137777.000000 len 3782
3583
16:40:59.843 T:3534230368 DEBUG: AddOnLog: Tvheadend HTSP Client: pvr.hts - demux read idx :1 pts 5137777.000000 len 3782
3584
16:40:59.843 T:3639599968 DEBUG: AddOnLog: Tvheadend HTSP Client: pvr.hts - receive message [muxpkt]
3585
16:40:59.843 T:3639599968 DEBUG: AddOnLog: Tvheadend HTSP Client: pvr.hts - demux pkt idx 1:1 type B pts 5157777.000000 len 3585
3586
16:40:59.843 T:3534230368 DEBUG: AddOnLog: Tvheadend HTSP Client: pvr.hts - demux read idx :1 pts 5157777.000000 len 3585
3587
16:40:59.843 T:3639599968 DEBUG: AddOnLog: Tvheadend HTSP Client: pvr.hts - receive message [muxpkt]
3588
16:40:59.843 T:3639599968 DEBUG: AddOnLog: Tvheadend HTSP Client: pvr.hts - demux pkt idx 3:3 type _ pts 3617777.000000 len 139
3589
16:40:59.843 T:3534230368 DEBUG: AddOnLog: Tvheadend HTSP Client: pvr.hts - demux read idx :3 pts 3617777.000000 len 139
3590
16:40:59.847 T:3525841760 DEBUG: CAMLCodec::Decode: ret: 0, sz: 0, dts_in: 18442240474082.1797[4AA88], pts_in: 18442240474082.1797[4F0D8], adj:0, ptsOut:2.0978, amlpts:188799, idx:4124117, timesize:1.0000, drain: 0
3591
16:40:59.883 T:3639599968 DEBUG: Previous line repeats 3 times.
3592
16:40:59.883 T:3639599968 DEBUG: AddOnLog: Tvheadend HTSP Client: pvr.hts - receive message [signalStatus]
3593
16:40:59.883 T:3639599968 DEBUG: AddOnLog: Tvheadend HTSP Client: pvr.hts - signalStatus:
3594
16:40:59.883 T:3639599968 DEBUG: AddOnLog: Tvheadend HTSP Client: pvr.hts - status : GOOD
3595
16:40:59.883 T:3639599968 DEBUG: AddOnLog: Tvheadend HTSP Client: pvr.hts - ber : 0
3596
16:40:59.883 T:3639599968 DEBUG: AddOnLog: Tvheadend HTSP Client: pvr.hts - unc : 0
3597
16:40:59.886 T:3639599968 DEBUG: AddOnLog: Tvheadend HTSP Client: pvr.hts - receive message [muxpkt]
3598
16:40:59.886 T:3639599968 DEBUG: AddOnLog: Tvheadend HTSP Client: pvr.hts - demux pkt idx 3:3 type _ pts 3637777.000000 len 139
3599
16:40:59.886 T:3534230368 DEBUG: AddOnLog: Tvheadend HTSP Client: pvr.hts - demux read idx :3 pts 3637777.000000 len 139
3600
16:40:59.886 T:3639599968 DEBUG: AddOnLog: Tvheadend HTSP Client: pvr.hts - receive message [muxpkt]
3601
16:40:59.886 T:3639599968 DEBUG: AddOnLog: Tvheadend HTSP Client: pvr.hts - demux pkt idx 3:3 type _ pts 3657777.000000 len 139
3602
16:40:59.886 T:3534230368 DEBUG: AddOnLog: Tvheadend HTSP Client: pvr.hts - demux read idx :3 pts 3657777.000000 len 139
3603
16:40:59.888 T:3525841760 DEBUG: CAMLCodec::Decode: ret: 0, sz: 0, dts_in: 18442240474082.1797[4AA88], pts_in: 18442240474082.1797[4F0D8], adj:0, ptsOut:2.0978, amlpts:188799, idx:4124117, timesize:1.0000, drain: 0
3604
16:40:59.914 T:3639599968 DEBUG: Previous line repeats 2 times.
3605
16:40:59.914 T:3639599968 DEBUG: AddOnLog: Tvheadend HTSP Client: pvr.hts - receive message [timeshiftStatus]
3606
16:40:59.914 T:3639599968 DEBUG: AddOnLog: Tvheadend HTSP Client: pvr.hts - timeshiftStatus:
3607
16:40:59.914 T:3639599968 DEBUG: AddOnLog: Tvheadend HTSP Client: pvr.hts - full : 0
3608
16:40:59.914 T:3639599968 DEBUG: AddOnLog: Tvheadend HTSP Client: pvr.hts - shift : 0
3609
16:40:59.914 T:3639599968 DEBUG: AddOnLog: Tvheadend HTSP Client: pvr.hts - start : 1977766
3610
16:40:59.914 T:3639599968 DEBUG: AddOnLog: Tvheadend HTSP Client: pvr.hts - end : 5197766
3611
16:40:59.918 T:3525841760 DEBUG: CAMLCodec::Decode: ret: 0, sz: 0, dts_in: 18442240474082.1797[4AA88], pts_in: 18442240474082.1797[4F0D8], adj:0, ptsOut:2.0978, amlpts:188799, idx:4124117, timesize:1.0000, drain: 0
3612
16:40:59.927 T:3639599968 DEBUG: AddOnLog: Tvheadend HTSP Client: pvr.hts - receive message [muxpkt]
3613
16:40:59.927 T:3639599968 DEBUG: AddOnLog: Tvheadend HTSP Client: pvr.hts - demux pkt idx 3:3 type _ pts 3677777.000000 len 139
3614
16:40:59.927 T:3534230368 DEBUG: AddOnLog: Tvheadend HTSP Client: pvr.hts - demux read idx :3 pts 3677777.000000 len 139
3615
16:40:59.927 T:3639599968 DEBUG: AddOnLog: Tvheadend HTSP Client: pvr.hts - receive message [queueStatus]
3616
16:40:59.927 T:3639599968 DEBUG: AddOnLog: Tvheadend HTSP Client: pvr.hts - stream stats:
3617
16:40:59.927 T:3639599968 DEBUG: AddOnLog: Tvheadend HTSP Client: pvr.hts - idx:1 num:168
3618
16:40:59.927 T:3639599968 DEBUG: AddOnLog: Tvheadend HTSP Client: pvr.hts - idx:2 num:112
3619
16:40:59.927 T:3639599968 DEBUG: AddOnLog: Tvheadend HTSP Client: pvr.hts - idx:3 num:184
3620
16:40:59.927 T:3639599968 DEBUG: AddOnLog: Tvheadend HTSP Client: pvr.hts - idx:4 num:2
3621
16:40:59.927 T:3639599968 DEBUG: AddOnLog: Tvheadend HTSP Client: pvr.hts - queue stats:
3622
16:40:59.927 T:3639599968 DEBUG: AddOnLog: Tvheadend HTSP Client: pvr.hts - pkts 1
3623
16:40:59.927 T:3639599968 DEBUG: AddOnLog: Tvheadend HTSP Client: pvr.hts - bytes 139
3624
16:40:59.928 T:3639599968 DEBUG: AddOnLog: Tvheadend HTSP Client: pvr.hts - delay 0
3625
16:40:59.928 T:3639599968 DEBUG: AddOnLog: Tvheadend HTSP Client: pvr.hts - Idrop 0
3626
16:40:59.928 T:3639599968 DEBUG: AddOnLog: Tvheadend HTSP Client: pvr.hts - Pdrop 0
3627
16:40:59.928 T:3639599968 DEBUG: AddOnLog: Tvheadend HTSP Client: pvr.hts - Bdrop 0
3628
16:40:59.928 T:3639599968 DEBUG: AddOnLog: Tvheadend HTSP Client: pvr.hts - receive message [muxpkt]
3629
16:40:59.928 T:3639599968 DEBUG: AddOnLog: Tvheadend HTSP Client: pvr.hts - demux pkt idx 3:3 type _ pts 3697777.000000 len 139
3630
16:40:59.928 T:3534230368 DEBUG: AddOnLog: Tvheadend HTSP Client: pvr.hts - demux read idx :3 pts 3697777.000000 len 139
3631
16:40:59.929 T:3525841760 DEBUG: CAMLCodec::Decode: ret: 0, sz: 0, dts_in: 18442240474082.1797[4AA88], pts_in: 18442240474082.1797[4F0D8], adj:0, ptsOut:2.0978, amlpts:188799, idx:4124117, timesize:1.0000, drain: 0
3632
16:40:59.948 T:3639599968 DEBUG: Previous line repeats 1 times.
3633
16:40:59.948 T:3639599968 DEBUG: AddOnLog: Tvheadend HTSP Client: pvr.hts - receive message [muxpkt]
3634
16:40:59.949 T:3639599968 DEBUG: AddOnLog: Tvheadend HTSP Client: pvr.hts - demux pkt idx 3:3 type _ pts 3717777.000000 len 139
3635
16:40:59.949 T:3534230368 DEBUG: AddOnLog: Tvheadend HTSP Client: pvr.hts - demux read idx :3 pts 3717777.000000 len 139
3636
16:40:59.949 T:3639599968 DEBUG: AddOnLog: Tvheadend HTSP Client: pvr.hts - receive message [muxpkt]
3637
16:40:59.949 T:3639599968 DEBUG: AddOnLog: Tvheadend HTSP Client: pvr.hts - demux pkt idx 2:2 type _ pts 3601200.000000 len 1024
3638
16:40:59.949 T:3639599968 DEBUG: AddOnLog: Tvheadend HTSP Client: pvr.hts - receive message [muxpkt]
3639
16:40:59.949 T:3534230368 DEBUG: AddOnLog: Tvheadend HTSP Client: pvr.hts - demux read idx :2 pts 3601200.000000 len 1024
3640
16:40:59.949 T:3639599968 DEBUG: AddOnLog: Tvheadend HTSP Client: pvr.hts - demux pkt idx 2:2 type _ pts 3633200.000000 len 1024
3641
16:40:59.949 T:3525841760 DEBUG: CAMLCodec::Decode: ret: 2, sz: 0, dts_in: 18442240474082.1797[4AA88], pts_in: 18442240474082.1797[4F0D8], adj:0, ptsOut:2.0978, amlpts:188799, idx:4124117, timesize:1.0000, drain: 0
3642
16:40:59.949 T:3639599968 DEBUG: AddOnLog: Tvheadend HTSP Client: pvr.hts - receive message [muxpkt]
3643
16:40:59.949 T:3534230368 DEBUG: AddOnLog: Tvheadend HTSP Client: pvr.hts - demux read idx :2 pts 3633200.000000 len 1024
3644
16:40:59.949 T:3639599968 DEBUG: AddOnLog: Tvheadend HTSP Client: pvr.hts - demux pkt idx 2:2 type _ pts 3665200.000000 len 1024
3645
16:40:59.949 T:3639599968 DEBUG: AddOnLog: Tvheadend HTSP Client: pvr.hts - receive message [muxpkt]
3646
16:40:59.949 T:3534230368 DEBUG: AddOnLog: Tvheadend HTSP Client: pvr.hts - demux read idx :2 pts 3665200.000000 len 1024
3647
16:40:59.950 T:3639599968 DEBUG: AddOnLog: Tvheadend HTSP Client: pvr.hts - demux pkt idx 2:2 type _ pts 3697200.000000 len 1024
3648
16:40:59.950 T:3534230368 DEBUG: AddOnLog: Tvheadend HTSP Client: pvr.hts - demux read idx :2 pts 3697200.000000 len 1024
3649
16:40:59.950 T:3639599968 DEBUG: AddOnLog: Tvheadend HTSP Client: pvr.hts - receive message [muxpkt]
3650
16:40:59.950 T:3639599968 DEBUG: AddOnLog: Tvheadend HTSP Client: pvr.hts - demux pkt idx 2:2 type _ pts 3729200.000000 len 1024
3651
16:40:59.950 T:3534230368 DEBUG: AddOnLog: Tvheadend HTSP Client: pvr.hts - demux read idx :2 pts 3729200.000000 len 1024
3652
16:40:59.959 T:3525841760 DEBUG: CAMLCodec::Decode: ret: 0, sz: 2409, dts_in: 3.4178[4B190], pts_in: 3.4978[4CDB0], adj:0, ptsOut:2.0978, amlpts:188799, idx:4124117, timesize:1.0400, drain: 0
3653
16:40:59.970 T:3525841760 DEBUG: CAMLCodec::Decode: ret: 0, sz: 0, dts_in: 18442240474082.1797[4B190], pts_in: 18442240474082.1797[4CDB0], adj:0, ptsOut:2.0978, amlpts:188799, idx:4124117, timesize:1.0400, drain: 0
3654
16:40:59.991 T:3639599968 DEBUG: Previous line repeats 2 times.
3655
16:40:59.991 T:3639599968 DEBUG: AddOnLog: Tvheadend HTSP Client: pvr.hts - receive message [muxpkt]
3656
16:40:59.991 T:3639599968 DEBUG: AddOnLog: Tvheadend HTSP Client: pvr.hts - demux pkt idx 3:3 type _ pts 3737777.000000 len 139
3657
16:40:59.992 T:3534230368 DEBUG: AddOnLog: Tvheadend HTSP Client: pvr.hts - demux read idx :3 pts 3737777.000000 len 139
3658
16:40:59.992 T:3639599968 DEBUG: AddOnLog: Tvheadend HTSP Client: pvr.hts - receive message [muxpkt]
3659
16:40:59.992 T:3639599968 DEBUG: AddOnLog: Tvheadend HTSP Client: pvr.hts - demux pkt idx 3:3 type _ pts 3757777.000000 len 139
3660
16:40:59.992 T:3534230368 DEBUG: AddOnLog: Tvheadend HTSP Client: pvr.hts - demux read idx :3 pts 3757777.000000 len 139
3661
16:41:00.000 T:3525841760 DEBUG: CAMLCodec::Decode: ret: 0, sz: 0, dts_in: 18442240474082.1797[4B190], pts_in: 18442240474082.1797[4CDB0], adj:0, ptsOut:2.0978, amlpts:188799, idx:4124117, timesize:1.0400, drain: 0
3662
16:41:00.031 T:3639599968 DEBUG: Previous line repeats 3 times.
3663
16:41:00.036 T:3639599968 DEBUG: AddOnLog: Tvheadend HTSP Client: pvr.hts - receive message [muxpkt]
3664
16:41:00.036 T:3639599968 DEBUG: AddOnLog: Tvheadend HTSP Client: pvr.hts - demux pkt idx 3:3 type _ pts 3777777.000000 len 139
3665
16:41:00.036 T:3534230368 DEBUG: AddOnLog: Tvheadend HTSP Client: pvr.hts - demux read idx :3 pts 3777777.000000 len 139
3666
16:41:00.036 T:3639599968 DEBUG: AddOnLog: Tvheadend HTSP Client: pvr.hts - receive message [muxpkt]
3667
16:41:00.036 T:3639599968 DEBUG: AddOnLog: Tvheadend HTSP Client: pvr.hts - demux pkt idx 3:3 type _ pts 3797777.000000 len 139
3668
16:41:00.036 T:3534230368 DEBUG: AddOnLog: Tvheadend HTSP Client: pvr.hts - demux read idx :3 pts 3797777.000000 len 139
3669
16:41:00.041 T:3525841760 DEBUG: CAMLCodec::Decode: ret: 0, sz: 0, dts_in: 18442240474082.1797[4B190], pts_in: 18442240474082.1797[4CDB0], adj:0, ptsOut:2.0978, amlpts:188799, idx:4124117, timesize:1.0400, drain: 0
3670
16:41:00.069 T:3639599968 DEBUG: Previous line repeats 2 times.
3671
16:41:00.069 T:3639599968 DEBUG: AddOnLog: Tvheadend HTSP Client: pvr.hts - receive message [muxpkt]
3672
16:41:00.069 T:3639599968 DEBUG: AddOnLog: Tvheadend HTSP Client: pvr.hts - demux pkt idx 3:3 type _ pts 3817777.000000 len 139
3673
16:41:00.069 T:3534230368 DEBUG: AddOnLog: Tvheadend HTSP Client: pvr.hts - demux read idx :3 pts 3817777.000000 len 139
3674
16:41:00.069 T:3639599968 DEBUG: AddOnLog: Tvheadend HTSP Client: pvr.hts - receive message [muxpkt]
3675
16:41:00.069 T:3639599968 DEBUG: AddOnLog: Tvheadend HTSP Client: pvr.hts - demux pkt idx 3:3 type _ pts 3837777.000000 len 139
3676
16:41:00.069 T:3534230368 DEBUG: AddOnLog: Tvheadend HTSP Client: pvr.hts - demux read idx :3 pts 3837777.000000 len 139
3677
16:41:00.072 T:3525841760 DEBUG: CAMLCodec::Decode: ret: 0, sz: 0, dts_in: 18442240474082.1797[4B190], pts_in: 18442240474082.1797[4CDB0], adj:0, ptsOut:2.0978, amlpts:188799, idx:4124117, timesize:1.0400, drain: 0
3678
16:41:00.107 T:3639599968 DEBUG: Previous line repeats 3 times.
3679
16:41:00.107 T:3639599968 DEBUG: AddOnLog: Tvheadend HTSP Client: pvr.hts - receive message [muxpkt]
3680
16:41:00.108 T:3639599968 DEBUG: AddOnLog: Tvheadend HTSP Client: pvr.hts - demux pkt idx 3:3 type _ pts 3857777.000000 len 139
3681
16:41:00.108 T:3534230368 DEBUG: AddOnLog: Tvheadend HTSP Client: pvr.hts - demux read idx :3 pts 3857777.000000 len 139
3682
16:41:00.108 T:3639599968 DEBUG: AddOnLog: Tvheadend HTSP Client: pvr.hts - receive message [muxpkt]
3683
16:41:00.108 T:3639599968 DEBUG: AddOnLog: Tvheadend HTSP Client: pvr.hts - demux pkt idx 3:3 type _ pts 3877777.000000 len 139
3684
16:41:00.108 T:3639599968 DEBUG: AddOnLog: Tvheadend HTSP Client: pvr.hts - receive message [muxpkt]
3685
16:41:00.108 T:3534230368 DEBUG: AddOnLog: Tvheadend HTSP Client: pvr.hts - demux read idx :3 pts 3877777.000000 len 139
3686
16:41:00.108 T:3639599968 DEBUG: AddOnLog: Tvheadend HTSP Client: pvr.hts - demux pkt idx 2:2 type _ pts 3761200.000000 len 1024
3687
16:41:00.108 T:3639599968 DEBUG: AddOnLog: Tvheadend HTSP Client: pvr.hts - receive message [muxpkt]
3688
16:41:00.108 T:3534230368 DEBUG: AddOnLog: Tvheadend HTSP Client: pvr.hts - demux read idx :2 pts 3761200.000000 len 1024
3689
16:41:00.108 T:3639599968 DEBUG: AddOnLog: Tvheadend HTSP Client: pvr.hts - demux pkt idx 2:2 type _ pts 3793200.000000 len 1024
3690
16:41:00.109 T:3534230368 DEBUG: AddOnLog: Tvheadend HTSP Client: pvr.hts - demux read idx :2 pts 3793200.000000 len 1024
3691
16:41:00.109 T:3639599968 DEBUG: AddOnLog: Tvheadend HTSP Client: pvr.hts - receive message [muxpkt]
3692
16:41:00.109 T:3639599968 DEBUG: AddOnLog: Tvheadend HTSP Client: pvr.hts - demux pkt idx 2:2 type _ pts 3825200.000000 len 1024
3693
16:41:00.109 T:3534230368 DEBUG: AddOnLog: Tvheadend HTSP Client: pvr.hts - demux read idx :2 pts 3825200.000000 len 1024
3694
16:41:00.109 T:3639599968 DEBUG: AddOnLog: Tvheadend HTSP Client: pvr.hts - receive message [muxpkt]
3695
16:41:00.109 T:3639599968 DEBUG: AddOnLog: Tvheadend HTSP Client: pvr.hts - demux pkt idx 2:2 type _ pts 3857200.000000 len 1024
3696
16:41:00.109 T:3534230368 DEBUG: AddOnLog: Tvheadend HTSP Client: pvr.hts - demux read idx :2 pts 3857200.000000 len 1024
3697
16:41:00.109 T:3639599968 DEBUG: AddOnLog: Tvheadend HTSP Client: pvr.hts - receive message [muxpkt]
3698
16:41:00.109 T:3639599968 DEBUG: AddOnLog: Tvheadend HTSP Client: pvr.hts - demux pkt idx 2:2 type _ pts 3889200.000000 len 1024
3699
16:41:00.109 T:3534230368 DEBUG: AddOnLog: Tvheadend HTSP Client: pvr.hts - demux read idx :2 pts 3889200.000000 len 1024
3700
16:41:00.113 T:3525841760 DEBUG: CAMLCodec::Decode: ret: 0, sz: 0, dts_in: 18442240474082.1797[4B190], pts_in: 18442240474082.1797[4CDB0], adj:0, ptsOut:2.0978, amlpts:188799, idx:4124117, timesize:1.0400, drain: 0
3701
16:41:00.145 T:3639599968 DEBUG: Previous line repeats 3 times.
3702
16:41:00.145 T:3639599968 DEBUG: AddOnLog: Tvheadend HTSP Client: pvr.hts - receive message [muxpkt]
3703
16:41:00.145 T:3639599968 DEBUG: AddOnLog: Tvheadend HTSP Client: pvr.hts - demux pkt idx 3:3 type _ pts 3897777.000000 len 139
3704
16:41:00.145 T:3534230368 DEBUG: AddOnLog: Tvheadend HTSP Client: pvr.hts - demux read idx :3 pts 3897777.000000 len 139
3705
16:41:00.146 T:3639599968 DEBUG: AddOnLog: Tvheadend HTSP Client: pvr.hts - receive message [muxpkt]
3706
