16:40:58.464 T:3639599968 DEBUG: AddOnLog: Tvheadend HTSP Client: pvr.hts - demux pkt idx 3:3 type _ pts 2237777.000000 len 139
2900
16:40:58.464 T:3534230368 DEBUG: AddOnLog: Tvheadend HTSP Client: pvr.hts - demux read idx :3 pts 2237777.000000 len 139
2901
16:40:58.500 T:3639599968 DEBUG: AddOnLog: Tvheadend HTSP Client: pvr.hts - receive message [muxpkt]
2902
16:40:58.500 T:3639599968 DEBUG: AddOnLog: Tvheadend HTSP Client: pvr.hts - demux pkt idx 1:1 type P pts 3597777.000000 len 12372
2903
16:40:58.500 T:3639599968 DEBUG: AddOnLog: Tvheadend HTSP Client: pvr.hts - receive message [muxpkt]
2904
16:40:58.500 T:3639599968 DEBUG: AddOnLog: Tvheadend HTSP Client: pvr.hts - demux pkt idx 3:3 type _ pts 2257777.000000 len 139
2905
16:40:58.500 T:3639599968 DEBUG: AddOnLog: Tvheadend HTSP Client: pvr.hts - receive message [muxpkt]
2906
16:40:58.500 T:3534230368 DEBUG: AddOnLog: Tvheadend HTSP Client: pvr.hts - demux read idx :1 pts 3597777.000000 len 12372
2907
16:40:58.500 T:3639599968 DEBUG: AddOnLog: Tvheadend HTSP Client: pvr.hts - demux pkt idx 1:1 type B pts 3497777.000000 len 2409
2908
16:40:58.500 T:3639599968 DEBUG: AddOnLog: Tvheadend HTSP Client: pvr.hts - receive message [muxpkt]
2909
16:40:58.500 T:3534230368 DEBUG: AddOnLog: Tvheadend HTSP Client: pvr.hts - demux read idx :3 pts 2257777.000000 len 139
2910
16:40:58.500 T:3639599968 DEBUG: AddOnLog: Tvheadend HTSP Client: pvr.hts - demux pkt idx 1:1 type B pts 3517777.000000 len 2524
2911
16:40:58.501 T:3639599968 DEBUG: AddOnLog: Tvheadend HTSP Client: pvr.hts - receive message [muxpkt]
2912
16:40:58.501 T:3534230368 DEBUG: AddOnLog: Tvheadend HTSP Client: pvr.hts - demux read idx :1 pts 3497777.000000 len 2409
2913
16:40:58.501 T:3639599968 DEBUG: AddOnLog: Tvheadend HTSP Client: pvr.hts - demux pkt idx 1:1 type B pts 3457777.000000 len 2489
2914
16:40:58.501 T:3534230368 DEBUG: AddOnLog: Tvheadend HTSP Client: pvr.hts - demux read idx :1 pts 3517777.000000 len 2524
2915
16:40:58.501 T:3639599968 DEBUG: AddOnLog: Tvheadend HTSP Client: pvr.hts - receive message [muxpkt]
2916
16:40:58.501 T:3534230368 DEBUG: AddOnLog: Tvheadend HTSP Client: pvr.hts - demux read idx :1 pts 3457777.000000 len 2489
2917
16:40:58.501 T:3639599968 DEBUG: AddOnLog: Tvheadend HTSP Client: pvr.hts - demux pkt idx 3:3 type _ pts 2277777.000000 len 139
2918
16:40:58.501 T:3534230368 DEBUG: AddOnLog: Tvheadend HTSP Client: pvr.hts - demux read idx :3 pts 2277777.000000 len 139
2919
16:40:58.501 T:3639599968 DEBUG: AddOnLog: Tvheadend HTSP Client: pvr.hts - receive message [muxpkt]
2920
16:40:58.501 T:3639599968 DEBUG: AddOnLog: Tvheadend HTSP Client: pvr.hts - demux pkt idx 1:1 type B pts 3477777.000000 len 2298
2921
16:40:58.501 T:3534230368 DEBUG: AddOnLog: Tvheadend HTSP Client: pvr.hts - demux read idx :1 pts 3477777.000000 len 2298
2922
16:40:58.537 T:3639599968 DEBUG: AddOnLog: Tvheadend HTSP Client: pvr.hts - receive message [muxpkt]
2923
16:40:58.537 T:3639599968 DEBUG: AddOnLog: Tvheadend HTSP Client: pvr.hts - demux pkt idx 2:2 type _ pts 2161200.000000 len 1024
2924
16:40:58.537 T:3534230368 DEBUG: AddOnLog: Tvheadend HTSP Client: pvr.hts - demux read idx :2 pts 2161200.000000 len 1024
2925
16:40:58.537 T:3639599968 DEBUG: AddOnLog: Tvheadend HTSP Client: pvr.hts - receive message [muxpkt]
2926
16:40:58.538 T:3639599968 DEBUG: AddOnLog: Tvheadend HTSP Client: pvr.hts - demux pkt idx 2:2 type _ pts 2193200.000000 len 1024
2927
16:40:58.538 T:3534230368 DEBUG: AddOnLog: Tvheadend HTSP Client: pvr.hts - demux read idx :2 pts 2193200.000000 len 1024
2928
16:40:58.538 T:3639599968 DEBUG: AddOnLog: Tvheadend HTSP Client: pvr.hts - receive message [muxpkt]
2929
16:40:58.538 T:3639599968 DEBUG: AddOnLog: Tvheadend HTSP Client: pvr.hts - demux pkt idx 2:2 type _ pts 2225200.000000 len 1024
2930
16:40:58.538 T:3534230368 DEBUG: AddOnLog: Tvheadend HTSP Client: pvr.hts - demux read idx :2 pts 2225200.000000 len 1024
2931
16:40:58.538 T:3639599968 DEBUG: AddOnLog: Tvheadend HTSP Client: pvr.hts - receive message [muxpkt]
2932
16:40:58.538 T:3639599968 DEBUG: AddOnLog: Tvheadend HTSP Client: pvr.hts - demux pkt idx 2:2 type _ pts 2257200.000000 len 1024
2933
16:40:58.538 T:3534230368 DEBUG: AddOnLog: Tvheadend HTSP Client: pvr.hts - demux read idx :2 pts 2257200.000000 len 1024
2934
16:40:58.538 T:3639599968 DEBUG: AddOnLog: Tvheadend HTSP Client: pvr.hts - receive message [muxpkt]
2935
16:40:58.538 T:3639599968 DEBUG: AddOnLog: Tvheadend HTSP Client: pvr.hts - demux pkt idx 2:2 type _ pts 2289200.000000 len 1024
2936
16:40:58.539 T:3534230368 DEBUG: AddOnLog: Tvheadend HTSP Client: pvr.hts - demux read idx :2 pts 2289200.000000 len 1024
2937
16:40:58.539 T:3639599968 DEBUG: AddOnLog: Tvheadend HTSP Client: pvr.hts - receive message [muxpkt]
2938
16:40:58.539 T:3639599968 DEBUG: AddOnLog: Tvheadend HTSP Client: pvr.hts - demux pkt idx 1:1 type B pts 3537777.000000 len 2130
2939
16:40:58.539 T:3534230368 DEBUG: AddOnLog: Tvheadend HTSP Client: pvr.hts - demux read idx :1 pts 3537777.000000 len 2130
2940
16:40:58.539 T:3639599968 DEBUG: AddOnLog: Tvheadend HTSP Client: pvr.hts - receive message [muxpkt]
2941
16:40:58.539 T:3639599968 DEBUG: AddOnLog: Tvheadend HTSP Client: pvr.hts - demux pkt idx 1:1 type B pts 3557777.000000 len 2165
2942
16:40:58.539 T:3534230368 DEBUG: AddOnLog: Tvheadend HTSP Client: pvr.hts - demux read idx :1 pts 3557777.000000 len 2165
2943
16:40:58.539 T:3639599968 DEBUG: AddOnLog: Tvheadend HTSP Client: pvr.hts - receive message [muxpkt]
2944
16:40:58.539 T:3639599968 DEBUG: AddOnLog: Tvheadend HTSP Client: pvr.hts - demux pkt idx 3:3 type _ pts 2297777.000000 len 139
2945
16:40:58.539 T:3534230368 DEBUG: AddOnLog: Tvheadend HTSP Client: pvr.hts - demux read idx :3 pts 2297777.000000 len 139
2946
16:40:58.539 T:3639599968 DEBUG: AddOnLog: Tvheadend HTSP Client: pvr.hts - receive message [muxpkt]
2947
16:40:58.539 T:3639599968 DEBUG: AddOnLog: Tvheadend HTSP Client: pvr.hts - demux pkt idx 1:1 type P pts 3737777.000000 len 10334
2948
16:40:58.539 T:3534230368 DEBUG: AddOnLog: Tvheadend HTSP Client: pvr.hts - demux read idx :1 pts 3737777.000000 len 10334
2949
16:40:58.574 T:3639599968 DEBUG: AddOnLog: Tvheadend HTSP Client: pvr.hts - receive message [muxpkt]
2950
16:40:58.574 T:3639599968 DEBUG: AddOnLog: Tvheadend HTSP Client: pvr.hts - demux pkt idx 3:3 type _ pts 2317777.000000 len 139
2951
16:40:58.575 T:3534230368 DEBUG: AddOnLog: Tvheadend HTSP Client: pvr.hts - demux read idx :3 pts 2317777.000000 len 139
2952
16:40:58.575 T:3639599968 DEBUG: AddOnLog: Tvheadend HTSP Client: pvr.hts - receive message [muxpkt]
2953
16:40:58.575 T:3639599968 DEBUG: AddOnLog: Tvheadend HTSP Client: pvr.hts - demux pkt idx 1:1 type P pts 3757777.000000 len 9986
2954
16:40:58.575 T:3534230368 DEBUG: AddOnLog: Tvheadend HTSP Client: pvr.hts - demux read idx :1 pts 3757777.000000 len 9986
2955
16:40:58.575 T:3639599968 DEBUG: AddOnLog: Tvheadend HTSP Client: pvr.hts - receive message [muxpkt]
2956
16:40:58.575 T:3639599968 DEBUG: AddOnLog: Tvheadend HTSP Client: pvr.hts - demux pkt idx 3:3 type _ pts 2337777.000000 len 139
2957
16:40:58.575 T:3534230368 DEBUG: AddOnLog: Tvheadend HTSP Client: pvr.hts - demux read idx :3 pts 2337777.000000 len 139
2958
16:40:58.575 T:3639599968 DEBUG: AddOnLog: Tvheadend HTSP Client: pvr.hts - receive message [muxpkt]
2959
16:40:58.575 T:3639599968 DEBUG: AddOnLog: Tvheadend HTSP Client: pvr.hts - demux pkt idx 1:1 type B pts 3657777.000000 len 1780
2960
16:40:58.576 T:3534230368 DEBUG: AddOnLog: Tvheadend HTSP Client: pvr.hts - demux read idx :1 pts 3657777.000000 len 1780
2961
16:40:58.576 T:3639599968 DEBUG: AddOnLog: Tvheadend HTSP Client: pvr.hts - receive message [muxpkt]
2962
16:40:58.576 T:3639599968 DEBUG: AddOnLog: Tvheadend HTSP Client: pvr.hts - demux pkt idx 1:1 type B pts 3677777.000000 len 1719
2963
16:40:58.576 T:3534230368 DEBUG: AddOnLog: Tvheadend HTSP Client: pvr.hts - demux read idx :1 pts 3677777.000000 len 1719
2964
16:40:58.576 T:3639599968 DEBUG: AddOnLog: Tvheadend HTSP Client: pvr.hts - receive message [muxpkt]
2965
16:40:58.576 T:3639599968 DEBUG: AddOnLog: Tvheadend HTSP Client: pvr.hts - demux pkt idx 1:1 type B pts 3617777.000000 len 2322
2966
16:40:58.576 T:3639599968 DEBUG: AddOnLog: Tvheadend HTSP Client: pvr.hts - receive message [muxpkt]
2967
16:40:58.576 T:3534230368 DEBUG: AddOnLog: Tvheadend HTSP Client: pvr.hts - demux read idx :1 pts 3617777.000000 len 2322
2968
16:40:58.576 T:3639599968 DEBUG: AddOnLog: Tvheadend HTSP Client: pvr.hts - demux pkt idx 1:1 type B pts 3637777.000000 len 2006
2969
16:40:58.576 T:3534230368 DEBUG: AddOnLog: Tvheadend HTSP Client: pvr.hts - demux read idx :1 pts 3637777.000000 len 2006
2970
16:40:58.610 T:3639599968 DEBUG: AddOnLog: Tvheadend HTSP Client: pvr.hts - receive message [muxpkt]
2971
16:40:58.611 T:3639599968 DEBUG: AddOnLog: Tvheadend HTSP Client: pvr.hts - demux pkt idx 3:3 type _ pts 2357777.000000 len 139
2972
16:40:58.611 T:3534230368 DEBUG: AddOnLog: Tvheadend HTSP Client: pvr.hts - demux read idx :3 pts 2357777.000000 len 139
2973
16:40:58.611 T:3639599968 DEBUG: AddOnLog: Tvheadend HTSP Client: pvr.hts - receive message [muxpkt]
2974
16:40:58.611 T:3639599968 DEBUG: AddOnLog: Tvheadend HTSP Client: pvr.hts - demux pkt idx 1:1 type B pts 3697777.000000 len 2076
2975
16:40:58.611 T:3534230368 DEBUG: AddOnLog: Tvheadend HTSP Client: pvr.hts - demux read idx :1 pts 3697777.000000 len 2076
2976
16:40:58.611 T:3639599968 DEBUG: AddOnLog: Tvheadend HTSP Client: pvr.hts - receive message [muxpkt]
2977
16:40:58.611 T:3639599968 DEBUG: AddOnLog: Tvheadend HTSP Client: pvr.hts - demux pkt idx 1:1 type B pts 3717777.000000 len 2215
2978
16:40:58.611 T:3534230368 DEBUG: AddOnLog: Tvheadend HTSP Client: pvr.hts - demux read idx :1 pts 3717777.000000 len 2215
2979
16:40:58.611 T:3639599968 DEBUG: AddOnLog: Tvheadend HTSP Client: pvr.hts - receive message [muxpkt]
2980
16:40:58.611 T:3639599968 DEBUG: AddOnLog: Tvheadend HTSP Client: pvr.hts - demux pkt idx 3:3 type _ pts 2377777.000000 len 139
2981
16:40:58.611 T:3534230368 DEBUG: AddOnLog: Tvheadend HTSP Client: pvr.hts - demux read idx :3 pts 2377777.000000 len 139
2982
16:40:58.612 T:3639599968 DEBUG: AddOnLog: Tvheadend HTSP Client: pvr.hts - receive message [muxpkt]
2983
16:40:58.612 T:3639599968 DEBUG: AddOnLog: Tvheadend HTSP Client: pvr.hts - demux pkt idx 1:1 type P pts 3897777.000000 len 7486
2984
16:40:58.612 T:3534230368 DEBUG: AddOnLog: Tvheadend HTSP Client: pvr.hts - demux read idx :1 pts 3897777.000000 len 7486
2985
16:40:58.646 T:3639599968 DEBUG: AddOnLog: Tvheadend HTSP Client: pvr.hts - receive message [muxpkt]
2986
16:40:58.647 T:3639599968 DEBUG: AddOnLog: Tvheadend HTSP Client: pvr.hts - demux pkt idx 3:3 type _ pts 2397777.000000 len 139
2987
16:40:58.647 T:3534230368 DEBUG: AddOnLog: Tvheadend HTSP Client: pvr.hts - demux read idx :3 pts 2397777.000000 len 139
2988
16:40:58.647 T:3639599968 DEBUG: AddOnLog: Tvheadend HTSP Client: pvr.hts - receive message [muxpkt]
2989
16:40:58.647 T:3639599968 DEBUG: AddOnLog: Tvheadend HTSP Client: pvr.hts - demux pkt idx 1:1 type P pts 3917777.000000 len 7703
2990
16:40:58.647 T:3534230368 DEBUG: AddOnLog: Tvheadend HTSP Client: pvr.hts - demux read idx :1 pts 3917777.000000 len 7703
2991
16:40:58.647 T:3639599968 DEBUG: AddOnLog: Tvheadend HTSP Client: pvr.hts - receive message [muxpkt]
2992
16:40:58.647 T:3639599968 DEBUG: AddOnLog: Tvheadend HTSP Client: pvr.hts - demux pkt idx 1:1 type B pts 3817777.000000 len 2402
2993
16:40:58.647 T:3534230368 DEBUG: AddOnLog: Tvheadend HTSP Client: pvr.hts - demux read idx :1 pts 3817777.000000 len 2402
2994
16:40:58.648 T:3639599968 DEBUG: AddOnLog: Tvheadend HTSP Client: pvr.hts - receive message [muxpkt]
2995
16:40:58.648 T:3639599968 DEBUG: AddOnLog: Tvheadend HTSP Client: pvr.hts - demux pkt idx 1:1 type B pts 3837777.000000 len 2580
2996
16:40:58.648 T:3534230368 DEBUG: AddOnLog: Tvheadend HTSP Client: pvr.hts - demux read idx :1 pts 3837777.000000 len 2580
2997
16:40:58.648 T:3639599968 DEBUG: AddOnLog: Tvheadend HTSP Client: pvr.hts - receive message [muxpkt]
2998
16:40:58.648 T:3639599968 DEBUG: AddOnLog: Tvheadend HTSP Client: pvr.hts - demux pkt idx 1:1 type B pts 3777777.000000 len 2343
2999
16:40:58.648 T:3534230368 DEBUG: AddOnLog: Tvheadend HTSP Client: pvr.hts - demux read idx :1 pts 3777777.000000 len 2343
3000
16:40:58.648 T:3639599968 DEBUG: AddOnLog: Tvheadend HTSP Client: pvr.hts - receive message [muxpkt]
3001
16:40:58.648 T:3639599968 DEBUG: AddOnLog: Tvheadend HTSP Client: pvr.hts - demux pkt idx 3:3 type _ pts 2417777.000000 len 139
3002
16:40:58.648 T:3534230368 DEBUG: AddOnLog: Tvheadend HTSP Client: pvr.hts - demux read idx :3 pts 2417777.000000 len 139
3003
16:40:58.648 T:3639599968 DEBUG: AddOnLog: Tvheadend HTSP Client: pvr.hts - receive message [muxpkt]
3004
16:40:58.648 T:3639599968 DEBUG: AddOnLog: Tvheadend HTSP Client: pvr.hts - demux pkt idx 1:1 type B pts 3797777.000000 len 2654
3005
16:40:58.648 T:3534230368 DEBUG: AddOnLog: Tvheadend HTSP Client: pvr.hts - demux read idx :1 pts 3797777.000000 len 2654
3006
16:40:58.684 T:3639599968 DEBUG: AddOnLog: Tvheadend HTSP Client: pvr.hts - receive message [muxpkt]
3007
16:40:58.684 T:3639599968 DEBUG: AddOnLog: Tvheadend HTSP Client: pvr.hts - demux pkt idx 1:1 type B pts 3857777.000000 len 2381
3008
16:40:58.684 T:3639599968 DEBUG: AddOnLog: Tvheadend HTSP Client: pvr.hts - receive message [muxpkt]
3009
16:40:58.684 T:3639599968 DEBUG: AddOnLog: Tvheadend HTSP Client: pvr.hts - demux pkt idx 1:1 type B pts 3877777.000000 len 2290
3010
16:40:58.684 T:3639599968 DEBUG: AddOnLog: Tvheadend HTSP Client: pvr.hts - receive message [muxpkt]
3011
16:40:58.684 T:3639599968 DEBUG: AddOnLog: Tvheadend HTSP Client: pvr.hts - demux pkt idx 3:3 type _ pts 2437777.000000 len 139
3012
16:40:58.685 T:3534230368 DEBUG: AddOnLog: Tvheadend HTSP Client: pvr.hts - demux read idx :1 pts 3857777.000000 len 2381
3013
16:40:58.685 T:3639599968 DEBUG: AddOnLog: Tvheadend HTSP Client: pvr.hts - receive message [muxpkt]
3014
16:40:58.685 T:3639599968 DEBUG: AddOnLog: Tvheadend HTSP Client: pvr.hts - demux pkt idx 2:2 type _ pts 2321200.000000 len 1024
3015
16:40:58.685 T:3639599968 DEBUG: AddOnLog: Tvheadend HTSP Client: pvr.hts - receive message [muxpkt]
3016
16:40:58.685 T:3534230368 DEBUG: AddOnLog: Tvheadend HTSP Client: pvr.hts - demux read idx :1 pts 3877777.000000 len 2290
3017
16:40:58.685 T:3639599968 DEBUG: AddOnLog: Tvheadend HTSP Client: pvr.hts - demux pkt idx 2:2 type _ pts 2353200.000000 len 1024
3018
16:40:58.685 T:3639599968 DEBUG: AddOnLog: Tvheadend HTSP Client: pvr.hts - receive message [muxpkt]
3019
16:40:58.685 T:3534230368 DEBUG: AddOnLog: Tvheadend HTSP Client: pvr.hts - demux read idx :3 pts 2437777.000000 len 139
3020
16:40:58.685 T:3639599968 DEBUG: AddOnLog: Tvheadend HTSP Client: pvr.hts - demux pkt idx 2:2 type _ pts 2385200.000000 len 1024
3021
16:40:58.686 T:3534230368 DEBUG: AddOnLog: Tvheadend HTSP Client: pvr.hts - demux read idx :2 pts 2321200.000000 len 1024
3022
16:40:58.686 T:3639599968 DEBUG: AddOnLog: Tvheadend HTSP Client: pvr.hts - receive message [muxpkt]
3023
16:40:58.686 T:3639599968 DEBUG: AddOnLog: Tvheadend HTSP Client: pvr.hts - demux pkt idx 2:2 type _ pts 2417200.000000 len 1024
3024
16:40:58.686 T:3534230368 DEBUG: AddOnLog: Tvheadend HTSP Client: pvr.hts - demux read idx :2 pts 2353200.000000 len 1024
3025
16:40:58.686 T:3639599968 DEBUG: AddOnLog: Tvheadend HTSP Client: pvr.hts - receive message [muxpkt]
3026
16:40:58.686 T:3639599968 DEBUG: AddOnLog: Tvheadend HTSP Client: pvr.hts - demux pkt idx 2:2 type _ pts 2449200.000000 len 1024
3027
16:40:58.686 T:3534230368 DEBUG: AddOnLog: Tvheadend HTSP Client: pvr.hts - demux read idx :2 pts 2385200.000000 len 1024
3028
16:40:58.686 T:3639599968 DEBUG: AddOnLog: Tvheadend HTSP Client: pvr.hts - receive message [muxpkt]
3029
16:40:58.686 T:3534230368 DEBUG: AddOnLog: Tvheadend HTSP Client: pvr.hts - demux read idx :2 pts 2417200.000000 len 1024
3030
16:40:58.686 T:3639599968 DEBUG: AddOnLog: Tvheadend HTSP Client: pvr.hts - demux pkt idx 3:3 type _ pts 2457777.000000 len 139
3031
16:40:58.686 T:3534230368 DEBUG: AddOnLog: Tvheadend HTSP Client: pvr.hts - demux read idx :2 pts 2449200.000000 len 1024
3032
16:40:58.686 T:3534230368 DEBUG: AddOnLog: Tvheadend HTSP Client: pvr.hts - demux read idx :3 pts 2457777.000000 len 139
3033
16:40:58.719 T:3639599968 DEBUG: AddOnLog: Tvheadend HTSP Client: pvr.hts - receive message [muxpkt]
3034
16:40:58.719 T:3639599968 DEBUG: AddOnLog: Tvheadend HTSP Client: pvr.hts - demux pkt idx 3:3 type _ pts 2477777.000000 len 139
3035
16:40:58.719 T:3534230368 DEBUG: AddOnLog: Tvheadend HTSP Client: pvr.hts - demux read idx :3 pts 2477777.000000 len 139
3036
16:40:58.719 T:3639599968 DEBUG: AddOnLog: Tvheadend HTSP Client: pvr.hts - receive message [muxpkt]
3037
16:40:58.719 T:3639599968 DEBUG: AddOnLog: Tvheadend HTSP Client: pvr.hts - demux pkt idx 3:3 type _ pts 2497777.000000 len 139
3038
16:40:58.719 T:3534230368 DEBUG: AddOnLog: Tvheadend HTSP Client: pvr.hts - demux read idx :3 pts 2497777.000000 len 139
3039
16:40:58.755 T:3639599968 DEBUG: AddOnLog: Tvheadend HTSP Client: pvr.hts - receive message [muxpkt]
3040
16:40:58.755 T:3639599968 DEBUG: AddOnLog: Tvheadend HTSP Client: pvr.hts - demux pkt idx 3:3 type _ pts 2517777.000000 len 139
3041
16:40:58.755 T:3534230368 DEBUG: AddOnLog: Tvheadend HTSP Client: pvr.hts - demux read idx :3 pts 2517777.000000 len 139
3042
16:40:58.777 T:3639599968 DEBUG: AddOnLog: Tvheadend HTSP Client: pvr.hts - receive message [dvrEntryUpdate]
3043
16:40:58.790 T:3639599968 DEBUG: AddOnLog: Tvheadend HTSP Client: pvr.hts - receive message [muxpkt]
3044
16:40:58.790 T:3639599968 DEBUG: AddOnLog: Tvheadend HTSP Client: pvr.hts - demux pkt idx 3:3 type _ pts 2537777.000000 len 139
3045
16:40:58.790 T:3534230368 DEBUG: AddOnLog: Tvheadend HTSP Client: pvr.hts - demux read idx :3 pts 2537777.000000 len 139
3046
16:40:58.790 T:3639599968 DEBUG: AddOnLog: Tvheadend HTSP Client: pvr.hts - receive message [muxpkt]
3047
16:40:58.790 T:3639599968 DEBUG: AddOnLog: Tvheadend HTSP Client: pvr.hts - demux pkt idx 3:3 type _ pts 2557777.000000 len 139
3048
16:40:58.790 T:3534230368 DEBUG: AddOnLog: Tvheadend HTSP Client: pvr.hts - demux read idx :3 pts 2557777.000000 len 139
3049
16:40:58.826 T:3639599968 DEBUG: AddOnLog: Tvheadend HTSP Client: pvr.hts - receive message [muxpkt]
3050
16:40:58.826 T:3639599968 DEBUG: AddOnLog: Tvheadend HTSP Client: pvr.hts - demux pkt idx 3:3 type _ pts 2577777.000000 len 139
3051
16:40:58.826 T:3534230368 DEBUG: AddOnLog: Tvheadend HTSP Client: pvr.hts - demux read idx :3 pts 2577777.000000 len 139
3052
16:40:58.826 T:3639599968 DEBUG: AddOnLog: Tvheadend HTSP Client: pvr.hts - receive message [muxpkt]
3053
16:40:58.826 T:3639599968 DEBUG: AddOnLog: Tvheadend HTSP Client: pvr.hts - demux pkt idx 3:3 type _ pts 2597777.000000 len 139
3054
16:40:58.826 T:3534230368 DEBUG: AddOnLog: Tvheadend HTSP Client: pvr.hts - demux read idx :3 pts 2597777.000000 len 139
3055
16:40:58.826 T:3639599968 DEBUG: AddOnLog: Tvheadend HTSP Client: pvr.hts - receive message [muxpkt]
3056
16:40:58.826 T:3639599968 DEBUG: AddOnLog: Tvheadend HTSP Client: pvr.hts - demux pkt idx 2:2 type _ pts 2481200.000000 len 1024
3057
16:40:58.827 T:3534230368 DEBUG: AddOnLog: Tvheadend HTSP Client: pvr.hts - demux read idx :2 pts 2481200.000000 len 1024
3058
16:40:58.827 T:3639599968 DEBUG: AddOnLog: Tvheadend HTSP Client: pvr.hts - receive message [muxpkt]
3059
16:40:58.827 T:3639599968 DEBUG: AddOnLog: Tvheadend HTSP Client: pvr.hts - demux pkt idx 2:2 type _ pts 2513200.000000 len 1024
3060
16:40:58.827 T:3534230368 DEBUG: AddOnLog: Tvheadend HTSP Client: pvr.hts - demux read idx :2 pts 2513200.000000 len 1024
3061
16:40:58.827 T:3639599968 DEBUG: AddOnLog: Tvheadend HTSP Client: pvr.hts - receive message [muxpkt]
3062
16:40:58.827 T:3639599968 DEBUG: AddOnLog: Tvheadend HTSP Client: pvr.hts - demux pkt idx 2:2 type _ pts 2545200.000000 len 1024
3063
16:40:58.827 T:3534230368 DEBUG: AddOnLog: Tvheadend HTSP Client: pvr.hts - demux read idx :2 pts 2545200.000000 len 1024
3064
16:40:58.827 T:3639599968 DEBUG: AddOnLog: Tvheadend HTSP Client: pvr.hts - receive message [muxpkt]
3065
16:40:58.827 T:3639599968 DEBUG: AddOnLog: Tvheadend HTSP Client: pvr.hts - demux pkt idx 2:2 type _ pts 2577200.000000 len 1024
3066
16:40:58.827 T:3534230368 DEBUG: AddOnLog: Tvheadend HTSP Client: pvr.hts - demux read idx :2 pts 2577200.000000 len 1024
3067
16:40:58.827 T:3639599968 DEBUG: AddOnLog: Tvheadend HTSP Client: pvr.hts - receive message [muxpkt]
3068
16:40:58.827 T:3639599968 DEBUG: AddOnLog: Tvheadend HTSP Client: pvr.hts - demux pkt idx 2:2 type _ pts 2609200.000000 len 1024
3069
16:40:58.827 T:3534230368 DEBUG: AddOnLog: Tvheadend HTSP Client: pvr.hts - demux read idx :2 pts 2609200.000000 len 1024
3070
16:40:58.862 T:3639599968 DEBUG: AddOnLog: Tvheadend HTSP Client: pvr.hts - receive message [muxpkt]
3071
16:40:58.862 T:3639599968 DEBUG: AddOnLog: Tvheadend HTSP Client: pvr.hts - demux pkt idx 3:3 type _ pts 2617777.000000 len 139
3072
16:40:58.862 T:3534230368 DEBUG: AddOnLog: Tvheadend HTSP Client: pvr.hts - demux read idx :3 pts 2617777.000000 len 139
3073
16:40:58.862 T:3639599968 DEBUG: AddOnLog: Tvheadend HTSP Client: pvr.hts - receive message [muxpkt]
3074
16:40:58.862 T:3639599968 DEBUG: AddOnLog: Tvheadend HTSP Client: pvr.hts - demux pkt idx 3:3 type _ pts 2637777.000000 len 139
3075
16:40:58.863 T:3534230368 DEBUG: AddOnLog: Tvheadend HTSP Client: pvr.hts - demux read idx :3 pts 2637777.000000 len 139
3076
16:40:58.875 T:3639599968 DEBUG: AddOnLog: Tvheadend HTSP Client: pvr.hts - receive message [signalStatus]
3077
16:40:58.875 T:3639599968 DEBUG: AddOnLog: Tvheadend HTSP Client: pvr.hts - signalStatus:
3078
16:40:58.875 T:3639599968 DEBUG: AddOnLog: Tvheadend HTSP Client: pvr.hts - status : GOOD
3079
16:40:58.875 T:3639599968 DEBUG: AddOnLog: Tvheadend HTSP Client: pvr.hts - ber : 0
3080
16:40:58.876 T:3639599968 DEBUG: AddOnLog: Tvheadend HTSP Client: pvr.hts - unc : 0
3081
16:40:58.885 T:3525841760 WARNING: CRenderManager::WaitForBuffer - timeout waiting for buffer
3082
16:40:58.891 T:3639599968 DEBUG: AddOnLog: Tvheadend HTSP Client: pvr.hts - receive message [muxpkt]
3083
16:40:58.892 T:3639599968 DEBUG: AddOnLog: Tvheadend HTSP Client: pvr.hts - demux pkt idx 1:1 type I pts 4057777.000000 len 95964
3084
16:40:58.892 T:3534230368 DEBUG: AddOnLog: Tvheadend HTSP Client: pvr.hts - demux read idx :1 pts 4057777.000000 len 95964
3085
16:40:58.892 T:3639599968 DEBUG: AddOnLog: Tvheadend HTSP Client: pvr.hts - receive message [queueStatus]
3086
16:40:58.892 T:3639599968 DEBUG: AddOnLog: Tvheadend HTSP Client: pvr.hts - stream stats:
3087
16:40:58.892 T:3639599968 DEBUG: AddOnLog: Tvheadend HTSP Client: pvr.hts - idx:1 num:105
3088
16:40:58.892 T:3639599968 DEBUG: AddOnLog: Tvheadend HTSP Client: pvr.hts - idx:2 num:82
3089
16:40:58.892 T:3639599968 DEBUG: AddOnLog: Tvheadend HTSP Client: pvr.hts - idx:3 num:132
3090
16:40:58.892 T:3639599968 DEBUG: AddOnLog: Tvheadend HTSP Client: pvr.hts - idx:4 num:1
3091
16:40:58.892 T:3639599968 DEBUG: AddOnLog: Tvheadend HTSP Client: pvr.hts - queue stats:
3092
16:40:58.892 T:3639599968 DEBUG: AddOnLog: Tvheadend HTSP Client: pvr.hts - pkts 1
3093
16:40:58.892 T:3639599968 DEBUG: AddOnLog: Tvheadend HTSP Client: pvr.hts - bytes 95964
3094
16:40:58.892 T:3639599968 DEBUG: AddOnLog: Tvheadend HTSP Client: pvr.hts - delay 0
3095
16:40:58.892 T:3639599968 DEBUG: AddOnLog: Tvheadend HTSP Client: pvr.hts - Idrop 0
3096
16:40:58.892 T:3639599968 DEBUG: AddOnLog: Tvheadend HTSP Client: pvr.hts - Pdrop 0
3097
16:40:58.892 T:3639599968 DEBUG: AddOnLog: Tvheadend HTSP Client: pvr.hts - Bdrop 0
3098
16:40:58.893 T:3639599968 DEBUG: AddOnLog: Tvheadend HTSP Client: pvr.hts - receive message [muxpkt]
3099
16:40:58.893 T:3639599968 DEBUG: AddOnLog: Tvheadend HTSP Client: pvr.hts - demux pkt idx 3:3 type _ pts 2657777.000000 len 139
3100
16:40:58.893 T:3534230368 DEBUG: AddOnLog: Tvheadend HTSP Client: pvr.hts - demux read idx :3 pts 2657777.000000 len 139
3101
16:40:58.900 T:3525841760 DEBUG: CAMLCodec::Decode: ret: 2, sz: 1884, dts_in: 3.1978[46438], pts_in: 3.2378[47248], adj:0, ptsOut:2.0978, amlpts:188799, idx:4124117, timesize:0.6000, drain: 0
3102
16:40:58.913 T:3639599968 DEBUG: AddOnLog: Tvheadend HTSP Client: pvr.hts - receive message [timeshiftStatus]
3103
16:40:58.913 T:3639599968 DEBUG: AddOnLog: Tvheadend HTSP Client: pvr.hts - timeshiftStatus:
3104
16:40:58.913 T:3639599968 DEBUG: AddOnLog: Tvheadend HTSP Client: pvr.hts - full : 0
3105
16:40:58.913 T:3639599968 DEBUG: AddOnLog: Tvheadend HTSP Client: pvr.hts - shift : 0
3106
16:40:58.913 T:3639599968 DEBUG: AddOnLog: Tvheadend HTSP Client: pvr.hts - start : 1977766
3107
16:40:58.913 T:3639599968 DEBUG: AddOnLog: Tvheadend HTSP Client: pvr.hts - end : 4057766
3108
16:40:58.916 T:3525841760 DEBUG: CAMLCodec::Decode: ret: 2, sz: 7414, dts_in: 3.2178[46B40], pts_in: 3.4178[4B190], adj:0, ptsOut:2.0978, amlpts:188799, idx:4124117, timesize:0.6400, drain: 0
3109
16:40:58.927 T:3639599968 DEBUG: AddOnLog: Tvheadend HTSP Client: pvr.hts - receive message [muxpkt]
3110
16:40:58.927 T:3639599968 DEBUG: AddOnLog: Tvheadend HTSP Client: pvr.hts - demux pkt idx 1:1 type P pts 4077777.000000 len 10914
3111
16:40:58.927 T:3534230368 DEBUG: AddOnLog: Tvheadend HTSP Client: pvr.hts - demux read idx :1 pts 4077777.000000 len 10914
3112
16:40:58.927 T:3639599968 DEBUG: AddOnLog: Tvheadend HTSP Client: pvr.hts - receive message [muxpkt]
3113
16:40:58.927 T:3639599968 DEBUG: AddOnLog: Tvheadend HTSP Client: pvr.hts - demux pkt idx 3:3 type _ pts 2677777.000000 len 139
3114
16:40:58.927 T:3534230368 DEBUG: AddOnLog: Tvheadend HTSP Client: pvr.hts - demux read idx :3 pts 2677777.000000 len 139
3115
16:40:58.927 T:3639599968 DEBUG: AddOnLog: Tvheadend HTSP Client: pvr.hts - receive message [muxpkt]
3116
16:40:58.928 T:3639599968 DEBUG: AddOnLog: Tvheadend HTSP Client: pvr.hts - demux pkt idx 1:1 type B pts 3977777.000000 len 2859
3117
16:40:58.928 T:3534230368 DEBUG: AddOnLog: Tvheadend HTSP Client: pvr.hts - demux read idx :1 pts 3977777.000000 len 2859
3118
16:40:58.928 T:3639599968 DEBUG: AddOnLog: Tvheadend HTSP Client: pvr.hts - receive message [muxpkt]
3119
16:40:58.928 T:3639599968 DEBUG: AddOnLog: Tvheadend HTSP Client: pvr.hts - demux pkt idx 1:1 type B pts 3997777.000000 len 2964
3120
16:40:58.928 T:3534230368 DEBUG: AddOnLog: Tvheadend HTSP Client: pvr.hts - demux read idx :1 pts 3997777.000000 len 2964
3121
16:40:58.928 T:3639599968 DEBUG: AddOnLog: Tvheadend HTSP Client: pvr.hts - receive message [muxpkt]
3122
16:40:58.928 T:3639599968 DEBUG: AddOnLog: Tvheadend HTSP Client: pvr.hts - demux pkt idx 1:1 type B pts 3937777.000000 len 2546
3123
16:40:58.928 T:3534230368 DEBUG: AddOnLog: Tvheadend HTSP Client: pvr.hts - demux read idx :1 pts 3937777.000000 len 2546
3124
16:40:58.928 T:3639599968 DEBUG: AddOnLog: Tvheadend HTSP Client: pvr.hts - receive message [muxpkt]
3125
16:40:58.928 T:3639599968 DEBUG: AddOnLog: Tvheadend HTSP Client: pvr.hts - demux pkt idx 3:3 type _ pts 2697777.000000 len 139
3126
16:40:58.928 T:3639599968 DEBUG: AddOnLog: Tvheadend HTSP Client: pvr.hts - receive message [muxpkt]
3127
16:40:58.928 T:3534230368 DEBUG: AddOnLog: Tvheadend HTSP Client: pvr.hts - demux read idx :3 pts 2697777.000000 len 139
3128
16:40:58.929 T:3639599968 DEBUG: AddOnLog: Tvheadend HTSP Client: pvr.hts - demux pkt idx 1:1 type B pts 3957777.000000 len 2568
3129
16:40:58.929 T:3534230368 DEBUG: AddOnLog: Tvheadend HTSP Client: pvr.hts - demux read idx :1 pts 3957777.000000 len 2568
3130
16:40:58.929 T:3639599968 DEBUG: AddOnLog: Tvheadend HTSP Client: pvr.hts - receive message [muxpkt]
3131
16:40:58.929 T:3639599968 DEBUG: AddOnLog: Tvheadend HTSP Client: pvr.hts - demux pkt idx 1:1 type B pts 4017777.000000 len 2167
3132
16:40:58.929 T:3534230368 DEBUG: AddOnLog: Tvheadend HTSP Client: pvr.hts - demux read idx :1 pts 4017777.000000 len 2167
3133
16:40:58.931 T:3525841760 DEBUG: CAMLCodec::Decode: ret: 2, sz: 11188, dts_in: 3.2378[47248], pts_in: 3.4378[4B898], adj:0, ptsOut:2.0978, amlpts:188799, idx:4124117, timesize:0.6800, drain: 0
3134
16:40:58.947 T:3525841760 DEBUG: CAMLCodec::Decode: ret: 2, sz: 2326, dts_in: 3.2578[47950], pts_in: 3.3378[49570], adj:0, ptsOut:2.0978, amlpts:188799, idx:4124117, timesize:0.7200, drain: 0
3135
16:40:58.950 T:4071166816 DEBUG: ActiveAE::SyncStream - average error 6.971473, last average error: 684.422768
3136
16:40:58.962 T:3525841760 DEBUG: CAMLCodec::Decode: ret: 2, sz: 2507, dts_in: 3.2778[48058], pts_in: 3.3578[49C78], adj:0, ptsOut:2.0978, amlpts:188799, idx:4124117, timesize:0.7600, drain: 0
3137
16:40:58.963 T:3639599968 DEBUG: AddOnLog: Tvheadend HTSP Client: pvr.hts - receive message [muxpkt]
3138
16:40:58.963 T:3639599968 DEBUG: AddOnLog: Tvheadend HTSP Client: pvr.hts - demux pkt idx 1:1 type B pts 4037777.000000 len 2006
3139
16:40:58.963 T:3534230368 DEBUG: AddOnLog: Tvheadend HTSP Client: pvr.hts - demux read idx :1 pts 4037777.000000 len 2006
3140
16:40:58.963 T:3639599968 DEBUG: AddOnLog: Tvheadend HTSP Client: pvr.hts - receive message [muxpkt]
3141
16:40:58.963 T:3639599968 DEBUG: AddOnLog: Tvheadend HTSP Client: pvr.hts - demux pkt idx 3:3 type _ pts 2717777.000000 len 139
3142
16:40:58.963 T:3534230368 DEBUG: AddOnLog: Tvheadend HTSP Client: pvr.hts - demux read idx :3 pts 2717777.000000 len 139
3143
16:40:58.963 T:3639599968 DEBUG: AddOnLog: Tvheadend HTSP Client: pvr.hts - receive message [muxpkt]
3144
16:40:58.964 T:3639599968 DEBUG: AddOnLog: Tvheadend HTSP Client: pvr.hts - demux pkt idx 1:1 type P pts 4217777.000000 len 11468
3145
16:40:58.964 T:3534230368 DEBUG: AddOnLog: Tvheadend HTSP Client: pvr.hts - demux read idx :1 pts 4217777.000000 len 11468
3146
16:40:58.964 T:3639599968 DEBUG: AddOnLog: Tvheadend HTSP Client: pvr.hts - receive message [muxpkt]
3147
16:40:58.964 T:3639599968 DEBUG: AddOnLog: Tvheadend HTSP Client: pvr.hts - demux pkt idx 3:3 type _ pts 2737777.000000 len 139
3148
16:40:58.964 T:3534230368 DEBUG: AddOnLog: Tvheadend HTSP Client: pvr.hts - demux read idx :3 pts 2737777.000000 len 139
3149
16:40:58.977 T:3525841760 DEBUG: CAMLCodec::Decode: ret: 2, sz: 1774, dts_in: 3.2978[48760], pts_in: 3.2978[48760], adj:0, ptsOut:2.0978, amlpts:188799, idx:4124117, timesize:0.8000, drain: 0
3150
16:40:58.993 T:3525841760 DEBUG: CAMLCodec::Decode: ret: 2, sz: 2294, dts_in: 3.3178[48E68], pts_in: 3.3178[48E68], adj:0, ptsOut:2.0978, amlpts:188799, idx:4124117, timesize:0.8400, drain: 0
3151
16:40:59.000 T:3639599968 DEBUG: AddOnLog: Tvheadend HTSP Client: pvr.hts - receive message [muxpkt]
3152
16:40:59.000 T:3639599968 DEBUG: AddOnLog: Tvheadend HTSP Client: pvr.hts - demux pkt idx 4:4 type _ pts 2609200.000000 len 42
3153
16:40:59.001 T:3534230368 DEBUG: AddOnLog: Tvheadend HTSP Client: pvr.hts - demux read idx :4 pts 2609200.000000 len 42
3154
16:40:59.001 T:3639599968 DEBUG: AddOnLog: Tvheadend HTSP Client: pvr.hts - receive message [muxpkt]
3155
16:40:59.001 T:3639599968 DEBUG: AddOnLog: Tvheadend HTSP Client: pvr.hts - demux pkt idx 3:3 type _ pts 2757777.000000 len 139
3156
16:40:59.001 T:3639599968 DEBUG: AddOnLog: Tvheadend HTSP Client: pvr.hts - receive message [muxpkt]
3157
16:40:59.001 T:3534230368 DEBUG: AddOnLog: Tvheadend HTSP Client: pvr.hts - demux read idx :3 pts 2757777.000000 len 139
3158
16:40:59.001 T:3639599968 DEBUG: AddOnLog: Tvheadend HTSP Client: pvr.hts - demux pkt idx 2:2 type _ pts 2641200.000000 len 1024
3159
16:40:59.001 T:3534230368 DEBUG: AddOnLog: Tvheadend HTSP Client: pvr.hts - demux read idx :2 pts 2641200.000000 len 1024
3160
16:40:59.001 T:3639599968 DEBUG: AddOnLog: Tvheadend HTSP Client: pvr.hts - receive message [muxpkt]
3161
16:40:59.001 T:3639599968 DEBUG: AddOnLog: Tvheadend HTSP Client: pvr.hts - demux pkt idx 2:2 type _ pts 2673200.000000 len 1024
3162
16:40:59.001 T:3534230368 DEBUG: AddOnLog: Tvheadend HTSP Client: pvr.hts - demux read idx :2 pts 2673200.000000 len 1024
3163
16:40:59.002 T:3639599968 DEBUG: AddOnLog: Tvheadend HTSP Client: pvr.hts - receive message [muxpkt]
3164
16:40:59.002 T:3639599968 DEBUG: AddOnLog: Tvheadend HTSP Client: pvr.hts - demux pkt idx 2:2 type _ pts 2705200.000000 len 1024
3165
16:40:59.002 T:3534230368 DEBUG: AddOnLog: Tvheadend HTSP Client: pvr.hts - demux read idx :2 pts 2705200.000000 len 1024
3166
16:40:59.002 T:3639599968 DEBUG: AddOnLog: Tvheadend HTSP Client: pvr.hts - receive message [muxpkt]
3167
16:40:59.002 T:3639599968 DEBUG: AddOnLog: Tvheadend HTSP Client: pvr.hts - demux pkt idx 2:2 type _ pts 2737200.000000 len 1024
3168
16:40:59.002 T:3534230368 DEBUG: AddOnLog: Tvheadend HTSP Client: pvr.hts - demux read idx :2 pts 2737200.000000 len 1024
3169
16:40:59.002 T:3639599968 DEBUG: AddOnLog: Tvheadend HTSP Client: pvr.hts - receive message [muxpkt]
3170
16:40:59.002 T:3639599968 DEBUG: AddOnLog: Tvheadend HTSP Client: pvr.hts - demux pkt idx 2:2 type _ pts 2769200.000000 len 1024
3171
16:40:59.002 T:3534230368 DEBUG: AddOnLog: Tvheadend HTSP Client: pvr.hts - demux read idx :2 pts 2769200.000000 len 1024
3172
16:40:59.002 T:3639599968 DEBUG: AddOnLog: Tvheadend HTSP Client: pvr.hts - receive message [muxpkt]
3173
16:40:59.002 T:3639599968 DEBUG: AddOnLog: Tvheadend HTSP Client: pvr.hts - demux pkt idx 1:1 type P pts 4237777.000000 len 12006
3174
16:40:59.002 T:3534230368 DEBUG: AddOnLog: Tvheadend HTSP Client: pvr.hts - demux read idx :1 pts 4237777.000000 len 12006
3175
16:40:59.002 T:3639599968 DEBUG: AddOnLog: Tvheadend HTSP Client: pvr.hts - receive message [muxpkt]
3176
16:40:59.002 T:3639599968 DEBUG: AddOnLog: Tvheadend HTSP Client: pvr.hts - demux pkt idx 1:1 type B pts 4137777.000000 len 3377
3177
16:40:59.003 T:3534230368 DEBUG: AddOnLog: Tvheadend HTSP Client: pvr.hts - demux read idx :1 pts 4137777.000000 len 3377
3178
16:40:59.003 T:3639599968 DEBUG: AddOnLog: Tvheadend HTSP Client: pvr.hts - receive message [muxpkt]
3179
16:40:59.003 T:3639599968 DEBUG: AddOnLog: Tvheadend HTSP Client: pvr.hts - demux pkt idx 3:3 type _ pts 2777777.000000 len 139
3180
16:40:59.003 T:3534230368 DEBUG: AddOnLog: Tvheadend HTSP Client: pvr.hts - demux read idx :3 pts 2777777.000000 len 139
3181
16:40:59.003 T:3639599968 DEBUG: AddOnLog: Tvheadend HTSP Client: pvr.hts - receive message [muxpkt]
3182
16:40:59.003 T:3639599968 DEBUG: AddOnLog: Tvheadend HTSP Client: pvr.hts - demux pkt idx 1:1 type B pts 4157777.000000 len 3747
3183
16:40:59.003 T:3534230368 DEBUG: AddOnLog: Tvheadend HTSP Client: pvr.hts - demux read idx :1 pts 4157777.000000 len 3747
3184
16:40:59.008 T:3525841760 DEBUG: CAMLCodec::Decode: ret: 2, sz: 2649, dts_in: 3.3378[49570], pts_in: 3.3778[4A380], adj:0, ptsOut:2.0978, amlpts:188799, idx:4124117, timesize:0.8800, drain: 0
3185
16:40:59.024 T:3525841760 DEBUG: CAMLCodec::Decode: ret: 2, sz: 3024, dts_in: 3.3578[49C78], pts_in: 3.3978[4AA88], adj:0, ptsOut:2.0978, amlpts:188799, idx:4124117, timesize:0.9200, drain: 0
3186
16:40:59.036 T:3639599968 DEBUG: AddOnLog: Tvheadend HTSP Client: pvr.hts - receive message [muxpkt]
3187
16:40:59.036 T:3639599968 DEBUG: AddOnLog: Tvheadend HTSP Client: pvr.hts - demux pkt idx 1:1 type B pts 4097777.000000 len 2350
3188
16:40:59.037 T:3639599968 DEBUG: AddOnLog: Tvheadend HTSP Client: pvr.hts - receive message [muxpkt]
3189
16:40:59.037 T:3534230368 DEBUG: AddOnLog: Tvheadend HTSP Client: pvr.hts - demux read idx :1 pts 4097777.000000 len 2350
3190
16:40:59.037 T:3639599968 DEBUG: AddOnLog: Tvheadend HTSP Client: pvr.hts - demux pkt idx 1:1 type B pts 4117777.000000 len 2181
3191
16:40:59.037 T:3639599968 DEBUG: AddOnLog: Tvheadend HTSP Client: pvr.hts - receive message [muxpkt]
3192
16:40:59.037 T:3534230368 DEBUG: AddOnLog: Tvheadend HTSP Client: pvr.hts - demux read idx :1 pts 4117777.000000 len 2181
3193
16:40:59.037 T:3639599968 DEBUG: AddOnLog: Tvheadend HTSP Client: pvr.hts - demux pkt idx 1:1 type B pts 4177777.000000 len 3027
3194
16:40:59.037 T:3534230368 DEBUG: AddOnLog: Tvheadend HTSP Client: pvr.hts - demux read idx :1 pts 4177777.000000 len 3027
3195
16:40:59.037 T:3639599968 DEBUG: AddOnLog: Tvheadend HTSP Client: pvr.hts - receive message [muxpkt]
3196
16:40:59.037 T:3639599968 DEBUG: AddOnLog: Tvheadend HTSP Client: pvr.hts - demux pkt idx 3:3 type _ pts 2797777.000000 len 139
3197
16:40:59.037 T:3534230368 DEBUG: AddOnLog: Tvheadend HTSP Client: pvr.hts - demux read idx :3 pts 2797777.000000 len 139
3198
16:40:59.037 T:3639599968 DEBUG: AddOnLog: Tvheadend HTSP Client: pvr.hts - receive message [muxpkt]
3199
16:40:59.037 T:3639599968 DEBUG: AddOnLog: Tvheadend HTSP Client: pvr.hts - demux pkt idx 1:1 type B pts 4197777.000000 len 3247
3200
16:40:59.038 T:3534230368 DEBUG: AddOnLog: Tvheadend HTSP Client: pvr.hts - demux read idx :1 pts 4197777.000000 len 3247
3201
16:40:59.039 T:3525841760 DEBUG: CAMLCodec::Decode: ret: 2, sz: 11656, dts_in: 3.3778[4A380], pts_in: 3.5778[4E9D0], adj:0, ptsOut:2.0978, amlpts:188799, idx:4124117, timesize:0.9600, drain: 0
3202
16:40:59.050 T:3525841760 DEBUG: CAMLCodec::Decode: ret: 0, sz: 12372, dts_in: 3.3978[4AA88], pts_in: 3.5978[4F0D8], adj:0, ptsOut:2.0978, amlpts:188799, idx:4124117, timesize:1.0000, drain: 0
3203
16:40:59.060 T:3525841760 DEBUG: CAMLCodec::Decode: ret: 0, sz: 0, dts_in: 18442240474082.1797[4AA88], pts_in: 18442240474082.1797[4F0D8], adj:0, ptsOut:2.0978, amlpts:188799, idx:4124117, timesize:1.0000, drain: 0
3204
16:40:59.074 T:3639599968 DEBUG: Previous line repeats 1 times.
3205
16:40:59.074 T:3639599968 DEBUG: AddOnLog: Tvheadend HTSP Client: pvr.hts - receive message [muxpkt]
3206
16:40:59.074 T:3639599968 DEBUG: AddOnLog: Tvheadend HTSP Client: pvr.hts - demux pkt idx 3:3 type _ pts 2817777.000000 len 139
3207
16:40:59.074 T:3534230368 DEBUG: AddOnLog: Tvheadend HTSP Client: pvr.hts - demux read idx :3 pts 2817777.000000 len 139
3208
16:40:59.074 T:3639599968 DEBUG: AddOnLog: Tvheadend HTSP Client: pvr.hts - receive message [muxpkt]
3209
16:40:59.074 T:3639599968 DEBUG: AddOnLog: Tvheadend HTSP Client: pvr.hts - demux pkt idx 3:3 type _ pts 2837777.000000 len 139
3210
16:40:59.074 T:3639599968 DEBUG: AddOnLog: Tvheadend HTSP Client: pvr.hts - receive message [muxpkt]
3211
16:40:59.075 T:3534230368 DEBUG: AddOnLog: Tvheadend HTSP Client: pvr.hts - demux read idx :3 pts 2837777.000000 len 139
3212
16:40:59.075 T:3639599968 DEBUG: AddOnLog: Tvheadend HTSP Client: pvr.hts - demux pkt idx 1:1 type P pts 4377777.000000 len 14663
3213
16:40:59.075 T:3534230368 DEBUG: AddOnLog: Tvheadend HTSP Client: pvr.hts - demux read idx :1 pts 4377777.000000 len 14663
3214
16:40:59.078 T:4071166816 DEBUG: ActiveAE::SyncStream - average error of -40.943902, start adjusting
3215
16:40:59.078 T:4071166816 DEBUG: ActiveAE::SyncStream - average error -8.943902 below threshold of 30.000000
3216
16:40:59.080 T:3525841760 DEBUG: CAMLCodec::Decode: ret: 0, sz: 0, dts_in: 18442240474082.1797[4AA88], pts_in: 18442240474082.1797[4F0D8], adj:0, ptsOut:2.0978, amlpts:188799, idx:4124117, timesize:1.0000, drain: 0
3217
16:40:59.110 T:3639599968 DEBUG: Previous line repeats 2 times.
3218
16:40:59.110 T:3639599968 DEBUG: AddOnLog: Tvheadend HTSP Client: pvr.hts - receive message [muxpkt]
3219
16:40:59.110 T:3639599968 DEBUG: AddOnLog: Tvheadend HTSP Client: pvr.hts - demux pkt idx 3:3 type _ pts 2857777.000000 len 139
3220
16:40:59.110 T:3639599968 DEBUG: AddOnLog: Tvheadend HTSP Client: pvr.hts - receive message [muxpkt]
3221
16:40:59.110 T:3534230368 DEBUG: AddOnLog: Tvheadend HTSP Client: pvr.hts - demux read idx :3 pts 2857777.000000 len 139
3222
16:40:59.110 T:3639599968 DEBUG: AddOnLog: Tvheadend HTSP Client: pvr.hts - demux pkt idx 1:1 type P pts 4397777.000000 len 12764
3223
16:40:59.110 T:3639599968 DEBUG: AddOnLog: Tvheadend HTSP Client: pvr.hts - receive message [muxpkt]
3224
16:40:59.110 T:3534230368 DEBUG: AddOnLog: Tvheadend HTSP Client: pvr.hts - demux read idx :1 pts 4397777.000000 len 12764
3225
16:40:59.111 T:3639599968 DEBUG: AddOnLog: Tvheadend HTSP Client: pvr.hts - demux pkt idx 1:1 type B pts 4297777.000000 len 3469
3226
16:40:59.111 T:3534230368 DEBUG: AddOnLog: Tvheadend HTSP Client: pvr.hts - demux read idx :1 pts 4297777.000000 len 3469
3227
16:40:59.111 T:3639599968 DEBUG: AddOnLog: Tvheadend HTSP Client: pvr.hts - receive message [muxpkt]
3228
16:40:59.111 T:3639599968 DEBUG: AddOnLog: Tvheadend HTSP Client: pvr.hts - demux pkt idx 3:3 type _ pts 2877777.000000 len 139
3229
16:40:59.111 T:3534230368 DEBUG: AddOnLog: Tvheadend HTSP Client: pvr.hts - demux read idx :3 pts 2877777.000000 len 139
3230
16:40:59.111 T:3639599968 DEBUG: AddOnLog: Tvheadend HTSP Client: pvr.hts - receive message [muxpkt]
3231
16:40:59.111 T:3639599968 DEBUG: AddOnLog: Tvheadend HTSP Client: pvr.hts - demux pkt idx 1:1 type B pts 4317777.000000 len 3344
3232
16:40:59.111 T:3525841760 DEBUG: CAMLCodec::Decode: ret: 0, sz: 0, dts_in: 18442240474082.1797[4AA88], pts_in: 18442240474082.1797[4F0D8], adj:0, ptsOut:2.0978, amlpts:188799, idx:4124117, timesize:1.0000, drain: 0
3233
16:40:59.111 T:3534230368 DEBUG: AddOnLog: Tvheadend HTSP Client: pvr.hts - demux read idx :1 pts 4317777.000000 len 3344
3234
16:40:59.121 T:3525841760 DEBUG: CAMLCodec::Decode: ret: 0, sz: 0, dts_in: 18442240474082.1797[4AA88], pts_in: 18442240474082.1797[4F0D8], adj:0, ptsOut:2.0978, amlpts:188799, idx:4124117, timesize:1.0000, drain: 0
3235
16:40:59.148 T:3639599968 DEBUG: Previous line repeats 2 times.
3236
16:40:59.148 T:3639599968 DEBUG: AddOnLog: Tvheadend HTSP Client: pvr.hts - receive message [muxpkt]
3237
16:40:59.149 T:3639599968 DEBUG: AddOnLog: Tvheadend HTSP Client: pvr.hts - demux pkt idx 1:1 type B pts 4257777.000000 len 3264
3238
16:40:59.149 T:3534230368 DEBUG: AddOnLog: Tvheadend HTSP Client: pvr.hts - demux read idx :1 pts 4257777.000000 len 3264
3239
16:40:59.149 T:3639599968 DEBUG: AddOnLog: Tvheadend HTSP Client: pvr.hts - receive message [muxpkt]
3240
16:40:59.149 T:3639599968 DEBUG: AddOnLog: Tvheadend HTSP Client: pvr.hts - demux pkt idx 1:1 type B pts 4277777.000000 len 2774
3241
16:40:59.149 T:3639599968 DEBUG: AddOnLog: Tvheadend HTSP Client: pvr.hts - receive message [muxpkt]
3242
16:40:59.149 T:3534230368 DEBUG: AddOnLog: Tvheadend HTSP Client: pvr.hts - demux read idx :1 pts 4277777.000000 len 2774
3243
16:40:59.149 T:3639599968 DEBUG: AddOnLog: Tvheadend HTSP Client: pvr.hts - demux pkt idx 3:3 type _ pts 2897777.000000 len 139
3244
16:40:59.149 T:3534230368 DEBUG: AddOnLog: Tvheadend HTSP Client: pvr.hts - demux read idx :3 pts 2897777.000000 len 139
3245
16:40:59.149 T:3639599968 DEBUG: AddOnLog: Tvheadend HTSP Client: pvr.hts - receive message [muxpkt]
3246
16:40:59.150 T:3639599968 DEBUG: AddOnLog: Tvheadend HTSP Client: pvr.hts - demux pkt idx 1:1 type B pts 4337777.000000 len 3203
3247
16:40:59.150 T:3639599968 DEBUG: AddOnLog: Tvheadend HTSP Client: pvr.hts - receive message [muxpkt]
3248
16:40:59.150 T:3534230368 DEBUG: AddOnLog: Tvheadend HTSP Client: pvr.hts - demux read idx :1 pts 4337777.000000 len 3203
3249
16:40:59.150 T:3639599968 DEBUG: AddOnLog: Tvheadend HTSP Client: pvr.hts - demux pkt idx 1:1 type B pts 4357777.000000 len 3423
3250
16:40:59.150 T:3534230368 DEBUG: AddOnLog: Tvheadend HTSP Client: pvr.hts - demux read idx :1 pts 4357777.000000 len 3423
3251
16:40:59.150 T:3639599968 DEBUG: AddOnLog: Tvheadend HTSP Client: pvr.hts - receive message [muxpkt]
3252
16:40:59.150 T:3639599968 DEBUG: AddOnLog: Tvheadend HTSP Client: pvr.hts - demux pkt idx 3:3 type _ pts 2917777.000000 len 139
3253
16:40:59.150 T:3534230368 DEBUG: AddOnLog: Tvheadend HTSP Client: pvr.hts - demux read idx :3 pts 2917777.000000 len 139
3254
16:40:59.150 T:3639599968 DEBUG: AddOnLog: Tvheadend HTSP Client: pvr.hts - receive message [muxpkt]
3255
16:40:59.150 T:3639599968 DEBUG: AddOnLog: Tvheadend HTSP Client: pvr.hts - demux pkt idx 2:2 type _ pts 2801200.000000 len 1024
3256
16:40:59.150 T:3534230368 DEBUG: AddOnLog: Tvheadend HTSP Client: pvr.hts - demux read idx :2 pts 2801200.000000 len 1024
3257
16:40:59.150 T:3639599968 DEBUG: AddOnLog: Tvheadend HTSP Client: pvr.hts - receive message [muxpkt]
3258
16:40:59.150 T:3639599968 DEBUG: AddOnLog: Tvheadend HTSP Client: pvr.hts - demux pkt idx 2:2 type _ pts 2833200.000000 len 1024
3259
16:40:59.151 T:3534230368 DEBUG: AddOnLog: Tvheadend HTSP Client: pvr.hts - demux read idx :2 pts 2833200.000000 len 1024
3260
16:40:59.151 T:3639599968 DEBUG: AddOnLog: Tvheadend HTSP Client: pvr.hts - receive message [muxpkt]
3261
16:40:59.151 T:3639599968 DEBUG: AddOnLog: Tvheadend HTSP Client: pvr.hts - demux pkt idx 2:2 type _ pts 2865200.000000 len 1024
3262
16:40:59.151 T:3534230368 DEBUG: AddOnLog: Tvheadend HTSP Client: pvr.hts - demux read idx :2 pts 2865200.000000 len 1024
3263
16:40:59.151 T:3639599968 DEBUG: AddOnLog: Tvheadend HTSP Client: pvr.hts - receive message [muxpkt]
3264
16:40:59.151 T:3639599968 DEBUG: AddOnLog: Tvheadend HTSP Client: pvr.hts - demux pkt idx 2:2 type _ pts 2897200.000000 len 1024
3265
16:40:59.151 T:3534230368 DEBUG: AddOnLog: Tvheadend HTSP Client: pvr.hts - demux read idx :2 pts 2897200.000000 len 1024
3266
16:40:59.151 T:3639599968 DEBUG: AddOnLog: Tvheadend HTSP Client: pvr.hts - receive message [muxpkt]
3267
16:40:59.151 T:3639599968 DEBUG: AddOnLog: Tvheadend HTSP Client: pvr.hts - demux pkt idx 2:2 type _ pts 2929200.000000 len 1024
3268
16:40:59.151 T:3534230368 DEBUG: AddOnLog: Tvheadend HTSP Client: pvr.hts - demux read idx :2 pts 2929200.000000 len 1024
3269
16:40:59.152 T:3525841760 DEBUG: CAMLCodec::Decode: ret: 0, sz: 0, dts_in: 18442240474082.1797[4AA88], pts_in: 18442240474082.1797[4F0D8], adj:0, ptsOut:2.0978, amlpts:188799, idx:4124117, timesize:1.0000, drain: 0
3270
16:40:59.186 T:3639599968 DEBUG: Previous line repeats 3 times.
3271
16:40:59.186 T:3639599968 DEBUG: AddOnLog: Tvheadend HTSP Client: pvr.hts - receive message [muxpkt]
3272
16:40:59.186 T:3639599968 DEBUG: AddOnLog: Tvheadend HTSP Client: pvr.hts - demux pkt idx 3:3 type _ pts 2937777.000000 len 139
3273
16:40:59.186 T:3534230368 DEBUG: AddOnLog: Tvheadend HTSP Client: pvr.hts - demux read idx :3 pts 2937777.000000 len 139
3274
16:40:59.186 T:3639599968 DEBUG: AddOnLog: Tvheadend HTSP Client: pvr.hts - receive message [muxpkt]
3275
16:40:59.187 T:3639599968 DEBUG: AddOnLog: Tvheadend HTSP Client: pvr.hts - demux pkt idx 1:1 type P pts 4537777.000000 len 16806
3276
16:40:59.187 T:3534230368 DEBUG: AddOnLog: Tvheadend HTSP Client: pvr.hts - demux read idx :1 pts 4537777.000000 len 16806
3277
16:40:59.187 T:3639599968 DEBUG: AddOnLog: Tvheadend HTSP Client: pvr.hts - receive message [muxpkt]
3278
16:40:59.187 T:3639599968 DEBUG: AddOnLog: Tvheadend HTSP Client: pvr.hts - demux pkt idx 3:3 type _ pts 2957777.000000 len 139
3279
16:40:59.187 T:3534230368 DEBUG: AddOnLog: Tvheadend HTSP Client: pvr.hts - demux read idx :3 pts 2957777.000000 len 139
3280
16:40:59.193 T:3525841760 DEBUG: CAMLCodec::Decode: ret: 0, sz: 0, dts_in: 18442240474082.1797[4AA88], pts_in: 18442240474082.1797[4F0D8], adj:0, ptsOut:2.0978, amlpts:188799, idx:4124117, timesize:1.0000, drain: 0
3281
16:40:59.225 T:3639599968 DEBUG: Previous line repeats 3 times.
3282
16:40:59.225 T:3639599968 DEBUG: AddOnLog: Tvheadend HTSP Client: pvr.hts - receive message [muxpkt]
3283
16:40:59.225 T:3639599968 DEBUG: AddOnLog: Tvheadend HTSP Client: pvr.hts - demux pkt idx 3:3 type _ pts 2977777.000000 len 139
3284
16:40:59.225 T:3534230368 DEBUG: AddOnLog: Tvheadend HTSP Client: pvr.hts - demux read idx :3 pts 2977777.000000 len 139
3285
16:40:59.225 T:3639599968 DEBUG: AddOnLog: Tvheadend HTSP Client: pvr.hts - receive message [muxpkt]
3286
16:40:59.225 T:3639599968 DEBUG: AddOnLog: Tvheadend HTSP Client: pvr.hts - demux pkt idx 1:1 type P pts 4557777.000000 len 13975
3287
16:40:59.226 T:3639599968 DEBUG: AddOnLog: Tvheadend HTSP Client: pvr.hts - receive message [muxpkt]
3288
16:40:59.226 T:3639599968 DEBUG: AddOnLog: Tvheadend HTSP Client: pvr.hts - demux pkt idx 3:3 type _ pts 2997777.000000 len 139
3289
16:40:59.226 T:3534230368 DEBUG: AddOnLog: Tvheadend HTSP Client: pvr.hts - demux read idx :1 pts 4557777.000000 len 13975
3290
16:40:59.226 T:3639599968 DEBUG: AddOnLog: Tvheadend HTSP Client: pvr.hts - receive message [muxpkt]
3291
16:40:59.226 T:3639599968 DEBUG: AddOnLog: Tvheadend HTSP Client: pvr.hts - demux pkt idx 1:1 type B pts 4457777.000000 len 4751
3292
16:40:59.226 T:3534230368 DEBUG: AddOnLog: Tvheadend HTSP Client: pvr.hts - demux read idx :3 pts 2997777.000000 len 139
3293
16:40:59.226 T:3534230368 DEBUG: AddOnLog: Tvheadend HTSP Client: pvr.hts - demux read idx :1 pts 4457777.000000 len 4751
3294
16:40:59.234 T:3525841760 DEBUG: CAMLCodec::Decode: ret: 0, sz: 0, dts_in: 18442240474082.1797[4AA88], pts_in: 18442240474082.1797[4F0D8], adj:0, ptsOut:2.0978, amlpts:188799, idx:4124117, timesize:1.0000, drain: 0
3295
16:40:59.262 T:3639599968 DEBUG: Previous line repeats 2 times.
3296
16:40:59.262 T:3639599968 DEBUG: AddOnLog: Tvheadend HTSP Client: pvr.hts - receive message [muxpkt]
3297
16:40:59.262 T:3639599968 DEBUG: AddOnLog: Tvheadend HTSP Client: pvr.hts - demux pkt idx 1:1 type B pts 4477777.000000 len 4973
3298
16:40:59.262 T:3639599968 DEBUG: AddOnLog: Tvheadend HTSP Client: pvr.hts - receive message [muxpkt]
3299
16:40:59.262 T:3639599968 DEBUG: AddOnLog: Tvheadend HTSP Client: pvr.hts - demux pkt idx 3:3 type _ pts 3017777.000000 len 139
3300
16:40:59.262 T:3534230368 DEBUG: AddOnLog: Tvheadend HTSP Client: pvr.hts - demux read idx :1 pts 4477777.000000 len 4973
3301
16:40:59.262 T:3639599968 DEBUG: AddOnLog: Tvheadend HTSP Client: pvr.hts - receive message [muxpkt]
3302
16:40:59.262 T:3639599968 DEBUG: AddOnLog: Tvheadend HTSP Client: pvr.hts - demux pkt idx 1:1 type B pts 4417777.000000 len 4014
3303
16:40:59.263 T:3639599968 DEBUG: AddOnLog: Tvheadend HTSP Client: pvr.hts - receive message [muxpkt]
3304
