19:14:43 T:11964 DEBUG: CPlayerSelectionRule::GetPlayers: considering rule: streams
19:14:43 T:11964 DEBUG: CPlayerSelectionRule::GetPlayers: considering rule: dvd
19:14:43 T:11964 DEBUG: CPlayerSelectionRule::GetPlayers: considering rule: dvdimage
19:14:43 T:11964 DEBUG: CPlayerSelectionRule::GetPlayers: considering rule: sdp/asf
19:14:43 T:11964 DEBUG: CPlayerSelectionRule::GetPlayers: considering rule: nsv
19:14:43 T:11964 DEBUG: CPlayerSelectionRule::GetPlayers: considering rule: radio
19:14:43 T:11964 DEBUG: CPlayerCoreFactory::GetPlayers: matched 0 rules with players
19:14:43 T:11964 DEBUG: CPlayerCoreFactory::GetPlayers: adding videodefaultplayer (1)
19:14:43 T:11964 DEBUG: CPlayerCoreFactory::GetPlayers: for video=1, audio=0
19:14:43 T:11964 DEBUG: CPlayerCoreFactory::GetPlayers: for video=1, audio=1
19:14:43 T:11964 DEBUG: CPlayerCoreFactory::GetPlayers: adding player: DVDPlayer (1)
19:14:43 T:11964 DEBUG: CPlayerCoreFactory::GetPlayers: added 1 players
19:14:43 T:11964 NOTICE: DVDPlayer: Opening: pvr://channels/tv/All channels/pvr.hts_1197321994.pvr
19:14:43 T:11964 WARNING: CDVDMessageQueue(player)::Put MSGQ_NOT_INITIALIZED
19:14:43 T:11964 DEBUG: CRenderManager::UpdateDisplayLatency - Latency set to 0 msec
19:14:43 T:11964 NOTICE: DXVA::CProcessorHD::PreInit - The Direct3d device doesn't support DXVA-HD.
19:14:43 T:11964 NOTICE: CWinRenderer::Preinit - could not init DXVA-HD processor - skipping
19:14:43 T:11964 DEBUG: DXVA - checking samples array size using 842094158 render target
19:14:43 T:11964 DEBUG: DXVA - updated maximum samples count to 2
19:14:43 T:11964 DEBUG: DXVA - checking samples array size using 842094169 render target
19:14:43 T:11272 NOTICE: Thread DVDPlayer start, auto delete: false
19:14:43 T:11272 NOTICE: Creating InputStream
19:14:43 T:11272 DEBUG: PVRManager - PVR::CPVRManager::OpenLiveStream - opening live stream on channel 'ZDF HD'
19:14:43 T:11272 DEBUG: opening live stream for channel 'ZDF HD'
19:14:43 T:11272 DEBUG: AddOnLog: Tvheadend HTSP Client: pvr.hts - demux open
19:14:43 T:11272 DEBUG: AddOnLog: Tvheadend HTSP Client: pvr.hts - demux flush
19:14:43 T:11272 DEBUG: AddOnLog: Tvheadend HTSP Client: pvr.hts - demux subscribe to 1197321994
19:14:43 T:11272 DEBUG: AddOnLog: Tvheadend HTSP Client: pvr.hts - sending message [subscribe : 13]
19:14:43 T:10844 DEBUG: AddOnLog: Tvheadend HTSP Client: pvr.hts - received response [13]
19:14:43 T:11272 DEBUG: AddOnLog: Tvheadend HTSP Client: pvr.hts - demux successfully subscribed to 1197321994
19:14:43 T:11272 DEBUG: PVRFile - XFILE::CPVRFile::Open - playback has started on filename pvr://channels/tv/All channels/pvr.hts_1197321994.pvr
19:14:43 T:11272 DEBUG: CDVDInputStreamPVRManager::Open - stream opened: pvr://channels/tv/All channels/pvr.hts_1197321994.pvr
19:14:43 T:11272 NOTICE: Creating Demuxer
19:14:43 T:11272 ERROR: CSelectionStreams::Get - failed to get stream
19:14:43 T:11272 DEBUG: CDVDPlayer::SetCaching - caching state 2
19:14:43 T:11272 WARNING: CDVDMessageQueue(audio)::Put MSGQ_NOT_INITIALIZED
19:14:43 T:11272 WARNING: CDVDMessageQueue(video)::Put MSGQ_NOT_INITIALIZED
19:14:43 T:11272 DEBUG: CApplication::OnPlayBackStarted: play state was 1, starting 1
19:14:43 T:11964 DEBUG: CApplication::PlayFile: OpenFile succeed, play state 2
19:14:43 T:11964 DEBUG: CApplication::OnPlayBackStarted: play state was 2, starting 0
19:14:43 T:11964 DEBUG: ------ Window Init (DialogSeekBar.xml) ------
19:14:43 T:11964 DEBUG: CGUIInfoManager::SetCurrentMovie(pvr://channels/tv/All channels/pvr.hts_1197321994.pvr)
19:14:43 T:11964 DEBUG: CAnnouncementManager - Announcement: OnPlay from xbmc
19:14:43 T:11964 DEBUG: GOT ANNOUNCEMENT, type: 1, from xbmc, message OnPlay
19:14:43 T:11964 DEBUG: AddOnLog: Tvheadend HTSP Client: pvr.hts - Announce(flag=Player, sender=xbmc, message=OnPlay)
19:14:43 T:10844 DEBUG: AddOnLog: Tvheadend HTSP Client: pvr.hts - receive message [subscriptionGrace]
19:14:43 T:10844 DEBUG: AddOnLog: Tvheadend HTSP Client: pvr.hts - demux unhandled subscription message [subscriptionGrace]
19:14:43 T:10940 DEBUG: AddOnLog: Tvheadend HTSP Client: pvr.hts - sending message [getDiskSpace : 14]
19:14:43 T:10844 DEBUG: AddOnLog: Tvheadend HTSP Client: pvr.hts - received response [14]
19:14:43 T:10844 DEBUG: AddOnLog: Tvheadend HTSP Client: pvr.hts - receive message [subscriptionStatus]
19:14:44 T:10844 DEBUG: AddOnLog: Tvheadend HTSP Client: pvr.hts - receive message [timeshiftStatus]
19:14:44 T:10844 DEBUG: AddOnLog: Tvheadend HTSP Client: pvr.hts - timeshiftStatus:
19:14:44 T:10844 DEBUG: AddOnLog: Tvheadend HTSP Client: pvr.hts - full : 0
19:14:44 T:10844 DEBUG: AddOnLog: Tvheadend HTSP Client: pvr.hts - shift : 0
19:14:44 T:11272 DEBUG: AddOnLog: Tvheadend HTSP Client: pvr.hts - demux read nothing
19:14:44 T:10844 DEBUG: AddOnLog: Tvheadend HTSP Client: pvr.hts - receive message [queueStatus]
19:14:44 T:10844 DEBUG: AddOnLog: Tvheadend HTSP Client: pvr.hts - stream stats:
19:14:44 T:10844 DEBUG: AddOnLog: Tvheadend HTSP Client: pvr.hts - queue stats:
19:14:44 T:10844 DEBUG: AddOnLog: Tvheadend HTSP Client: pvr.hts - pkts 2
19:14:44 T:10844 DEBUG: AddOnLog: Tvheadend HTSP Client: pvr.hts - bytes 691
19:14:44 T:10844 DEBUG: AddOnLog: Tvheadend HTSP Client: pvr.hts - delay 0
19:14:44 T:10844 DEBUG: AddOnLog: Tvheadend HTSP Client: pvr.hts - Idrop 0
19:14:44 T:10844 DEBUG: AddOnLog: Tvheadend HTSP Client: pvr.hts - Pdrop 0
19:14:44 T:10844 DEBUG: AddOnLog: Tvheadend HTSP Client: pvr.hts - Bdrop 0
19:14:44 T:10844 DEBUG: AddOnLog: Tvheadend HTSP Client: pvr.hts - receive message [subscriptionStart]
19:14:44 T:10844 DEBUG: AddOnLog: Tvheadend HTSP Client: pvr.hts - demux subscription start
19:14:44 T:10844 DEBUG: AddOnLog: Tvheadend HTSP Client: pvr.hts - id: 1, type H264, codec: 28
19:14:44 T:10844 DEBUG: AddOnLog: Tvheadend HTSP Client: pvr.hts - demux subscription start
19:14:44 T:10844 DEBUG: AddOnLog: Tvheadend HTSP Client: pvr.hts - id: 2, type MPEG2AUDIO, codec: 86016
19:14:44 T:10844 DEBUG: AddOnLog: Tvheadend HTSP Client: pvr.hts - demux subscription start
19:14:44 T:10844 DEBUG: AddOnLog: Tvheadend HTSP Client: pvr.hts - id: 3, type MPEG2AUDIO, codec: 86016
19:14:44 T:10844 DEBUG: AddOnLog: Tvheadend HTSP Client: pvr.hts - demux subscription start
19:14:44 T:10844 DEBUG: AddOnLog: Tvheadend HTSP Client: pvr.hts - id: 4, type MPEG2AUDIO, codec: 86016
19:14:44 T:10844 DEBUG: AddOnLog: Tvheadend HTSP Client: pvr.hts - demux subscription start
19:14:44 T:10844 DEBUG: AddOnLog: Tvheadend HTSP Client: pvr.hts - id: 5, type AC3, codec: 86019
19:14:44 T:10844 DEBUG: AddOnLog: Tvheadend HTSP Client: pvr.hts - demux subscription start
19:14:44 T:10844 DEBUG: AddOnLog: Tvheadend HTSP Client: pvr.hts - id: 6, type TELETEXT, codec: 94215
19:14:44 T:10844 DEBUG: AddOnLog: Tvheadend HTSP Client: pvr.hts - demux subscription start
19:14:44 T:10844 DEBUG: AddOnLog: Tvheadend HTSP Client: pvr.hts - id: 7, type DVBSUB, codec: 94209
19:14:44 T:10844 DEBUG: AddOnLog: Tvheadend HTSP Client: pvr.hts - demux stream change
19:14:44 T:10844 DEBUG: AddOnLog: Tvheadend HTSP Client: pvr.hts - demux sourceInfo:
19:14:44 T:10844 DEBUG: AddOnLog: Tvheadend HTSP Client: pvr.hts - adapter : Montage RS6000(DVBSky) : DVB-S #1
19:14:44 T:10844 DEBUG: AddOnLog: Tvheadend HTSP Client: pvr.hts - network : omv-homeserver-dvbs2
19:14:44 T:10844 DEBUG: AddOnLog: Tvheadend HTSP Client: pvr.hts - mux : 11361.75H
19:14:44 T:11272 DEBUG: AddOnLog: Tvheadend HTSP Client: pvr.hts - demux read idx :-11 pts -4503599627370496.000000 len 0
19:14:44 T:10844 DEBUG: AddOnLog: Tvheadend HTSP Client: pvr.hts - provider : ZDFvision
19:14:44 T:10844 DEBUG: AddOnLog: Tvheadend HTSP Client: pvr.hts - service : ZDF HD
19:14:44 T:10844 DEBUG: AddOnLog: Tvheadend HTSP Client: pvr.hts - receive message [muxpkt]
19:14:44 T:10844 DEBUG: AddOnLog: Tvheadend HTSP Client: pvr.hts - demux pkt idx 6:5 type _ pts 13655.000000 len 691
19:14:44 T:10844 DEBUG: AddOnLog: Tvheadend HTSP Client: pvr.hts - receive message [muxpkt]
19:14:44 T:10844 DEBUG: AddOnLog: Tvheadend HTSP Client: pvr.hts - demux pkt idx 6:5 type _ pts 33655.000000 len 691
19:14:44 T:10844 DEBUG: AddOnLog: Tvheadend HTSP Client: pvr.hts - receive message [muxpkt]
19:14:44 T:10844 DEBUG: AddOnLog: Tvheadend HTSP Client: pvr.hts - demux pkt idx 6:5 type _ pts 53655.000000 len 691
19:14:44 T:10844 DEBUG: AddOnLog: Tvheadend HTSP Client: pvr.hts - receive message [muxpkt]
19:14:44 T:11272 DEBUG: CDVDDemuxPVRClient::RequestStreams(): added/updated stream 0:1 with codec_id 28
19:14:44 T:11272 DEBUG: CDVDDemuxPVRClient::RequestStreams(): added/updated stream 1:2 with codec_id 86016
19:14:44 T:10844 DEBUG: AddOnLog: Tvheadend HTSP Client: pvr.hts - demux pkt idx 6:5 type _ pts 73655.000000 len 691
19:14:44 T:11272 DEBUG: CDVDDemuxPVRClient::RequestStreams(): added/updated stream 2:3 with codec_id 86016
19:14:44 T:10844 DEBUG: AddOnLog: Tvheadend HTSP Client: pvr.hts - receive message [muxpkt]
19:14:44 T:11272 DEBUG: CDVDDemuxPVRClient::RequestStreams(): added/updated stream 3:4 with codec_id 86016
19:14:44 T:10844 DEBUG: AddOnLog: Tvheadend HTSP Client: pvr.hts - demux pkt idx 6:5 type _ pts 93655.000000 len 691
19:14:44 T:11272 DEBUG: CDVDDemuxPVRClient::RequestStreams(): added/updated stream 4:5 with codec_id 86019
19:14:44 T:11272 DEBUG: CDVDDemuxPVRClient::RequestStreams(): added/updated stream 5:6 with codec_id 94215
19:14:44 T:11272 DEBUG: CDVDDemuxPVRClient::RequestStreams(): added/updated stream 6:7 with codec_id 94209
19:14:44 T:11272 NOTICE: Opening stream: 0 source: 256
19:14:44 T:11272 NOTICE: Creating video codec with codec id: 28
19:14:44 T:11272 DEBUG: CDVDFactoryCodec: compiled in hardware support: AMCodec:no MediaCodec:no DXVA:yes iMXVPU:no MMAL:no
19:14:44 T:11272 DEBUG: FactoryCodec - Video: - Opening
19:14:44 T:11272 NOTICE: CDVDVideoCodecFFmpeg::Open() Using codec: H.264 / AVC / MPEG-4 AVC / MPEG-4 part 10
19:14:44 T:11272 DEBUG: FactoryCodec - Video: ff-h264 - Opened
19:14:44 T:11272 NOTICE: Creating video thread
19:14:44 T:11272 NOTICE: Opening stream: 4 source: 256
19:14:44 T:11272 NOTICE: Finding audio codec for: 86019
19:14:44 T:11272 DEBUG: FactoryCodec - Audio: passthrough - Opening
19:14:44 T:11272 DEBUG: FactoryCodec - Audio: passthrough - Failed
19:14:44 T:11272 DEBUG: FactoryCodec - Audio: FFmpeg - Opening
19:14:44 T:6784 NOTICE: Thread DVDPlayerVideo start, auto delete: false
19:14:44 T:6784 NOTICE: running thread: video_thread
19:14:44 T:10844 DEBUG: AddOnLog: Tvheadend HTSP Client: pvr.hts - receive message [muxpkt]
19:14:44 T:10844 DEBUG: AddOnLog: Tvheadend HTSP Client: pvr.hts - demux pkt idx 6:5 type _ pts 113655.000000 len 691
19:14:44 T:10844 DEBUG: AddOnLog: Tvheadend HTSP Client: pvr.hts - receive message [muxpkt]
19:14:44 T:10844 DEBUG: AddOnLog: Tvheadend HTSP Client: pvr.hts - demux pkt idx 6:5 type _ pts 133655.000000 len 691
19:14:44 T:10844 DEBUG: AddOnLog: Tvheadend HTSP Client: pvr.hts - receive message [muxpkt]
19:14:44 T:11272 DEBUG: FactoryCodec - Audio: FFmpeg - Opened
19:14:44 T:11272 NOTICE: Creating audio thread
19:14:44 T:10844 DEBUG: AddOnLog: Tvheadend HTSP Client: pvr.hts - demux pkt idx 3:2 type _ pts 59411.000000 len 576
19:14:44 T:10844 DEBUG: AddOnLog: Tvheadend HTSP Client: pvr.hts - receive message [muxpkt]
19:14:44 T:10844 DEBUG: AddOnLog: Tvheadend HTSP Client: pvr.hts - demux pkt idx 3:2 type _ pts 83411.000000 len 576
19:14:44 T:10844 DEBUG: AddOnLog: Tvheadend HTSP Client: pvr.hts - receive message [muxpkt]
19:14:44 T:10844 DEBUG: AddOnLog: Tvheadend HTSP Client: pvr.hts - demux pkt idx 3:2 type _ pts 107411.000000 len 576
19:14:44 T:10844 DEBUG: AddOnLog: Tvheadend HTSP Client: pvr.hts - receive message [muxpkt]
19:14:44 T:10844 DEBUG: AddOnLog: Tvheadend HTSP Client: pvr.hts - demux pkt idx 3:2 type _ pts 131411.000000 len 576
19:14:44 T:10844 DEBUG: AddOnLog: Tvheadend HTSP Client: pvr.hts - receive message [muxpkt]
19:14:44 T:10844 DEBUG: AddOnLog: Tvheadend HTSP Client: pvr.hts - demux pkt idx 5:4 type _ pts 0.000000 len 1792
19:14:44 T:10844 DEBUG: AddOnLog: Tvheadend HTSP Client: pvr.hts - receive message [muxpkt]
19:14:44 T:10844 DEBUG: AddOnLog: Tvheadend HTSP Client: pvr.hts - demux pkt idx 5:4 type _ pts 32000.000000 len 1792
19:14:44 T:10844 DEBUG: AddOnLog: Tvheadend HTSP Client: pvr.hts - receive message [muxpkt]
19:14:44 T:10844 DEBUG: AddOnLog: Tvheadend HTSP Client: pvr.hts - demux pkt idx 5:4 type _ pts 64000.000000 len 1792
19:14:44 T:10844 DEBUG: AddOnLog: Tvheadend HTSP Client: pvr.hts - receive message [muxpkt]
19:14:44 T:10844 DEBUG: AddOnLog: Tvheadend HTSP Client: pvr.hts - demux pkt idx 5:4 type _ pts 96000.000000 len 1792
19:14:44 T:10844 DEBUG: AddOnLog: Tvheadend HTSP Client: pvr.hts - receive message [muxpkt]
19:14:44 T:10844 DEBUG: AddOnLog: Tvheadend HTSP Client: pvr.hts - demux pkt idx 6:5 type _ pts 153655.000000 len 691
19:14:44 T:6784 DEBUG: CDVDPlayerVideo - CDVDMsg::GENERAL_SYNCHRONIZE
19:14:44 T:11272 NOTICE: Opening stream: 6 source: 256
19:14:44 T:11272 DEBUG: FactoryCodec - Overlay: FFmpeg Subtitle Decoder - Opening
19:14:44 T:11272 DEBUG: FactoryCodec - Overlay: FFmpeg Subtitle Decoder - Opened
19:14:44 T:11272 NOTICE: Opening stream: 5 source: 256
19:14:44 T:11272 NOTICE: CDVDMessageQueue(teletext)::WaitUntilEmpty
19:14:44 T:11272 WARNING: CDVDMessageQueue(teletext)::Put MSGQ_NOT_INITIALIZED
19:14:44 T:11272 NOTICE: waiting for teletext data thread to exit
19:14:44 T:7240 NOTICE: Thread DVDPlayerAudio start, auto delete: false
19:14:44 T:7240 NOTICE: running thread: CDVDPlayerAudio::Process()
19:14:44 T:7240 DEBUG: CDVDPlayerAudio - CDVDMsg::GENERAL_SYNCHRONIZE
19:14:44 T:10844 DEBUG: AddOnLog: Tvheadend HTSP Client: pvr.hts - receive message [muxpkt]
19:14:44 T:10844 DEBUG: AddOnLog: Tvheadend HTSP Client: pvr.hts - demux pkt idx 4:3 type _ pts 71411.000000 len 576
19:14:44 T:10844 DEBUG: AddOnLog: Tvheadend HTSP Client: pvr.hts - receive message [muxpkt]
19:14:44 T:10844 DEBUG: AddOnLog: Tvheadend HTSP Client: pvr.hts - demux pkt idx 4:3 type _ pts 95411.000000 len 576
19:14:44 T:10844 DEBUG: AddOnLog: Tvheadend HTSP Client: pvr.hts - receive message [muxpkt]
19:14:44 T:11272 NOTICE: Creating teletext data thread
19:14:44 T:10844 DEBUG: AddOnLog: Tvheadend HTSP Client: pvr.hts - demux pkt idx 4:3 type _ pts 119411.000000 len 576
19:14:44 T:10844 DEBUG: AddOnLog: Tvheadend HTSP Client: pvr.hts - receive message [muxpkt]
19:14:44 T:10844 DEBUG: AddOnLog: Tvheadend HTSP Client: pvr.hts - demux pkt idx 4:3 type _ pts 143411.000000 len 576
19:14:44 T:10844 DEBUG: AddOnLog: Tvheadend HTSP Client: pvr.hts - receive message [muxpkt]
19:14:44 T:11272 DEBUG: AddOnLog: Tvheadend HTSP Client: pvr.hts - demux read idx :5 pts 13655.000000 len 691
19:14:44 T:11272 DEBUG: AddOnLog: Tvheadend HTSP Client: pvr.hts - demux read idx :5 pts 33655.000000 len 691
19:14:44 T:11272 DEBUG: AddOnLog: Tvheadend HTSP Client: pvr.hts - demux read idx :5 pts 53655.000000 len 691
19:14:44 T:11272 DEBUG: AddOnLog: Tvheadend HTSP Client: pvr.hts - demux read idx :5 pts 73655.000000 len 691
19:14:44 T:6364 NOTICE: Thread DVDTeletextData start, auto delete: false
19:14:44 T:6364 NOTICE: running thread: CDVDTeletextData
19:14:44 T:11272 DEBUG: AddOnLog: Tvheadend HTSP Client: pvr.hts - demux read idx :5 pts 93655.000000 len 691
19:14:44 T:10844 DEBUG: AddOnLog: Tvheadend HTSP Client: pvr.hts - demux pkt idx 6:5 type _ pts 173655.000000 len 691
19:14:44 T:11272 DEBUG: AddOnLog: Tvheadend HTSP Client: pvr.hts - demux read idx :5 pts 113655.000000 len 691
19:14:44 T:11272 DEBUG: AddOnLog: Tvheadend HTSP Client: pvr.hts - demux read idx :5 pts 133655.000000 len 691
19:14:44 T:11272 DEBUG: AddOnLog: Tvheadend HTSP Client: pvr.hts - demux read idx :2 pts 59411.000000 len 576
19:14:44 T:10844 DEBUG: AddOnLog: Tvheadend HTSP Client: pvr.hts - receive message [muxpkt]
19:14:44 T:10844 DEBUG: AddOnLog: Tvheadend HTSP Client: pvr.hts - demux pkt idx 2:1 type _ pts 67411.000000 len 768
19:14:44 T:11272 DEBUG: CDVDDemuxPVRClient::ParsePacket - {2} iSampleRate changed from 3 to 48000
19:14:44 T:11272 DEBUG: AddOnLog: Tvheadend HTSP Client: pvr.hts - demux read idx :2 pts 83411.000000 len 576
19:14:44 T:11272 DEBUG: AddOnLog: Tvheadend HTSP Client: pvr.hts - demux read idx :2 pts 107411.000000 len 576
19:14:44 T:10844 DEBUG: AddOnLog: Tvheadend HTSP Client: pvr.hts - receive message [muxpkt]
19:14:44 T:11272 DEBUG: AddOnLog: Tvheadend HTSP Client: pvr.hts - demux read idx :2 pts 131411.000000 len 576
19:14:44 T:10844 DEBUG: AddOnLog: Tvheadend HTSP Client: pvr.hts - demux pkt idx 2:1 type _ pts 91411.000000 len 768
19:14:44 T:11272 DEBUG: AddOnLog: Tvheadend HTSP Client: pvr.hts - demux read idx :4 pts 0.000000 len 1792
19:14:44 T:10844 DEBUG: AddOnLog: Tvheadend HTSP Client: pvr.hts - receive message [muxpkt]
19:14:44 T:10844 DEBUG: AddOnLog: Tvheadend HTSP Client: pvr.hts - demux pkt idx 2:1 type _ pts 115411.000000 len 768
19:14:44 T:11272 DEBUG: CDVDDemuxPVRClient::ParsePacket - {4} iSampleRate changed from 3 to 48000
19:14:44 T:10844 DEBUG: AddOnLog: Tvheadend HTSP Client: pvr.hts - receive message [muxpkt]
19:14:44 T:10844 DEBUG: AddOnLog: Tvheadend HTSP Client: pvr.hts - demux pkt idx 2:1 type _ pts 139411.000000 len 768
19:14:44 T:10844 DEBUG: AddOnLog: Tvheadend HTSP Client: pvr.hts - receive message [muxpkt]
19:14:44 T:10844 DEBUG: AddOnLog: Tvheadend HTSP Client: pvr.hts - demux pkt idx 6:5 type _ pts 193655.000000 len 691
19:14:44 T:11272 NOTICE: Opening stream: 4 source: 256
19:14:44 T:11272 NOTICE: Finding audio codec for: 86019
19:14:44 T:11272 DEBUG: FactoryCodec - Audio: passthrough - Opening
19:14:44 T:10844 DEBUG: AddOnLog: Tvheadend HTSP Client: pvr.hts - receive message [muxpkt]
19:14:44 T:11272 DEBUG: FactoryCodec - Audio: passthrough - Failed
19:14:44 T:10844 DEBUG: AddOnLog: Tvheadend HTSP Client: pvr.hts - demux pkt idx 6:5 type _ pts 213655.000000 len 691
19:14:44 T:11272 DEBUG: FactoryCodec - Audio: FFmpeg - Opening
19:14:44 T:10844 DEBUG: AddOnLog: Tvheadend HTSP Client: pvr.hts - receive message [muxpkt]
19:14:44 T:10844 DEBUG: AddOnLog: Tvheadend HTSP Client: pvr.hts - demux pkt idx 6:5 type _ pts 233655.000000 len 691
19:14:44 T:10844 DEBUG: AddOnLog: Tvheadend HTSP Client: pvr.hts - receive message [muxpkt]
19:14:44 T:10844 DEBUG: AddOnLog: Tvheadend HTSP Client: pvr.hts - demux pkt idx 6:5 type _ pts 253655.000000 len 691
19:14:44 T:10844 DEBUG: AddOnLog: Tvheadend HTSP Client: pvr.hts - receive message [muxpkt]
19:14:44 T:10844 DEBUG: AddOnLog: Tvheadend HTSP Client: pvr.hts - demux pkt idx 3:2 type _ pts 179411.000000 len 576
19:14:44 T:10844 DEBUG: AddOnLog: Tvheadend HTSP Client: pvr.hts - receive message [muxpkt]
19:14:44 T:10844 DEBUG: AddOnLog: Tvheadend HTSP Client: pvr.hts - demux pkt idx 3:2 type _ pts 203411.000000 len 576
19:14:44 T:10844 DEBUG: AddOnLog: Tvheadend HTSP Client: pvr.hts - receive message [muxpkt]
19:14:44 T:10844 DEBUG: AddOnLog: Tvheadend HTSP Client: pvr.hts - demux pkt idx 3:2 type _ pts 227411.000000 len 576
19:14:44 T:10844 DEBUG: AddOnLog: Tvheadend HTSP Client: pvr.hts - receive message [muxpkt]
19:14:44 T:10844 DEBUG: AddOnLog: Tvheadend HTSP Client: pvr.hts - demux pkt idx 3:2 type _ pts 251411.000000 len 576
19:14:44 T:10844 DEBUG: AddOnLog: Tvheadend HTSP Client: pvr.hts - receive message [muxpkt]
19:14:44 T:10844 DEBUG: AddOnLog: Tvheadend HTSP Client: pvr.hts - demux pkt idx 3:2 type _ pts 275411.000000 len 576
19:14:44 T:10844 DEBUG: AddOnLog: Tvheadend HTSP Client: pvr.hts - receive message [muxpkt]
19:14:44 T:10844 DEBUG: AddOnLog: Tvheadend HTSP Client: pvr.hts - demux pkt idx 6:5 type _ pts 273655.000000 len 691
19:14:44 T:10844 DEBUG: AddOnLog: Tvheadend HTSP Client: pvr.hts - receive message [muxpkt]
19:14:44 T:10844 DEBUG: AddOnLog: Tvheadend HTSP Client: pvr.hts - demux pkt idx 4:3 type _ pts 191411.000000 len 576
19:14:44 T:10844 DEBUG: AddOnLog: Tvheadend HTSP Client: pvr.hts - receive message [muxpkt]
19:14:44 T:10844 DEBUG: AddOnLog: Tvheadend HTSP Client: pvr.hts - demux pkt idx 4:3 type _ pts 215411.000000 len 576
19:14:44 T:10844 DEBUG: AddOnLog: Tvheadend HTSP Client: pvr.hts - receive message [muxpkt]
19:14:44 T:10844 DEBUG: AddOnLog: Tvheadend HTSP Client: pvr.hts - demux pkt idx 4:3 type _ pts 239411.000000 len 576
19:14:44 T:10844 DEBUG: AddOnLog: Tvheadend HTSP Client: pvr.hts - receive message [muxpkt]
19:14:44 T:11272 DEBUG: FactoryCodec - Audio: FFmpeg - Opened
19:14:44 T:11272 DEBUG: AddOnLog: Tvheadend HTSP Client: pvr.hts - demux read idx :4 pts 32000.000000 len 1792
19:14:44 T:10844 DEBUG: AddOnLog: Tvheadend HTSP Client: pvr.hts - demux pkt idx 4:3 type _ pts 263411.000000 len 576
19:14:44 T:7240 DEBUG: CDVDPlayerAudio - CDVDMsg::GENERAL_RESYNC(0.000000, 1)
19:14:44 T:10844 DEBUG: AddOnLog: Tvheadend HTSP Client: pvr.hts - receive message [muxpkt]
19:14:44 T:10844 DEBUG: AddOnLog: Tvheadend HTSP Client: pvr.hts - demux pkt idx 4:3 type _ pts 287411.000000 len 576
19:14:44 T:10844 DEBUG: AddOnLog: Tvheadend HTSP Client: pvr.hts - receive message [muxpkt]
19:14:44 T:10844 DEBUG: AddOnLog: Tvheadend HTSP Client: pvr.hts - demux pkt idx 6:5 type _ pts 293655.000000 len 691
19:14:44 T:10844 DEBUG: AddOnLog: Tvheadend HTSP Client: pvr.hts - receive message [muxpkt]
19:14:44 T:10844 DEBUG: AddOnLog: Tvheadend HTSP Client: pvr.hts - demux pkt idx 2:1 type _ pts 187411.000000 len 768
19:14:44 T:7240 NOTICE: Creating audio stream (codec id: 86019, channels: 2, sample rate: 48000, no pass-through)
19:14:44 T:10844 DEBUG: AddOnLog: Tvheadend HTSP Client: pvr.hts - receive message [muxpkt]
19:14:44 T:10844 DEBUG: AddOnLog: Tvheadend HTSP Client: pvr.hts - demux pkt idx 2:1 type _ pts 211411.000000 len 768
19:14:44 T:11272 DEBUG: AddOnLog: Tvheadend HTSP Client: pvr.hts - demux read idx :4 pts 64000.000000 len 1792
19:14:44 T:7240 DEBUG: CDVDPlayerAudio:: synctype set to 0: clock feedback
19:14:44 T:7240 NOTICE: CDVDPlayerAudio::OutputPacket duplicate 3 packets of duration 32
19:14:44 T:11272 DEBUG: AddOnLog: Tvheadend HTSP Client: pvr.hts - demux read idx :4 pts 96000.000000 len 1792
19:14:44 T:11272 DEBUG: AddOnLog: Tvheadend HTSP Client: pvr.hts - demux read idx :5 pts 153655.000000 len 691
19:14:44 T:11272 DEBUG: AddOnLog: Tvheadend HTSP Client: pvr.hts - demux read idx :3 pts 71411.000000 len 576
19:14:44 T:11272 DEBUG: CDVDDemuxPVRClient::ParsePacket - {3} iSampleRate changed from 3 to 48000
19:14:44 T:11272 DEBUG: AddOnLog: Tvheadend HTSP Client: pvr.hts - demux read idx :3 pts 95411.000000 len 576
19:14:44 T:11272 DEBUG: AddOnLog: Tvheadend HTSP Client: pvr.hts - demux read idx :3 pts 119411.000000 len 576
19:14:44 T:11272 DEBUG: AddOnLog: Tvheadend HTSP Client: pvr.hts - demux read idx :3 pts 143411.000000 len 576
19:14:44 T:10844 DEBUG: AddOnLog: Tvheadend HTSP Client: pvr.hts - receive message [muxpkt]
19:14:44 T:10844 DEBUG: AddOnLog: Tvheadend HTSP Client: pvr.hts - demux pkt idx 2:1 type _ pts 235411.000000 len 768
19:14:44 T:11272 DEBUG: AddOnLog: Tvheadend HTSP Client: pvr.hts - demux read idx :5 pts 173655.000000 len 691
19:14:44 T:10844 DEBUG: AddOnLog: Tvheadend HTSP Client: pvr.hts - receive message [muxpkt]
19:14:44 T:11272 DEBUG: AddOnLog: Tvheadend HTSP Client: pvr.hts - demux read idx :1 pts 67411.000000 len 768
19:14:44 T:10844 DEBUG: AddOnLog: Tvheadend HTSP Client: pvr.hts - demux pkt idx 2:1 type _ pts 259411.000000 len 768
19:14:44 T:11272 DEBUG: CDVDDemuxPVRClient::ParsePacket - {1} iSampleRate changed from 3 to 48000
19:14:44 T:10844 DEBUG: AddOnLog: Tvheadend HTSP Client: pvr.hts - receive message [muxpkt]
19:14:44 T:11272 DEBUG: AddOnLog: Tvheadend HTSP Client: pvr.hts - demux read idx :1 pts 91411.000000 len 768
19:14:44 T:10844 DEBUG: AddOnLog: Tvheadend HTSP Client: pvr.hts - demux pkt idx 2:1 type _ pts 283411.000000 len 768
19:14:44 T:11272 DEBUG: AddOnLog: Tvheadend HTSP Client: pvr.hts - demux read idx :1 pts 115411.000000 len 768
19:14:44 T:11272 DEBUG: AddOnLog: Tvheadend HTSP Client: pvr.hts - demux read idx :1 pts 139411.000000 len 768
19:14:44 T:10844 DEBUG: AddOnLog: Tvheadend HTSP Client: pvr.hts - receive message [muxpkt]
19:14:44 T:11272 DEBUG: AddOnLog: Tvheadend HTSP Client: pvr.hts - demux read idx :5 pts 193655.000000 len 691
19:14:44 T:10844 DEBUG: AddOnLog: Tvheadend HTSP Client: pvr.hts - demux pkt idx 6:5 type _ pts 313655.000000 len 691
19:14:44 T:11272 DEBUG: AddOnLog: Tvheadend HTSP Client: pvr.hts - demux read idx :5 pts 213655.000000 len 691
19:14:44 T:11272 DEBUG: AddOnLog: Tvheadend HTSP Client: pvr.hts - demux read idx :5 pts 233655.000000 len 691
19:14:44 T:10844 DEBUG: AddOnLog: Tvheadend HTSP Client: pvr.hts - receive message [muxpkt]
19:14:44 T:11272 DEBUG: AddOnLog: Tvheadend HTSP Client: pvr.hts - demux read idx :5 pts 253655.000000 len 691
19:14:44 T:10844 DEBUG: AddOnLog: Tvheadend HTSP Client: pvr.hts - demux pkt idx 5:4 type _ pts 160000.000000 len 1792
19:14:44 T:11272 DEBUG: AddOnLog: Tvheadend HTSP Client: pvr.hts - demux read idx :2 pts 179411.000000 len 576
19:14:44 T:10844 DEBUG: AddOnLog: Tvheadend HTSP Client: pvr.hts - receive message [muxpkt]
19:14:44 T:10844 DEBUG: AddOnLog: Tvheadend HTSP Client: pvr.hts - demux pkt idx 5:4 type _ pts 192000.000000 len 1792
19:14:44 T:10844 DEBUG: AddOnLog: Tvheadend HTSP Client: pvr.hts - receive message [muxpkt]
19:14:44 T:11272 DEBUG: AddOnLog: Tvheadend HTSP Client: pvr.hts - demux read idx :2 pts 203411.000000 len 576
19:14:44 T:10844 DEBUG: AddOnLog: Tvheadend HTSP Client: pvr.hts - demux pkt idx 5:4 type _ pts 224000.000000 len 1792
19:14:44 T:11272 DEBUG: AddOnLog: Tvheadend HTSP Client: pvr.hts - demux read idx :2 pts 227411.000000 len 576
19:14:44 T:11272 DEBUG: AddOnLog: Tvheadend HTSP Client: pvr.hts - demux read idx :2 pts 251411.000000 len 576
19:14:44 T:11272 DEBUG: AddOnLog: Tvheadend HTSP Client: pvr.hts - demux read idx :2 pts 275411.000000 len 576
19:14:44 T:10844 DEBUG: AddOnLog: Tvheadend HTSP Client: pvr.hts - receive message [muxpkt]
19:14:44 T:11272 DEBUG: AddOnLog: Tvheadend HTSP Client: pvr.hts - demux read idx :5 pts 273655.000000 len 691
19:14:44 T:11272 DEBUG: AddOnLog: Tvheadend HTSP Client: pvr.hts - demux read idx :3 pts 191411.000000 len 576
19:14:44 T:11272 DEBUG: AddOnLog: Tvheadend HTSP Client: pvr.hts - demux read idx :3 pts 215411.000000 len 576
19:14:44 T:11272 DEBUG: AddOnLog: Tvheadend HTSP Client: pvr.hts - demux read idx :3 pts 239411.000000 len 576
19:14:44 T:11272 DEBUG: AddOnLog: Tvheadend HTSP Client: pvr.hts - demux read idx :3 pts 263411.000000 len 576
19:14:44 T:11272 DEBUG: AddOnLog: Tvheadend HTSP Client: pvr.hts - demux read idx :3 pts 287411.000000 len 576
19:14:44 T:11272 DEBUG: AddOnLog: Tvheadend HTSP Client: pvr.hts - demux read idx :5 pts 293655.000000 len 691
19:14:44 T:11272 DEBUG: AddOnLog: Tvheadend HTSP Client: pvr.hts - demux read idx :1 pts 187411.000000 len 768
19:14:44 T:11272 DEBUG: AddOnLog: Tvheadend HTSP Client: pvr.hts - demux read idx :1 pts 211411.000000 len 768
19:14:44 T:11272 DEBUG: AddOnLog: Tvheadend HTSP Client: pvr.hts - demux read idx :1 pts 235411.000000 len 768
19:14:44 T:11272 DEBUG: AddOnLog: Tvheadend HTSP Client: pvr.hts - demux read idx :1 pts 259411.000000 len 768
19:14:44 T:11272 DEBUG: AddOnLog: Tvheadend HTSP Client: pvr.hts - demux read idx :1 pts 283411.000000 len 768
19:14:44 T:11272 DEBUG: AddOnLog: Tvheadend HTSP Client: pvr.hts - demux read idx :5 pts 313655.000000 len 691
19:14:44 T:11272 DEBUG: AddOnLog: Tvheadend HTSP Client: pvr.hts - demux read idx :4 pts 160000.000000 len 1792
19:14:44 T:11272 DEBUG: AddOnLog: Tvheadend HTSP Client: pvr.hts - demux read idx :4 pts 192000.000000 len 1792
19:14:44 T:11272 DEBUG: AddOnLog: Tvheadend HTSP Client: pvr.hts - demux read idx :4 pts 224000.000000 len 1792
19:14:44 T:10844 DEBUG: AddOnLog: Tvheadend HTSP Client: pvr.hts - demux pkt idx 5:4 type _ pts 256000.000000 len 1792
19:14:44 T:10844 DEBUG: AddOnLog: Tvheadend HTSP Client: pvr.hts - receive message [muxpkt]
19:14:44 T:10844 DEBUG: AddOnLog: Tvheadend HTSP Client: pvr.hts - demux pkt idx 5:4 type _ pts 288000.000000 len 1792
19:14:44 T:10844 DEBUG: AddOnLog: Tvheadend HTSP Client: pvr.hts - receive message [muxpkt]
19:14:44 T:11272 DEBUG: AddOnLog: Tvheadend HTSP Client: pvr.hts - demux read idx :4 pts 256000.000000 len 1792
19:14:44 T:10844 DEBUG: AddOnLog: Tvheadend HTSP Client: pvr.hts - demux pkt idx 6:5 type _ pts 333655.000000 len 691
19:14:44 T:11272 DEBUG: AddOnLog: Tvheadend HTSP Client: pvr.hts - demux read idx :4 pts 288000.000000 len 1792
19:14:44 T:10844 DEBUG: AddOnLog: Tvheadend HTSP Client: pvr.hts - receive message [muxpkt]
19:14:44 T:11272 DEBUG: AddOnLog: Tvheadend HTSP Client: pvr.hts - demux read idx :5 pts 333655.000000 len 691
19:14:44 T:10844 DEBUG: AddOnLog: Tvheadend HTSP Client: pvr.hts - demux pkt idx 6:5 type _ pts 353655.000000 len 691
19:14:44 T:11272 DEBUG: AddOnLog: Tvheadend HTSP Client: pvr.hts - demux read idx :5 pts 353655.000000 len 691
19:14:44 T:10844 DEBUG: AddOnLog: Tvheadend HTSP Client: pvr.hts - receive message [muxpkt]
19:14:44 T:10844 DEBUG: AddOnLog: Tvheadend HTSP Client: pvr.hts - demux pkt idx 6:5 type _ pts 373655.000000 len 691
19:14:44 T:10844 DEBUG: AddOnLog: Tvheadend HTSP Client: pvr.hts - receive message [muxpkt]
19:14:44 T:10844 DEBUG: AddOnLog: Tvheadend HTSP Client: pvr.hts - demux pkt idx 6:5 type _ pts 393655.000000 len 691
19:14:44 T:11272 DEBUG: AddOnLog: Tvheadend HTSP Client: pvr.hts - demux read idx :5 pts 373655.000000 len 691
19:14:44 T:10844 DEBUG: AddOnLog: Tvheadend HTSP Client: pvr.hts - receive message [muxpkt]
19:14:44 T:11272 DEBUG: AddOnLog: Tvheadend HTSP Client: pvr.hts - demux read idx :5 pts 393655.000000 len 691
19:14:44 T:10844 DEBUG: AddOnLog: Tvheadend HTSP Client: pvr.hts - demux pkt idx 3:2 type _ pts 299411.000000 len 576
19:14:44 T:11272 DEBUG: AddOnLog: Tvheadend HTSP Client: pvr.hts - demux read idx :2 pts 299411.000000 len 576
19:14:44 T:10844 DEBUG: AddOnLog: Tvheadend HTSP Client: pvr.hts - receive message [muxpkt]
19:14:44 T:10844 DEBUG: AddOnLog: Tvheadend HTSP Client: pvr.hts - demux pkt idx 3:2 type _ pts 323411.000000 len 576
19:14:44 T:11272 DEBUG: AddOnLog: Tvheadend HTSP Client: pvr.hts - demux read idx :2 pts 323411.000000 len 576
19:14:44 T:10844 DEBUG: AddOnLog: Tvheadend HTSP Client: pvr.hts - receive message [muxpkt]
19:14:44 T:10844 DEBUG: AddOnLog: Tvheadend HTSP Client: pvr.hts - demux pkt idx 3:2 type _ pts 347411.000000 len 576
19:14:44 T:11272 DEBUG: AddOnLog: Tvheadend HTSP Client: pvr.hts - demux read idx :2 pts 347411.000000 len 576
19:14:44 T:10844 DEBUG: AddOnLog: Tvheadend HTSP Client: pvr.hts - receive message [muxpkt]
19:14:44 T:10844 DEBUG: AddOnLog: Tvheadend HTSP Client: pvr.hts - demux pkt idx 3:2 type _ pts 371411.000000 len 576
19:14:44 T:11272 DEBUG: AddOnLog: Tvheadend HTSP Client: pvr.hts - demux read idx :2 pts 371411.000000 len 576
19:14:44 T:10844 DEBUG: AddOnLog: Tvheadend HTSP Client: pvr.hts - receive message [muxpkt]
19:14:44 T:10844 DEBUG: AddOnLog: Tvheadend HTSP Client: pvr.hts - demux pkt idx 3:2 type _ pts 395411.000000 len 576
19:14:44 T:11272 DEBUG: AddOnLog: Tvheadend HTSP Client: pvr.hts - demux read idx :2 pts 395411.000000 len 576
19:14:44 T:10844 DEBUG: AddOnLog: Tvheadend HTSP Client: pvr.hts - receive message [muxpkt]
19:14:44 T:10844 DEBUG: AddOnLog: Tvheadend HTSP Client: pvr.hts - demux pkt idx 6:5 type _ pts 413655.000000 len 691
19:14:44 T:11272 DEBUG: AddOnLog: Tvheadend HTSP Client: pvr.hts - demux read idx :5 pts 413655.000000 len 691
19:14:44 T:10844 DEBUG: AddOnLog: Tvheadend HTSP Client: pvr.hts - receive message [muxpkt]
19:14:44 T:10844 DEBUG: AddOnLog: Tvheadend HTSP Client: pvr.hts - demux pkt idx 4:3 type _ pts 311411.000000 len 576
19:14:44 T:11272 DEBUG: AddOnLog: Tvheadend HTSP Client: pvr.hts - demux read idx :3 pts 311411.000000 len 576
19:14:44 T:10844 DEBUG: AddOnLog: Tvheadend HTSP Client: pvr.hts - receive message [muxpkt]
19:14:44 T:10844 DEBUG: AddOnLog: Tvheadend HTSP Client: pvr.hts - demux pkt idx 4:3 type _ pts 335411.000000 len 576
19:14:44 T:11272 DEBUG: AddOnLog: Tvheadend HTSP Client: pvr.hts - demux read idx :3 pts 335411.000000 len 576
19:14:44 T:10844 DEBUG: AddOnLog: Tvheadend HTSP Client: pvr.hts - receive message [muxpkt]
19:14:44 T:10844 DEBUG: AddOnLog: Tvheadend HTSP Client: pvr.hts - demux pkt idx 4:3 type _ pts 359411.000000 len 576
19:14:44 T:11272 DEBUG: AddOnLog: Tvheadend HTSP Client: pvr.hts - demux read idx :3 pts 359411.000000 len 576
19:14:44 T:10844 DEBUG: AddOnLog: Tvheadend HTSP Client: pvr.hts - receive message [muxpkt]
19:14:44 T:10844 DEBUG: AddOnLog: Tvheadend HTSP Client: pvr.hts - demux pkt idx 4:3 type _ pts 383411.000000 len 576
19:14:44 T:11272 DEBUG: AddOnLog: Tvheadend HTSP Client: pvr.hts - demux read idx :3 pts 383411.000000 len 576
19:14:44 T:10844 DEBUG: AddOnLog: Tvheadend HTSP Client: pvr.hts - receive message [muxpkt]
19:14:44 T:10844 DEBUG: AddOnLog: Tvheadend HTSP Client: pvr.hts - demux pkt idx 4:3 type _ pts 407411.000000 len 576
19:14:44 T:11272 DEBUG: AddOnLog: Tvheadend HTSP Client: pvr.hts - demux read idx :3 pts 407411.000000 len 576
19:14:44 T:10844 DEBUG: AddOnLog: Tvheadend HTSP Client: pvr.hts - receive message [muxpkt]
19:14:44 T:10844 DEBUG: AddOnLog: Tvheadend HTSP Client: pvr.hts - demux pkt idx 6:5 type _ pts 433655.000000 len 691
19:14:44 T:11272 DEBUG: AddOnLog: Tvheadend HTSP Client: pvr.hts - demux read idx :5 pts 433655.000000 len 691
19:14:44 T:10844 DEBUG: AddOnLog: Tvheadend HTSP Client: pvr.hts - receive message [muxpkt]
19:14:44 T:10844 DEBUG: AddOnLog: Tvheadend HTSP Client: pvr.hts - demux pkt idx 2:1 type _ pts 307411.000000 len 768
19:14:44 T:11272 DEBUG: AddOnLog: Tvheadend HTSP Client: pvr.hts - demux read idx :1 pts 307411.000000 len 768
19:14:44 T:10844 DEBUG: AddOnLog: Tvheadend HTSP Client: pvr.hts - receive message [muxpkt]
19:14:44 T:10844 DEBUG: AddOnLog: Tvheadend HTSP Client: pvr.hts - demux pkt idx 2:1 type _ pts 331411.000000 len 768
19:14:44 T:11272 DEBUG: AddOnLog: Tvheadend HTSP Client: pvr.hts - demux read idx :1 pts 331411.000000 len 768
19:14:44 T:10844 DEBUG: AddOnLog: Tvheadend HTSP Client: pvr.hts - receive message [muxpkt]
19:14:44 T:10844 DEBUG: AddOnLog: Tvheadend HTSP Client: pvr.hts - demux pkt idx 2:1 type _ pts 355411.000000 len 768
19:14:44 T:11272 DEBUG: AddOnLog: Tvheadend HTSP Client: pvr.hts - demux read idx :1 pts 355411.000000 len 768
19:14:44 T:10844 DEBUG: AddOnLog: Tvheadend HTSP Client: pvr.hts - receive message [muxpkt]
19:14:44 T:10844 DEBUG: AddOnLog: Tvheadend HTSP Client: pvr.hts - demux pkt idx 2:1 type _ pts 379411.000000 len 768
19:14:44 T:11272 DEBUG: AddOnLog: Tvheadend HTSP Client: pvr.hts - demux read idx :1 pts 379411.000000 len 768
19:14:44 T:10844 DEBUG: AddOnLog: Tvheadend HTSP Client: pvr.hts - receive message [muxpkt]
19:14:44 T:10844 DEBUG: AddOnLog: Tvheadend HTSP Client: pvr.hts - demux pkt idx 2:1 type _ pts 403411.000000 len 768
19:14:44 T:10844 DEBUG: AddOnLog: Tvheadend HTSP Client: pvr.hts - receive message [muxpkt]
19:14:44 T:10844 DEBUG: AddOnLog: Tvheadend HTSP Client: pvr.hts - demux pkt idx 6:5 type _ pts 453655.000000 len 691
19:14:44 T:10844 DEBUG: AddOnLog: Tvheadend HTSP Client: pvr.hts - receive message [muxpkt]
19:14:44 T:10844 DEBUG: AddOnLog: Tvheadend HTSP Client: pvr.hts - demux pkt idx 6:5 type _ pts 473655.000000 len 691
19:14:44 T:10844 DEBUG: AddOnLog: Tvheadend HTSP Client: pvr.hts - receive message [muxpkt]
19:14:44 T:10844 DEBUG: AddOnLog: Tvheadend HTSP Client: pvr.hts - demux pkt idx 5:4 type _ pts 320000.000000 len 1792
19:14:44 T:11272 DEBUG: AddOnLog: Tvheadend HTSP Client: pvr.hts - demux read idx :1 pts 403411.000000 len 768
19:14:44 T:11272 DEBUG: AddOnLog: Tvheadend HTSP Client: pvr.hts - demux read idx :5 pts 453655.000000 len 691
19:14:44 T:10844 DEBUG: AddOnLog: Tvheadend HTSP Client: pvr.hts - receive message [muxpkt]
19:14:44 T:11272 DEBUG: AddOnLog: Tvheadend HTSP Client: pvr.hts - demux read idx :5 pts 473655.000000 len 691
19:14:44 T:11272 DEBUG: AddOnLog: Tvheadend HTSP Client: pvr.hts - demux read idx :4 pts 320000.000000 len 1792
19:14:44 T:10844 DEBUG: AddOnLog: Tvheadend HTSP Client: pvr.hts - demux pkt idx 5:4 type _ pts 352000.000000 len 1792
19:14:44 T:10844 DEBUG: AddOnLog: Tvheadend HTSP Client: pvr.hts - receive message [muxpkt]
19:14:44 T:10844 DEBUG: AddOnLog: Tvheadend HTSP Client: pvr.hts - demux pkt idx 5:4 type _ pts 384000.000000 len 1792
19:14:44 T:11272 DEBUG: AddOnLog: Tvheadend HTSP Client: pvr.hts - demux read idx :4 pts 352000.000000 len 1792
19:14:44 T:11272 DEBUG: AddOnLog: Tvheadend HTSP Client: pvr.hts - demux read idx :4 pts 384000.000000 len 1792
19:14:44 T:10844 DEBUG: AddOnLog: Tvheadend HTSP Client: pvr.hts - receive message [muxpkt]
19:14:44 T:10844 DEBUG: AddOnLog: Tvheadend HTSP Client: pvr.hts - demux pkt idx 5:4 type _ pts 416000.000000 len 1792
19:14:44 T:11272 DEBUG: AddOnLog: Tvheadend HTSP Client: pvr.hts - demux read idx :4 pts 416000.000000 len 1792
19:14:44 T:10844 DEBUG: AddOnLog: Tvheadend HTSP Client: pvr.hts - receive message [muxpkt]
19:14:44 T:10844 DEBUG: AddOnLog: Tvheadend HTSP Client: pvr.hts - demux pkt idx 5:4 type _ pts 448000.000000 len 1792
19:14:44 T:10844 DEBUG: AddOnLog: Tvheadend HTSP Client: pvr.hts - receive message [muxpkt]
19:14:44 T:10844 DEBUG: AddOnLog: Tvheadend HTSP Client: pvr.hts - demux pkt idx 6:5 type _ pts 493655.000000 len 691
19:14:44 T:11272 DEBUG: AddOnLog: Tvheadend HTSP Client: pvr.hts - demux read idx :4 pts 448000.000000 len 1792
19:14:44 T:10844 DEBUG: AddOnLog: Tvheadend HTSP Client: pvr.hts - receive message [muxpkt]
19:14:44 T:11272 DEBUG: AddOnLog: Tvheadend HTSP Client: pvr.hts - demux read idx :5 pts 493655.000000 len 691
19:14:44 T:10844 DEBUG: AddOnLog: Tvheadend HTSP Client: pvr.hts - demux pkt idx 6:5 type _ pts 513655.000000 len 691
19:14:44 T:11272 DEBUG: AddOnLog: Tvheadend HTSP Client: pvr.hts - demux read idx :5 pts 513655.000000 len 691
19:14:44 T:10844 DEBUG: AddOnLog: Tvheadend HTSP Client: pvr.hts - receive message [muxpkt]
19:14:44 T:10844 DEBUG: AddOnLog: Tvheadend HTSP Client: pvr.hts - demux pkt idx 3:2 type _ pts 419411.000000 len 576
19:14:44 T:10844 DEBUG: AddOnLog: Tvheadend HTSP Client: pvr.hts - receive message [muxpkt]
19:14:44 T:10844 DEBUG: AddOnLog: Tvheadend HTSP Client: pvr.hts - demux pkt idx 3:2 type _ pts 443411.000000 len 576
19:14:44 T:11272 DEBUG: AddOnLog: Tvheadend HTSP Client: pvr.hts - demux read idx :2 pts 419411.000000 len 576
19:14:44 T:11272 DEBUG: AddOnLog: Tvheadend HTSP Client: pvr.hts - demux read idx :2 pts 443411.000000 len 576
19:14:44 T:10844 DEBUG: AddOnLog: Tvheadend HTSP Client: pvr.hts - receive message [muxpkt]
19:14:44 T:10844 DEBUG: AddOnLog: Tvheadend HTSP Client: pvr.hts - demux pkt idx 3:2 type _ pts 467411.000000 len 576
19:14:44 T:11272 DEBUG: AddOnLog: Tvheadend HTSP Client: pvr.hts - demux read idx :2 pts 467411.000000 len 576
19:14:44 T:10844 DEBUG: AddOnLog: Tvheadend HTSP Client: pvr.hts - receive message [muxpkt]
19:14:44 T:10844 DEBUG: AddOnLog: Tvheadend HTSP Client: pvr.hts - demux pkt idx 3:2 type _ pts 491411.000000 len 576
19:14:44 T:11272 DEBUG: AddOnLog: Tvheadend HTSP Client: pvr.hts - demux read idx :2 pts 491411.000000 len 576
19:14:44 T:10844 DEBUG: AddOnLog: Tvheadend HTSP Client: pvr.hts - receive message [muxpkt]
19:14:44 T:10844 DEBUG: AddOnLog: Tvheadend HTSP Client: pvr.hts - demux pkt idx 3:2 type _ pts 515411.000000 len 576
19:14:44 T:11272 DEBUG: AddOnLog: Tvheadend HTSP Client: pvr.hts - demux read idx :2 pts 515411.000000 len 576
19:14:44 T:10844 DEBUG: AddOnLog: Tvheadend HTSP Client: pvr.hts - receive message [muxpkt]
19:14:44 T:10844 DEBUG: AddOnLog: Tvheadend HTSP Client: pvr.hts - demux pkt idx 6:5 type _ pts 533655.000000 len 691
19:14:44 T:10844 DEBUG: AddOnLog: Tvheadend HTSP Client: pvr.hts - receive message [muxpkt]
19:14:44 T:10844 DEBUG: AddOnLog: Tvheadend HTSP Client: pvr.hts - demux pkt idx 4:3 type _ pts 431411.000000 len 576
19:14:44 T:11272 DEBUG: AddOnLog: Tvheadend HTSP Client: pvr.hts - demux read idx :5 pts 533655.000000 len 691
19:14:44 T:10844 DEBUG: AddOnLog: Tvheadend HTSP Client: pvr.hts - receive message [muxpkt]
19:14:44 T:11272 DEBUG: AddOnLog: Tvheadend HTSP Client: pvr.hts - demux read idx :3 pts 431411.000000 len 576
19:14:44 T:10844 DEBUG: AddOnLog: Tvheadend HTSP Client: pvr.hts - demux pkt idx 4:3 type _ pts 455411.000000 len 576
19:14:44 T:11272 DEBUG: AddOnLog: Tvheadend HTSP Client: pvr.hts - demux read idx :3 pts 455411.000000 len 576
19:14:44 T:10844 DEBUG: AddOnLog: Tvheadend HTSP Client: pvr.hts - receive message [muxpkt]
19:14:44 T:10844 DEBUG: AddOnLog: Tvheadend HTSP Client: pvr.hts - demux pkt idx 4:3 type _ pts 479411.000000 len 576
19:14:44 T:11272 DEBUG: AddOnLog: Tvheadend HTSP Client: pvr.hts - demux read idx :3 pts 479411.000000 len 576
19:14:44 T:10844 DEBUG: AddOnLog: Tvheadend HTSP Client: pvr.hts - receive message [muxpkt]
19:14:44 T:10844 DEBUG: AddOnLog: Tvheadend HTSP Client: pvr.hts - demux pkt idx 4:3 type _ pts 503411.000000 len 576
19:14:44 T:11272 DEBUG: AddOnLog: Tvheadend HTSP Client: pvr.hts - demux read idx :3 pts 503411.000000 len 576
19:14:44 T:10844 DEBUG: AddOnLog: Tvheadend HTSP Client: pvr.hts - receive message [muxpkt]
19:14:44 T:10844 DEBUG: AddOnLog: Tvheadend HTSP Client: pvr.hts - demux pkt idx 4:3 type _ pts 527411.000000 len 576
19:14:44 T:11272 DEBUG: AddOnLog: Tvheadend HTSP Client: pvr.hts - demux read idx :3 pts 527411.000000 len 576
19:14:44 T:10844 DEBUG: AddOnLog: Tvheadend HTSP Client: pvr.hts - receive message [muxpkt]
19:14:44 T:10844 DEBUG: AddOnLog: Tvheadend HTSP Client: pvr.hts - demux pkt idx 6:5 type _ pts 553655.000000 len 691
19:14:44 T:11272 DEBUG: AddOnLog: Tvheadend HTSP Client: pvr.hts - demux read idx :5 pts 553655.000000 len 691
19:14:44 T:10844 DEBUG: AddOnLog: Tvheadend HTSP Client: pvr.hts - receive message [muxpkt]
19:14:44 T:10844 DEBUG: AddOnLog: Tvheadend HTSP Client: pvr.hts - demux pkt idx 2:1 type _ pts 427411.000000 len 768
19:14:44 T:11272 DEBUG: AddOnLog: Tvheadend HTSP Client: pvr.hts - demux read idx :1 pts 427411.000000 len 768
19:14:44 T:10844 DEBUG: AddOnLog: Tvheadend HTSP Client: pvr.hts - receive message [muxpkt]
19:14:44 T:10844 DEBUG: AddOnLog: Tvheadend HTSP Client: pvr.hts - demux pkt idx 2:1 type _ pts 451411.000000 len 768
19:14:44 T:11272 DEBUG: AddOnLog: Tvheadend HTSP Client: pvr.hts - demux read idx :1 pts 451411.000000 len 768
19:14:44 T:10844 DEBUG: AddOnLog: Tvheadend HTSP Client: pvr.hts - receive message [muxpkt]
19:14:44 T:10844 DEBUG: AddOnLog: Tvheadend HTSP Client: pvr.hts - demux pkt idx 2:1 type _ pts 475411.000000 len 768
19:14:44 T:10844 DEBUG: AddOnLog: Tvheadend HTSP Client: pvr.hts - receive message [muxpkt]
19:14:44 T:10844 DEBUG: AddOnLog: Tvheadend HTSP Client: pvr.hts - demux pkt idx 2:1 type _ pts 499411.000000 len 768
19:14:44 T:10844 DEBUG: AddOnLog: Tvheadend HTSP Client: pvr.hts - receive message [muxpkt]
19:14:44 T:10844 DEBUG: AddOnLog: Tvheadend HTSP Client: pvr.hts - demux pkt idx 2:1 type _ pts 523411.000000 len 768
19:14:44 T:11272 DEBUG: AddOnLog: Tvheadend HTSP Client: pvr.hts - demux read idx :1 pts 475411.000000 len 768
19:14:44 T:10844 DEBUG: AddOnLog: Tvheadend HTSP Client: pvr.hts - receive message [muxpkt]
19:14:44 T:10844 DEBUG: AddOnLog: Tvheadend HTSP Client: pvr.hts - demux pkt idx 6:5 type _ pts 573655.000000 len 691
19:14:44 T:11272 DEBUG: AddOnLog: Tvheadend HTSP Client: pvr.hts - demux read idx :1 pts 499411.000000 len 768
19:14:44 T:11272 DEBUG: AddOnLog: Tvheadend HTSP Client: pvr.hts - demux read idx :1 pts 523411.000000 len 768
19:14:44 T:11272 DEBUG: AddOnLog: Tvheadend HTSP Client: pvr.hts - demux read idx :5 pts 573655.000000 len 691
19:14:44 T:10844 DEBUG: AddOnLog: Tvheadend HTSP Client: pvr.hts - receive message [muxpkt]
19:14:44 T:10844 DEBUG: AddOnLog: Tvheadend HTSP Client: pvr.hts - demux pkt idx 6:5 type _ pts 593655.000000 len 691
19:14:44 T:11272 DEBUG: AddOnLog: Tvheadend HTSP Client: pvr.hts - demux read idx :5 pts 593655.000000 len 691
19:14:44 T:10844 DEBUG: AddOnLog: Tvheadend HTSP Client: pvr.hts - receive message [muxpkt]
19:14:44 T:10844 DEBUG: AddOnLog: Tvheadend HTSP Client: pvr.hts - demux pkt idx 6:5 type _ pts 613655.000000 len 691
19:14:44 T:11272 DEBUG: AddOnLog: Tvheadend HTSP Client: pvr.hts - demux read idx :5 pts 613655.000000 len 691
19:14:44 T:10844 DEBUG: AddOnLog: Tvheadend HTSP Client: pvr.hts - receive message [muxpkt]
19:14:44 T:10844 DEBUG: AddOnLog: Tvheadend HTSP Client: pvr.hts - demux pkt idx 6:5 type _ pts 633655.000000 len 691
19:14:44 T:11272 DEBUG: AddOnLog: Tvheadend HTSP Client: pvr.hts - demux read idx :5 pts 633655.000000 len 691
19:14:44 T:10844 DEBUG: AddOnLog: Tvheadend HTSP Client: pvr.hts - receive message [muxpkt]
19:14:44 T:10844 DEBUG: AddOnLog: Tvheadend HTSP Client: pvr.hts - demux pkt idx 6:5 type _ pts 653655.000000 len 691
19:14:44 T:11272 DEBUG: AddOnLog: Tvheadend HTSP Client: pvr.hts - demux read idx :5 pts 653655.000000 len 691
19:14:44 T:10844 DEBUG: AddOnLog: Tvheadend HTSP Client: pvr.hts - receive message [muxpkt]
19:14:44 T:10844 DEBUG: AddOnLog: Tvheadend HTSP Client: pvr.hts - demux pkt idx 3:2 type _ pts 539411.000000 len 576
19:14:44 T:11272 DEBUG: AddOnLog: Tvheadend HTSP Client: pvr.hts - demux read idx :2 pts 539411.000000 len 576
19:14:44 T:10844 DEBUG: AddOnLog: Tvheadend HTSP Client: pvr.hts - receive message [muxpkt]
19:14:44 T:10844 DEBUG: AddOnLog: Tvheadend HTSP Client: pvr.hts - demux pkt idx 3:2 type _ pts 563411.000000 len 576
19:14:44 T:11272 DEBUG: AddOnLog: Tvheadend HTSP Client: pvr.hts - demux read idx :2 pts 563411.000000 len 576
19:14:44 T:10844 DEBUG: AddOnLog: Tvheadend HTSP Client: pvr.hts - receive message [muxpkt]
19:14:44 T:10844 DEBUG: AddOnLog: Tvheadend HTSP Client: pvr.hts - demux pkt idx 3:2 type _ pts 587411.000000 len 576
19:14:44 T:11272 DEBUG: AddOnLog: Tvheadend HTSP Client: pvr.hts - demux read idx :2 pts 587411.000000 len 576
19:14:44 T:10844 DEBUG: AddOnLog: Tvheadend HTSP Client: pvr.hts - receive message [muxpkt]
19:14:44 T:10844 DEBUG: AddOnLog: Tvheadend HTSP Client: pvr.hts - demux pkt idx 3:2 type _ pts 611411.000000 len 576
19:14:44 T:11272 DEBUG: AddOnLog: Tvheadend HTSP Client: pvr.hts - demux read idx :2 pts 611411.000000 len 576
19:14:44 T:10844 DEBUG: AddOnLog: Tvheadend HTSP Client: pvr.hts - receive message [muxpkt]
19:14:44 T:10844 DEBUG: AddOnLog: Tvheadend HTSP Client: pvr.hts - demux pkt idx 3:2 type _ pts 635411.000000 len 576
19:14:44 T:11272 DEBUG: AddOnLog: Tvheadend HTSP Client: pvr.hts - demux read idx :2 pts 635411.000000 len 576
19:14:44 T:10844 DEBUG: AddOnLog: Tvheadend HTSP Client: pvr.hts - receive message [muxpkt]
19:14:44 T:10844 DEBUG: AddOnLog: Tvheadend HTSP Client: pvr.hts - demux pkt idx 5:4 type _ pts 480000.000000 len 1792
19:14:44 T:11272 DEBUG: AddOnLog: Tvheadend HTSP Client: pvr.hts - demux read idx :4 pts 480000.000000 len 1792
19:14:44 T:10844 DEBUG: AddOnLog: Tvheadend HTSP Client: pvr.hts - receive message [muxpkt]
19:14:44 T:10844 DEBUG: AddOnLog: Tvheadend HTSP Client: pvr.hts - demux pkt idx 5:4 type _ pts 512000.000000 len 1792
19:14:44 T:11272 DEBUG: AddOnLog: Tvheadend HTSP Client: pvr.hts - demux read idx :4 pts 512000.000000 len 1792
19:14:44 T:10844 DEBUG: AddOnLog: Tvheadend HTSP Client: pvr.hts - receive message [muxpkt]
19:14:44 T:10844 DEBUG: AddOnLog: Tvheadend HTSP Client: pvr.hts - demux pkt idx 5:4 type _ pts 544000.000000 len 1792
19:14:44 T:11272 DEBUG: AddOnLog: Tvheadend HTSP Client: pvr.hts - demux read idx :4 pts 544000.000000 len 1792
19:14:44 T:10844 DEBUG: AddOnLog: Tvheadend HTSP Client: pvr.hts - receive message [muxpkt]
19:14:44 T:10844 DEBUG: AddOnLog: Tvheadend HTSP Client: pvr.hts - demux pkt idx 5:4 type _ pts 576000.000000 len 1792
19:14:44 T:11272 DEBUG: AddOnLog: Tvheadend HTSP Client: pvr.hts - demux read idx :4 pts 576000.000000 len 1792
19:14:44 T:10844 DEBUG: AddOnLog: Tvheadend HTSP Client: pvr.hts - receive message [muxpkt]
19:14:44 T:10844 DEBUG: AddOnLog: Tvheadend HTSP Client: pvr.hts - demux pkt idx 5:4 type _ pts 608000.000000 len 1792
19:14:44 T:11272 DEBUG: AddOnLog: Tvheadend HTSP Client: pvr.hts - demux read idx :4 pts 608000.000000 len 1792
19:14:44 T:10844 DEBUG: AddOnLog: Tvheadend HTSP Client: pvr.hts - receive message [muxpkt]
19:14:44 T:10844 DEBUG: AddOnLog: Tvheadend HTSP Client: pvr.hts - demux pkt idx 4:3 type _ pts 551411.000000 len 576
19:14:44 T:11272 DEBUG: AddOnLog: Tvheadend HTSP Client: pvr.hts - demux read idx :3 pts 551411.000000 len 576
19:14:44 T:10844 DEBUG: AddOnLog: Tvheadend HTSP Client: pvr.hts - receive message [muxpkt]
19:14:44 T:10844 DEBUG: AddOnLog: Tvheadend HTSP Client: pvr.hts - demux pkt idx 4:3 type _ pts 575411.000000 len 576
19:14:44 T:11272 DEBUG: AddOnLog: Tvheadend HTSP Client: pvr.hts - demux read idx :3 pts 575411.000000 len 576
19:14:44 T:10844 DEBUG: AddOnLog: Tvheadend HTSP Client: pvr.hts - receive message [muxpkt]
19:14:44 T:10844 DEBUG: AddOnLog: Tvheadend HTSP Client: pvr.hts - demux pkt idx 4:3 type _ pts 599411.000000 len 576
19:14:44 T:11272 DEBUG: AddOnLog: Tvheadend HTSP Client: pvr.hts - demux read idx :3 pts 599411.000000 len 576
19:14:44 T:10844 DEBUG: AddOnLog: Tvheadend HTSP Client: pvr.hts - receive message [muxpkt]
19:14:44 T:10844 DEBUG: AddOnLog: Tvheadend HTSP Client: pvr.hts - demux pkt idx 4:3 type _ pts 623411.000000 len 576
19:14:44 T:11272 DEBUG: AddOnLog: Tvheadend HTSP Client: pvr.hts - demux read idx :3 pts 623411.000000 len 576
19:14:44 T:10844 DEBUG: AddOnLog: Tvheadend HTSP Client: pvr.hts - receive message [muxpkt]
19:14:44 T:10844 DEBUG: AddOnLog: Tvheadend HTSP Client: pvr.hts - demux pkt idx 4:3 type _ pts 647411.000000 len 576
19:14:44 T:11272 DEBUG: AddOnLog: Tvheadend HTSP Client: pvr.hts - demux read idx :3 pts 647411.000000 len 576
19:14:44 T:10844 DEBUG: AddOnLog: Tvheadend HTSP Client: pvr.hts - receive message [muxpkt]
19:14:44 T:10844 DEBUG: AddOnLog: Tvheadend HTSP Client: pvr.hts - demux pkt idx 2:1 type _ pts 547411.000000 len 768
